000
CXUS53 KBIS 010930
CF6BIS
PRELIMINARY LOCAL CLIMATOLOGICAL DATA (WS FORM: F-6)
STATION: BISMARCK ND
MONTH: JANUARY
YEAR: 2022
LATITUDE: 46 46 N
LONGITUDE: 100 45 W
TEMPERATURE IN F: :PCPN: SNOW: WIND :SUNSHINE: SKY :PK WND
================================================================================
1 2 3 4 5 6A 6B 7 8 9 10 11 12 13 14 15 16 17 18
12Z AVG MX 2MIN
DY MAX MIN AVG DEP HDD CDD WTR SNW DPTH SPD SPD DIR MIN PSBL S-S WX SPD DR
================================================================================
1 -5 -27 -16 -30 81 0 0.00 0.0 6 5.1 12 270 M M 0 16 290
2 23 -23 0 -13 65 0 0.00 0.0 6 2.6 10 240 M M 0 13 240
3 20 6 13 0 52 0 0.00 0.0 6 6.6 17 80 M M 1 21 90
4 8 1 5 -8 60 0 0.07 1.0 6 17.7 33 310 M M 8 189 47 310
5 1 -15 -7 -20 72 0 T T 6 19.2 35 310 M M 8 89 48 320
6 -11 -20 -15 -28 80 0 T T 6 8.0 17 320 M M 2 8 23 310
7 17 -18 0 -13 65 0 0.03 0.4 6 12.9 24 150 M M 5 1289 29 160
8 22 -1 11 -2 54 0 T T 6 14.4 30 320 M M 6 89 40 320
9 4 -14 -5 -18 70 0 0.00 0.0 6 3.7 14 270 M M 3 18 270
10 14 -7 4 -8 61 0 0.00 0.0 6 6.2 15 150 M M 3 18 170
11 42 4 23 11 42 0 0.00 0.0 5 11.3 32 310 M M 1 46 310
12 41 20 31 19 34 0 T 0.0 5 3.6 12 290 M M 2 17 290
13 36 18 27 15 38 0 T T 4 8.1 21 130 M M 6 1 25 130
14 27 14 21 9 44 0 0.06 0.9 4 9.9 21 110 M M 9 168 26 110
15 36 15 26 14 39 0 0.00 0.0 5 10.4 25 200 M M 4 34 180
16 39 18 29 17 36 0 0.00 0.0 5 10.4 29 320 M M 5 1 41 310
17 41 18 30 18 35 0 0.00 0.0 4 3.3 9 50 M M 3 1 11 60
18 41 -2 20 8 45 0 0.00 0.0 3 22.1 43 310 M M 4 9 60 320
19 1 -11 -5 -17 70 0 0.00 0.0 3 14.1 25 320 M M 0 39 310
20 15 -18 -1 -13 66 0 0.00 0.0 3 9.1 21 180 M M 0 28 170
21 39 12 26 14 39 0 0.07 0.7 3 15.4 33 320 M M 7 1 48 290
22 32 1 17 4 48 0 0.16 2.0 3 8.2 23 330 M M 8 16 31 330
23 40 2 21 8 44 0 0.14 0.5 6 8.7 22 310 M M 8 1 32 310
24 32 -4 14 1 51 0 0.01 0.2 6 8.2 21 350 M M 5 1 27 350
25 10 -9 1 -12 64 0 0.00 0.0 6 7.4 16 320 M M 0 20 200
26 39 10 25 12 40 0 T T 5 13.9 35 310 M M 4 44 310
27 33 11 22 9 43 0 0.01 0.5 5 8.8 24 340 M M 9 1 35 320
28 28 9 19 6 46 0 0.00 0.0 5 3.8 9 60 M M 2 10 60
29 36 6 21 8 44 0 0.00 0.0 5 7.2 22 330 M M 0 1 30 310
30 45 13 29 15 36 0 0.00 0.0 5 6.0 16 290 M M 4 18 20 280
31 39 17 28 14 37 0 0.11 T 5 8.0 41 290 M M 5 1 58 280
================================================================================
SM 785 26 1601 0 0.66 6.2 294.3 M 122
================================================================================
AV 25.3 0.8 9.5 FASTST M M 4 MAX(MPH)
MISC ----> 43 310 60 320
================================================================================
NOTES:
# LAST OF SEVERAL OCCURRENCES
COLUMN 17 PEAK WIND IN M.P.H.
PRELIMINARY LOCAL CLIMATOLOGICAL DATA (WS FORM: F-6) , PAGE 2
STATION: BISMARCK ND
MONTH: JANUARY
YEAR: 2022
LATITUDE: 46 46 N
LONGITUDE: 100 45 W
[TEMPERATURE DATA] [PRECIPITATION DATA] SYMBOLS USED IN COLUMN 16
AVERAGE MONTHLY: 13.1 TOTAL FOR MONTH: 0.66 1 = FOG OR MIST
DPTR FM NORMAL: 0.3 DPTR FM NORMAL: 0.18 2 = FOG REDUCING VISIBILITY
HIGHEST: 45 ON 30 GRTST 24HR 0.16 ON 20-21 TO 1/4 MILE OR LESS
LOWEST: -27 ON 1 3 = THUNDER
SNOW, ICE PELLETS, HAIL 4 = ICE PELLETS
TOTAL MONTH: 6.2 INCHES 5 = HAIL
GRTST 24HR 2.0 ON 22-22 6 = FREEZING RAIN OR DRIZZLE
GRTST DEPTH: 7 ON M 7 = DUSTSTORM OR SANDSTORM:
VSBY 1/2 MILE OR LESS
8 = SMOKE OR HAZE
[NO. OF DAYS WITH] [WEATHER - DAYS WITH] 9 = BLOWING SNOW
X = TORNADO
MAX 32 OR BELOW: 17 0.01 INCH OR MORE: 9
MAX 90 OR ABOVE: 0 0.10 INCH OR MORE: 3
MIN 32 OR BELOW: 31 0.50 INCH OR MORE: 0
MIN 0 OR BELOW: 13 1.00 INCH OR MORE: 0
[HDD (BASE 65) ]
TOTAL THIS MO. 1601 CLEAR (SCALE 0-3) 12
DPTR FM NORMAL -17 PTCLDY (SCALE 4-7) 17
TOTAL FM JUL 1 4460 CLOUDY (SCALE 8-10) 2
DPTR FM NORMAL -549
[CDD (BASE 65) ]
TOTAL THIS MO. 0
DPTR FM NORMAL 0 [PRESSURE DATA]
TOTAL FM JAN 1 0 HIGHEST SLP 30.82 ON 19
DPTR FM NORMAL 0 LOWEST SLP 29.42 ON 8
[REMARKS]
#FINAL-01-22#