000
CXUS53 KBIS 010830
CF6BIS
PRELIMINARY LOCAL CLIMATOLOGICAL DATA (WS FORM: F-6)
STATION: BISMARCK ND
MONTH: NOVEMBER
YEAR: 2020
LATITUDE: 46 46 N
LONGITUDE: 100 45 W
TEMPERATURE IN F: :PCPN: SNOW: WIND :SUNSHINE: SKY :PK WND
================================================================================
1 2 3 4 5 6A 6B 7 8 9 10 11 12 13 14 15 16 17 18
12Z AVG MX 2MIN
DY MAX MIN AVG DEP HDD CDD WTR SNW DPTH SPD SPD DIR MIN PSBL S-S WX SPD DR
================================================================================
1 51 22 37 0 28 0 0.00 0.0 0 6.7 17 180 M M 0 23 170
2 72 28 50 13 15 0 0.00 0.0 0 3.1 10 230 M M 0 14 250
3 76 31 54 18 11 0 0.00 0.0 0 7.1 26 280 M M 0 34 290
4 76 27 52 16 13 0 0.00 0.0 0 5.4 23 280 M M 0 33 270
5 77 31 54 19 11 0 0.00 0.0 0 5.4 18 210 M M 0 26 210
6 58 31 45 11 20 0 0.00 0.0 0 6.0 17 30 M M 0 18 26 40
7 44 31 38 4 27 0 0.00 0.0 0 8.6 15 70 M M 5 1 20 80
8 67 27 47 14 18 0 0.01 0.0 0 13.8 35 170 M M 3 1 45 140
9 31 22 27 -6 38 0 0.00 0.0 0 14.4 26 280 M M 1 37 260
10 42 12 27 -5 38 0 0.00 0.0 0 2.7 9 160 M M 0 10 160
11 41 19 30 -2 35 0 T T 0 13.6 31 280 M M 7 41 290
12 31 12 22 -9 43 0 T T 0 9.6 18 280 M M 3 26 270
13 47 11 29 -1 36 0 0.00 0.0 0 7.1 15 170 M M 0 19 180
14 51 20 36 6 29 0 0.00 0.0 0 13.7 31 310 M M 3 41 320
15 43 23 33 4 32 0 0.01 0.0 0 12.4 30 290 M M 4 6 43 290
16 40 17 29 0 36 0 0.02 0.0 0 9.8 20 330 M M 6 6 31 260
17 51 14 33 5 32 0 0.00 0.0 0 9.6 21 140 M M 3 25 150
18 60 27 44 16 21 0 0.00 0.0 0 4.5 13 80 M M 0 20 80
19 43 27 35 8 30 0 0.19 T 0 3.7 13 300 M M 5 14 18 320
20 32 20 26 -1 39 0 0.00 0.0 0 7.3 16 320 M M 6 22 320
21 49 16 33 7 32 0 T T 0 3.8 10 200 M M 2 14 180
22 41 21 31 5 34 0 0.00 0.0 0 7.6 16 290 M M 1 20 280
23 46 20 33 8 32 0 0.00 0.0 0 13.3 28 150 M M 0 36 150
24 30 14 22 -2 43 0 T T 0 9.4 22 320 M M 4 18 29 310
25 52 10 31 7 34 0 0.01 0.0 0 6.5 17 310 M M 0 1 25 310
26 47 24 36 12 29 0 T T 0 13.7 25 330 M M 5 37 330
27 52 15 34 11 31 0 0.00 0.0 0 4.9 15 270 M M 0 21 280
28 61 24 43 21 22 0 0.00 0.0 0 11.9 33 320 M M 0 48 310
29 37 8 23 1 42 0 T T 0 12.2 29 330 M M 2 42 320
30 48 9 29 7 36 0 0.00 0.0 0 5.7 12 140 M M 0 15 150
================================================================================
SM 1496 613 887 0 0.24 T 253.5 M 60
================================================================================
AV 49.9 20.4 8.4 FASTST M M 2 MAX(MPH)
MISC ----> # 35 170 # 48 310
================================================================================
NOTES:
# LAST OF SEVERAL OCCURRENCES
COLUMN 17 PEAK WIND IN M.P.H.
PRELIMINARY LOCAL CLIMATOLOGICAL DATA (WS FORM: F-6) , PAGE 2
STATION: BISMARCK ND
MONTH: NOVEMBER
YEAR: 2020
LATITUDE: 46 46 N
LONGITUDE: 100 45 W
[TEMPERATURE DATA] [PRECIPITATION DATA] SYMBOLS USED IN COLUMN 16
AVERAGE MONTHLY: 35.2 TOTAL FOR MONTH: 0.24 1 = FOG OR MIST
DPTR FM NORMAL: 5.9 DPTR FM NORMAL: -0.47 2 = FOG REDUCING VISIBILITY
HIGHEST: 77 ON 5 GRTST 24HR 0.19 ON 19-19 TO 1/4 MILE OR LESS
LOWEST: 8 ON 29 3 = THUNDER
SNOW, ICE PELLETS, HAIL 4 = ICE PELLETS
TOTAL MONTH: T 5 = HAIL
GRTST 24HR T ON 29-29 6 = FREEZING RAIN OR DRIZZLE
GRTST DEPTH: 0 7 = DUSTSTORM OR SANDSTORM:
VSBY 1/2 MILE OR LESS
8 = SMOKE OR HAZE
[NO. OF DAYS WITH] [WEATHER - DAYS WITH] 9 = BLOWING SNOW
X = TORNADO
MAX 32 OR BELOW: 4 0.01 INCH OR MORE: 5
MAX 90 OR ABOVE: 0 0.10 INCH OR MORE: 1
MIN 32 OR BELOW: 30 0.50 INCH OR MORE: 0
MIN 0 OR BELOW: 0 1.00 INCH OR MORE: 0
[HDD (BASE 65) ]
TOTAL THIS MO. 887 CLEAR (SCALE 0-3) 22
DPTR FM NORMAL -187 PTCLDY (SCALE 4-7) 8
TOTAL FM JUL 1 1814 CLOUDY (SCALE 8-10) 0
DPTR FM NORMAL -172
[CDD (BASE 65) ]
TOTAL THIS MO. 0
DPTR FM NORMAL 0 [PRESSURE DATA]
TOTAL FM JAN 1 793 HIGHEST SLP 30.55 ON 20
DPTR FM NORMAL 273 LOWEST SLP 29.27 ON 8
[REMARKS]
#FINAL-11-20#