000
CXUS56 KBOI 011002
CF6BKE
PRELIMINARY LOCAL CLIMATOLOGICAL DATA (WS FORM: F-6)
STATION: BAKER OR
MONTH: JUNE
YEAR: 2022
LATITUDE: 44 50 N
LONGITUDE: 117 49 W
TEMPERATURE IN F: :PCPN: SNOW: WIND :SUNSHINE: SKY :PK WND
================================================================================
1 2 3 4 5 6A 6B 7 8 9 10 11 12 13 14 15 16 17 18
12Z AVG MX 2MIN
DY MAX MIN AVG DEP HDD CDD WTR SNW DPTH SPD SPD DIR MIN PSBL S-S WX SPD DR
================================================================================
1 70 37 54 -4 11 0 0.00 M M 5.9 15 110 M M 2 19 110
2 78 47 63 5 2 0 0.21 M M 7.4 33 180 M M 5 1 45 190
3 71 51 61 3 4 0 0.08 M M 5.6 25 250 M M 5 3 39 240
4 65 48 57 -1 8 0 0.12 M M 5.8 13 120 M M 9 17 320
5 70 46 58 0 7 0 0.02 M M 8.8 26 270 M M 5 13 35 270
6 65 38 52 -6 13 0 0.00 M M 6.2 20 340 M M 4 1 27 330
7 72 36 54 -5 11 0 0.00 M M 4.7 15 130 M M 0 22 110
8 73 47 60 1 5 0 T M M 5.3 18 300 M M 7 3 26 290
9 81 46 64 5 1 0 0.00 0.0 0 4.8 16 130 M M 2 12 23 130
10 69 55 62 3 3 0 T 0.0 0 4.6 17 320 M M 4 1 23 320
11 65 51 58 -1 7 0 0.03 0.0 0 3.8 17 330 M M 8 12 25 350
12 65 42 54 -6 11 0 T M M 9.2 28 350 M M 7 1 38 340
13 56 37 47 -13 18 0 T M M 7.6 18 290 M M 6 25 290
14 59 35 47 -13 18 0 T M M 5.2 23 310 M M 5 36 310
15 70 32 51 -9 14 0 0.00 M M 7.4 22 110 M M 0 1 31 110
16 78 42 60 0 5 0 0.00 M M 6.5 22 340 M M 0 30 320
17 67 47 57 -4 8 0 T M M 6.3 18 330 M M 2 27 340
18 60 39 50 -11 15 0 0.01 M M 9.5 21 340 M M 5 28 340
19 63 33 48 -13 17 0 0.00 M M 11.8 25 330 M M 2 33 360
20 69 45 57 -4 8 0 0.01 M M 3.1 10 320 M M 3 16 250
21 79 38 59 -3 6 0 0.00 M M 3.0 13 130 M M 0 1 17 130
22 87 42 65 3 0 0 0.00 M M 4.5 16 330 M M 0 23 160
23 75 44 60 -2 5 0 T M M 9.2 21 350 M M 0 29 360
24 72 38 55 -7 10 0 0.00 M M 10.9 22 340 M M 0 32 320
25 82 34 58 -5 7 0 0.00 M M 2.9 9 320 M M 0 13 300
26 89 40 65 2 0 0 0.00 M M 3.8 12 110 M M 0 18 80
27 97 47 72 9 0 7 0.00 M M 4.4 16 160 M M 0 22 160
28 88 51 70 6 0 5 0.00 M M 10.4 28 340 M M 0 39 350
29 80 43 62 -2 3 0 0.00 M M 4.0 13 340 M M 0 17 340
30 83 39 61 -3 4 0 0.00 M M 5.0 17 320 M M 0 22 320
================================================================================
SM 2198 1270 221 12 0.48 0.0 187.6 M 81
================================================================================
AV 73.3 42.3 6.3 FASTST M M 3 MAX(MPH)
MISC ----> 33 180 45 190
================================================================================
NOTES:
# LAST OF SEVERAL OCCURRENCES
COLUMN 17 PEAK WIND IN M.P.H.
PRELIMINARY LOCAL CLIMATOLOGICAL DATA (WS FORM: F-6) , PAGE 2
STATION: BAKER OR
MONTH: JUNE
YEAR: 2022
LATITUDE: 44 50 N
LONGITUDE: 117 49 W
[TEMPERATURE DATA] [PRECIPITATION DATA] SYMBOLS USED IN COLUMN 16
AVERAGE MONTHLY: 57.8 TOTAL FOR MONTH: 0.48 1 = FOG OR MIST
DPTR FM NORMAL: -2.8 DPTR FM NORMAL: -0.62 2 = FOG REDUCING VISIBILITY
HIGHEST: 97 ON 27 GRTST 24HR 0.29 ON 2- 3 TO 1/4 MILE OR LESS
LOWEST: 32 ON 15 3 = THUNDER
SNOW, ICE PELLETS, HAIL 4 = ICE PELLETS
TOTAL MONTH: 0.0 INCH 5 = HAIL
GRTST 24HR 0.0 6 = FREEZING RAIN OR DRIZZLE
GRTST DEPTH: 0 7 = DUSTSTORM OR SANDSTORM:
VSBY 1/2 MILE OR LESS
8 = SMOKE OR HAZE
[NO. OF DAYS WITH] [WEATHER - DAYS WITH] 9 = BLOWING SNOW
X = TORNADO
MAX 32 OR BELOW: 0 0.01 INCH OR MORE: 7
MAX 90 OR ABOVE: 1 0.10 INCH OR MORE: 2
MIN 32 OR BELOW: 1 0.50 INCH OR MORE: 0
MIN 0 OR BELOW: 0 1.00 INCH OR MORE: 0
[HDD (BASE 65) ]
TOTAL THIS MO. 221 CLEAR (SCALE 0-3) 17
DPTR FM NORMAL 59 PTCLDY (SCALE 4-7) 12
TOTAL FM JUL 1 7718 CLOUDY (SCALE 8-10) 1
DPTR FM NORMAL 1062
[CDD (BASE 65) ]
TOTAL THIS MO. 12
DPTR FM NORMAL -17 [PRESSURE DATA]
TOTAL FM JAN 1 12 HIGHEST SLP 30.35 ON 21
DPTR FM NORMAL -22 LOWEST SLP 29.55 ON 12
[REMARKS]
#FINAL-06-22#