718
CXUS52 KTBW 020626
CF6BKV
PRELIMINARY LOCAL CLIMATOLOGICAL DATA (WS FORM: F-6)
STATION: Brooksville
MONTH: JULY
YEAR: 2020
LATITUDE: 28 28 N
LONGITUDE: 82 27 W
TEMPERATURE IN F: :PCPN: SNOW: WIND :SUNSHINE: SKY :PK WND
================================================================================
1 2 3 4 5 6A 6B 7 8 9 10 11 12 13 14 15 16 17 18
12Z AVG MX 2MIN
DY MAX MIN AVG DEP HDD CDD WTR SNW DPTH SPD SPD DIR MIN PSBL S-S WX SPD DR
================================================================================
1 93 75 84 4 0 19 T 0.0 0 6.8 20 290 M M 1 24 280
2 93 73 83 3 0 18 0.03 0.0 0 7.7 20 280 M M 1 13 27 270
3 90 73 82 2 0 17 0.09 0.0 0 7.1 22 280 M M 2 13 31 260
4 93 72 83 3 0 18 0.17 0.0 0 5.2 23 300 M M 2 138 31 290
5 89 73 81 1 0 16 0.89 0.0 0 6.2 35 180 M M 1 13 43 190
6 90 73 82 2 0 17 0.36 0.0 0 6.6 21 310 M M 3 138 27 310
7 88 73 81 1 0 16 0.10 0.0 0 6.9 18 250 M M 2 1 23 260
8 87 74 81 0 0 16 0.32 0.0 0 8.0 20 270 M M 2 13 24 300
9 90 76 83 2 0 18 T 0.0 0 9.7 22 290 M M 2 8 26 290
10 91 79 85 4 0 20 0.19 0.0 0 10.6 24 320 M M 3 1 34 290
11 89 76 83 2 0 18 T 0.0 0 7.0 18 280 M M 3 13 22 270
12 95 74 85 4 0 20 0.00 0.0 0 5.9 18 300 M M 1 18 24 300
13 93 70 82 1 0 17 0.04 0.0 0 6.2 29 270 M M 1 138 38 270
14 92 75 84 3 0 19 0.54 0.0 0 5.0 20 270 M M 2 138 25 260
15 92 71 82 1 0 17 0.42 0.0 0 4.7 25 220 M M 3 13 36 130
16 95 68 82 1 0 17 0.00 0.0 0 3.5 15 70 M M 1 13 20 90
17 94 73 84 3 0 19 0.25 0.0 0 5.0 24 30 M M 1 13 30 40
18 94 73 84 3 0 19 0.27 0.0 0 4.5 23 110 M M 1 138 33 100
19 94 74 84 3 0 19 T 0.0 0 5.8 15 210 M M 2 3 19 190
20 93 72 83 2 0 18 0.00 0.0 0 5.4 18 100 M M 1 25 100
21 92 74 83 2 0 18 T 0.0 0 6.0 28 130 M M 1 3 40 150
22 88 71 80 -1 0 15 0.59 0.0 0 6.2 37 130 M M 2 13 45 140
23 87 74 81 0 0 16 0.24 0.0 0 5.8 24 140 M M 2 13 33 150
24 92 71 82 1 0 17 0.15 0.0 0 5.5 21 110 M M 2 3 27 120
25 92 73 83 2 0 18 0.32 0.0 0 4.5 30 100 M M 1 3 38 110
26 93 73 83 2 0 18 0.97 0.0 0 6.2 37 250 M M 2 1238 46 240
27 90 72 81 0 0 16 1.18 0.0 0 5.9 18 270 M M 3 13 23 280
28 88 73 81 0 0 16 0.16 0.0 0 3.9 20 220 M M 2 13 25 220
29 90 73 82 1 0 17 0.44 0.0 0 3.5 16 60 M M 1 138 22 60
30 92 73 83 2 0 18 0.00 0.0 0 3.9 14 310 M M 0 17 290
31 93 73 83 2 0 18 0.00 0.0 0 3.5 15 330 M M 1 3 18 330
================================================================================
SM 2832 2267 0 545 7.72 0.0 182.7 M 52
================================================================================
AV 91.4 73.1 5.9 FASTST M M 2 MAX(MPH)
MISC ----> # 37 130 # 46 240
================================================================================
NOTES:
# LAST OF SEVERAL OCCURRENCES
COLUMN 17 PEAK WIND IN M.P.H.
PRELIMINARY LOCAL CLIMATOLOGICAL DATA (WS FORM: F-6) , PAGE 2
STATION: Brooksville
MONTH: JULY
YEAR: 2020
LATITUDE: 28 28 N
LONGITUDE: 82 27 W
[TEMPERATURE DATA] [PRECIPITATION DATA] SYMBOLS USED IN COLUMN 16
AVERAGE MONTHLY: 82.2 TOTAL FOR MONTH: 7.72 1 = FOG OR MIST
DPTR FM NORMAL: 1.5 DPTR FM NORMAL: -0.32 2 = FOG REDUCING VISIBILITY
HIGHEST: 95 ON 16,12 GRTST 24HR 1.18 ON 27-27 TO 1/4 MILE OR LESS
LOWEST: 68 ON 16 3 = THUNDER
SNOW, ICE PELLETS, HAIL 4 = ICE PELLETS
TOTAL MONTH: 0.0 INCH 5 = HAIL
GRTST 24HR 0.0 6 = FREEZING RAIN OR DRIZZLE
GRTST DEPTH: 0 7 = DUSTSTORM OR SANDSTORM:
VSBY 1/2 MILE OR LESS
8 = SMOKE OR HAZE
[NO. OF DAYS WITH] [WEATHER - DAYS WITH] 9 = BLOWING SNOW
X = TORNADO
MAX 32 OR BELOW: 0 0.01 INCH OR MORE: 21
MAX 90 OR ABOVE: 24 0.10 INCH OR MORE: 18
MIN 32 OR BELOW: 0 0.50 INCH OR MORE: 5
MIN 0 OR BELOW: 0 1.00 INCH OR MORE: 1
[HDD (BASE 65) ]
TOTAL THIS MO. 0 CLEAR (SCALE 0-3) 29
DPTR FM NORMAL 0 PTCLDY (SCALE 4-7) 2
TOTAL FM JUL 1 0 CLOUDY (SCALE 8-10) 0
DPTR FM NORMAL 0
[CDD (BASE 65) ]
TOTAL THIS MO. 545
DPTR FM NORMAL 60 [PRESSURE DATA]
TOTAL FM JAN 1 2127 HIGHEST SLP 30.14 ON 29
DPTR FM NORMAL 639 LOWEST SLP 29.86 ON 12
[REMARKS]
#FINAL-07-20#