000
CXUS51 KRNK 011233 CCA
CF6BLF
PRELIMINARY LOCAL CLIMATOLOGICAL DATA (WS FORM: F-6)
STATION: BLUEFIELD WV
MONTH: FEBRUARY
YEAR: 2023
LATITUDE: 37 17 N
LONGITUDE: 81 12 W
TEMPERATURE IN F: :PCPN: SNOW: WIND :SUNSHINE: SKY :PK WND
================================================================================
1 2 3 4 5 6A 6B 7 8 9 10 11 12 13 14 15 16 17 18
12Z AVG MX 2MIN
DY MAX MIN AVG DEP HDD CDD WTR SNW DPTH SPD SPD DIR MIN PSBL S-S WX SPD DR
================================================================================
1 32 26 29 -3 36 0 0.15 T 0 3.8 12 280 M M 10 1246 15 300
2 31 26 29 -4 36 0 0.11 2.1 2 6.3 14 280 M M 8 12 20 310
3 26 13 20 -13 45 0 T T T 12.4 22 290 M M 4 1 36 250
4 42 8 25 -8 40 0 0.00 0.0 0 5.3 15 230 M M 0 22 240
5 47 36 42 9 23 0 0.00 0.0 0 9.4 23 240 M M 1 32 250
6 47 32 40 7 25 0 0.00 0.0 0 8.3 17 300 M M 5 25 310
7 60 30 45 12 20 0 0.00 0.0 0 7.1 18 230 M M 0 24 170
8 58 44 51 17 14 0 T 0.0 0 5.5 13 270 M M 8 20 150
9 65 51 58 24 7 0 T 0.0 0 12.5 28 250 M M 3 41 280
10 53 35 44 10 21 0 0.00 0.0 0 9.1 21 240 M M 5 26 250
11 45 28 37 3 28 0 0.00 0.0 0 4.1 15 130 M M 1 23 150
12 40 30 35 1 30 0 1.71 2.2 2 6.9 18 140 M M 10 1246 29 120
13 50 25 38 4 27 0 0.00 0.0 T 9.2 17 270 M M 0 26 280
14 60 34 47 12 18 0 0.00 0.0 0 7.2 20 160 M M 0 30 150
15 65 46 56 21 9 0 0.04 0.0 0 9.9 26 240 M M 3 33 250
16 64 50 57 22 8 0 0.67 0.0 0 5.3 20 250 M M 8 13 29 230
17 55 21 38 3 27 0 0.76 T T 10.5 23 300 M M 10 1 35 290
18 45 18 32 -4 33 0 T T 0 5.6 21 290 M M 4 27 290
19 56 34 45 9 20 0 0.00 0.0 0 7.4 23 240 M M 0 29 240
20 49 43 46 10 19 0 0.37 0.0 0 11.8 20 270 M M 7 1 27 250
21 56 43 50 14 15 0 0.19 0.0 0 10.9 28 280 M M 5 1 43 240
22 75 42 59 23 6 0 0.00 0.0 0 8.1 23 250 M M 2 33 230
23 67 53 60 23 5 0 0.09 0.0 0 12.2 26 250 M M 5 1 38 260
24 59 39 49 12 16 0 0.02 0.0 0 7.8 20 300 M M 4 34 330
25 45 38 42 5 23 0 0.40 0.0 0 8.2 21 170 M M 8 1 35 160
26 56 38 47 10 18 0 0.00 0.0 0 7.5 17 270 M M 7 12 23 240
27 61 40 51 13 14 0 0.37 0.0 0 9.5 31 240 M M 8 1 45 250
28 62 47 55 17 10 0 T 0.0 0 11.4 28 280 M M 2 42 270
================================================================================
SM 1471 970 593 0 4.88 4.3 233.2 M 128
================================================================================
AV 52.5 34.6 8.3 FASTST M M 5 MAX(MPH)
MISC ----> 31 240 45 250
================================================================================
NOTES:
# LAST OF SEVERAL OCCURRENCES
COLUMN 17 PEAK WIND IN M.P.H.
PRELIMINARY LOCAL CLIMATOLOGICAL DATA (WS FORM: F-6) , PAGE 2
STATION: BLUEFIELD WV
MONTH: FEBRUARY
YEAR: 2023
LATITUDE: 37 17 N
LONGITUDE: 81 12 W
[TEMPERATURE DATA] [PRECIPITATION DATA] SYMBOLS USED IN COLUMN 16
AVERAGE MONTHLY: 43.6 TOTAL FOR MONTH: 4.88 1 = FOG OR MIST
DPTR FM NORMAL: 8.7 DPTR FM NORMAL: 1.98 2 = FOG REDUCING VISIBILITY
HIGHEST: 75 ON 22 GRTST 24HR 1.71 ON 12-12 TO 1/4 MILE OR LESS
LOWEST: 8 ON 4 3 = THUNDER
SNOW, ICE PELLETS, HAIL 4 = ICE PELLETS
TOTAL MONTH: 4.3 INCHES 5 = HAIL
GRTST 24HR 2.2 ON 12-12 6 = FREEZING RAIN OR DRIZZLE
GRTST DEPTH: 2 ON 12, 2 7 = DUSTSTORM OR SANDSTORM:
VSBY 1/2 MILE OR LESS
8 = SMOKE OR HAZE
[NO. OF DAYS WITH] [WEATHER - DAYS WITH] 9 = BLOWING SNOW
X = TORNADO
MAX 32 OR BELOW: 3 0.01 INCH OR MORE: 12
MAX 90 OR ABOVE: 0 0.10 INCH OR MORE: 9
MIN 32 OR BELOW: 11 0.50 INCH OR MORE: 3
MIN 0 OR BELOW: 0 1.00 INCH OR MORE: 1
[HDD (BASE 65) ]
TOTAL THIS MO. 593 CLEAR (SCALE 0-3) 11
DPTR FM NORMAL -248 PTCLDY (SCALE 4-7) 9
TOTAL FM JUL 1 3513 CLOUDY (SCALE 8-10) 8
DPTR FM NORMAL -394
[CDD (BASE 65) ]
TOTAL THIS MO. 0
DPTR FM NORMAL 0 [PRESSURE DATA]
TOTAL FM JAN 1 0 HIGHEST SLP M ON M
DPTR FM NORMAL 0 LOWEST SLP 29.43 ON 27
[REMARKS]
#FINAL-02-23#