000
CXUS51 KRNK 011904
CF6BLF
PRELIMINARY LOCAL CLIMATOLOGICAL DATA (WS FORM: F-6)
STATION: BLUEFIELD WV
MONTH: AUGUST
YEAR: 2020
LATITUDE: 37 17 N
LONGITUDE: 81 12 W
TEMPERATURE IN F: :PCPN: SNOW: WIND :SUNSHINE: SKY :PK WND
================================================================================
1 2 3 4 5 6A 6B 7 8 9 10 11 12 13 14 15 16 17 18
12Z AVG MX 2MIN
DY MAX MIN AVG DEP HDD CDD WTR SNW DPTH SPD SPD DIR MIN PSBL S-S WX SPD DR
================================================================================
1 83 63 73 0 0 8 0.04 0.0 0 5.7 16 240 M M 4 123 21 220
2 77 62 70 -3 0 5 0.00 0.0 0 8.9 26 240 M M 4 37 250
3 70 61 66 -7 0 1 0.29 0.0 0 3.3 9 170 M M 5 13 14 170
4 76 59 68 -5 0 3 0.05 0.0 0 5.9 16 300 M M 8 123 23 290
5 76 58 67 -6 0 2 0.31 0.0 0 2.2 9 330 M M 6 13 14 360
6 79 62 71 -2 0 6 0.05 0.0 0 2.6 8 150 M M 6 123 13 170
7 77 60 69 -4 0 4 0.00 0.0 0 3.0 9 270 M M 3 1 12 300
8 80 61 71 -2 0 6 0.00 0.0 0 2.4 9 280 M M 2 14 280
9 81 60 71 -2 0 6 0.00 0.0 0 2.1 10 250 M M 0 1 13 240
10 82 59 71 -2 0 6 0.00 0.0 0 2.4 10 240 M M 0 13 250
11 82 63 73 0 0 8 0.06 0.0 0 4.0 10 270 M M 5 13 14 70
12 81 64 73 0 0 8 0.34 0.0 0 1.8 12 170 M M 8 123 17 180
13 79 64 72 -1 0 7 0.11 0.0 0 2.3 10 50 M M 8 123 17 50
14 77 64 71 -2 0 6 0.38 0.0 0 2.6 9 140 M M 9 123 13 150
15 70 60 65 -8 0 0 0.67 0.0 0 3.3 8 90 M M 10 1 13 120
16 74 57 66 -6 0 1 0.04 0.0 0 3.5 10 320 M M 6 12 14 290
17 74 61 68 -4 0 3 0.32 0.0 0 6.6 13 290 M M 4 1 19 290
18 77 58 68 -4 0 3 T 0.0 0 4.8 10 290 M M 3 14 270
19 75 58 67 -5 0 2 0.11 0.0 0 3.1 12 310 M M 6 123 16 360
20 74 59 67 -5 0 2 0.00 0.0 0 4.0 12 140 M M 5 18 110
21 71 63 67 -5 0 2 0.07 0.0 0 2.0 7 160 M M 7 1 11 120
22 78 63 71 -1 0 6 0.05 0.0 0 3.8 10 240 M M 7 1 15 260
23 76 61 69 -3 0 4 0.03 0.0 0 3.1 14 260 M M 6 1 17 250
24 77 63 70 -2 0 5 0.03 0.0 0 5.4 13 260 M M 3 17 300
25 79 60 70 -2 0 5 0.21 0.0 0 6.8 24 10 M M 3 13 33 20
26 79 59 69 -3 0 4 0.00 0.0 0 6.0 10 260 M M 2 1 17 310
27 79 66 73 2 0 8 T 0.0 0 6.6 15 270 M M 2 21 270
28 81 67 74 3 0 9 0.29 0.0 0 3.9 13 160 M M 3 13 19 190
29 74 66 70 -1 0 5 0.34 0.0 0 8.0 16 260 M M 8 1 23 280
30 76 63 70 -1 0 5 0.00 0.0 0 4.0 12 270 M M 4 1 16 270
31 75 64 70 -1 0 5 0.31 0.0 0 4.9 12 170 M M 8 1 16 150
================================================================================
SM 2389 1908 0 145 4.10 0.0 129.0 M 155
================================================================================
AV 77.1 61.5 4.2 FASTST M M 5 MAX(MPH)
MISC ----> 26 240 37 250
================================================================================
NOTES:
# LAST OF SEVERAL OCCURRENCES
COLUMN 17 PEAK WIND IN M.P.H.
PRELIMINARY LOCAL CLIMATOLOGICAL DATA (WS FORM: F-6) , PAGE 2
STATION: BLUEFIELD WV
MONTH: AUGUST
YEAR: 2020
LATITUDE: 37 17 N
LONGITUDE: 81 12 W
[TEMPERATURE DATA] [PRECIPITATION DATA] SYMBOLS USED IN COLUMN 16
AVERAGE MONTHLY: 69.3 TOTAL FOR MONTH: 4.10 1 = FOG OR MIST
DPTR FM NORMAL: -3.0 DPTR FM NORMAL: 0.84 2 = FOG REDUCING VISIBILITY
HIGHEST: 83 ON 1 GRTST 24HR 0.81 ON 14-15 TO 1/4 MILE OR LESS
LOWEST: 57 ON 16 3 = THUNDER
SNOW, ICE PELLETS, HAIL 4 = ICE PELLETS
TOTAL MONTH: 0.0 INCH 5 = HAIL
GRTST 24HR 0.0 6 = FREEZING RAIN OR DRIZZLE
GRTST DEPTH: 0 7 = DUSTSTORM OR SANDSTORM:
VSBY 1/2 MILE OR LESS
8 = SMOKE OR HAZE
[NO. OF DAYS WITH] [WEATHER - DAYS WITH] 9 = BLOWING SNOW
X = TORNADO
MAX 32 OR BELOW: 0 0.01 INCH OR MORE: 21
MAX 90 OR ABOVE: 0 0.10 INCH OR MORE: 12
MIN 32 OR BELOW: 0 0.50 INCH OR MORE: 1
MIN 0 OR BELOW: 0 1.00 INCH OR MORE: 0
[HDD (BASE 65) ]
TOTAL THIS MO. 0 CLEAR (SCALE 0-3) 10
DPTR FM NORMAL -4 PTCLDY (SCALE 4-7) 14
TOTAL FM JUL 1 0 CLOUDY (SCALE 8-10) 7
DPTR FM NORMAL -2
[CDD (BASE 65) ]
TOTAL THIS MO. 145
DPTR FM NORMAL -84 [PRESSURE DATA]
TOTAL FM JAN 1 516 HIGHEST SLP M ON M
DPTR FM NORMAL -218 LOWEST SLP 29.69 ON 29
[REMARKS]
#FINAL-08-20#