000
CXUS55 KPSR 011005
CF6BLH
PRELIMINARY LOCAL CLIMATOLOGICAL DATA (WS FORM: F-6)
STATION: BLYTHE CA
MONTH: JUNE
YEAR: 2020
LATITUDE: 33 37 N
LONGITUDE: 114 43 W
TEMPERATURE IN F: :PCPN: SNOW: WIND :SUNSHINE: SKY :PK WND
================================================================================
1 2 3 4 5 6A 6B 7 8 9 10 11 12 13 14 15 16 17 18
12Z AVG MX 2MIN
DY MAX MIN AVG DEP HDD CDD WTR SNW DPTH SPD SPD DIR MIN PSBL S-S WX SPD DR
================================================================================
1 105 71 88 4 0 23 0.00 M M 8.2 18 180 M M 0 21 150
2 107 76 92 7 0 27 0.00 M M 6.0 15 240 M M 0 18 250
3 111 82 97 12 0 32 0.00 M M 6.0 15 230 M M 0 19 170
4 112 80 96 11 0 31 0.00 M M 9.1 21 180 M M 0 26 190
5 105 75 90 5 0 25 0.00 M M 14.1 25 230 M M 0 35 180
6 92 66 79 -7 0 14 0.00 M M 15.7 29 220 M M 0 34 240
7 96 61 79 -7 0 14 0.00 M M 8.4 23 360 M M 0 29 350
8 90 70 80 -6 0 15 0.00 M M 16.9 28 360 M M 0 8 34 340
9 95 62 79 -8 0 14 0.00 M M 7.6 13 50 M M 0 17 30
10 103 65 84 -3 0 19 0.00 M M 3.1 10 150 M M M 14 180
11 110 66 88 1 0 23 0.00 M M 6.1 20 160 M M M 27 200
12 109 71 90 3 0 25 0.00 M M 11.0 23 240 M M 0 28 230
13 101 72 87 -1 0 22 0.00 M M 11.1 25 230 M M M 30 220
14 101 66 84 -4 0 19 0.00 M M 7.2 17 170 M M M 23 140
15 104 68 86 -2 0 21 0.00 M M 8.5 20 190 M M 0 23 180
16 105 79 92 3 0 27 0.00 M M 13.8 22 230 M M 0 28 160
17 100 75 88 -1 0 23 0.00 M M 9.0 18 160 M M 0 24 140
18 103 72 88 -1 0 23 0.00 M M 6.2 16 180 M M 0 19 190
19 105 76 91 1 0 26 0.00 M M 7.0 16 260 M M 0 20 250
20 107 78 93 3 0 28 0.00 M M 9.0 16 170 M M 0 23 180
21 111 76 94 4 0 29 0.00 M M 8.8 23 180 M M 0 30 160
22 110 76 93 3 0 28 0.00 M M 8.8 17 170 M M 0 21 160
23 111 74 93 2 0 28 0.00 M M 9.3 21 170 M M 0 26 180
24 112 77 95 4 0 30 0.00 M M 8.3 18 170 M M 0 23 190
25 110 80 95 4 0 30 0.00 M M 9.9 18 240 M M 0 22 240
26 112 80 96 4 0 31 0.00 M M 9.4 24 160 M M 1 32 220
27 108 78 93 1 0 28 0.00 M M 12.3 20 190 M M 0 24 160
28 107 81 94 2 0 29 0.00 M M 20.0 32 230 M M 0 8 44 220
29 97 75 86 -6 0 21 0.00 M M 9.9 24 230 M M 0 32 260
30 101 67 84 -8 0 19 0.00 M M 5.8 16 180 M M 0 20 180
================================================================================
SM 3140 2195 0 724 0.00 M 286.5 M 1
================================================================================
AV104.7 73.2 9.6 FASTST M M 0 MAX(MPH)
MISC ----> 32 230 44 220
================================================================================
NOTES:
# LAST OF SEVERAL OCCURRENCES
COLUMN 17 PEAK WIND IN M.P.H.
PRELIMINARY LOCAL CLIMATOLOGICAL DATA (WS FORM: F-6) , PAGE 2
STATION: BLYTHE CA
MONTH: JUNE
YEAR: 2020
LATITUDE: 33 37 N
LONGITUDE: 114 43 W
[TEMPERATURE DATA] [PRECIPITATION DATA] SYMBOLS USED IN COLUMN 16
AVERAGE MONTHLY: 88.9 TOTAL FOR MONTH: 0.00 1 = FOG OR MIST
DPTR FM NORMAL: 0.5 DPTR FM NORMAL: -0.01 2 = FOG REDUCING VISIBILITY
HIGHEST: 112 ON 26,24 GRTST 24HR 0.00 ON 1- 1 TO 1/4 MILE OR LESS
LOWEST: 61 ON 7 3 = THUNDER
SNOW, ICE PELLETS, HAIL 4 = ICE PELLETS
TOTAL MONTH: M 5 = HAIL
GRTST 24HR M ON M 6 = FREEZING RAIN OR DRIZZLE
GRTST DEPTH: M ON M 7 = DUSTSTORM OR SANDSTORM:
VSBY 1/2 MILE OR LESS
8 = SMOKE OR HAZE
[NO. OF DAYS WITH] [WEATHER - DAYS WITH] 9 = BLOWING SNOW
X = TORNADO
MAX 32 OR BELOW: 0 0.01 INCH OR MORE: 0
MAX 90 OR ABOVE: 30 0.10 INCH OR MORE: 0
MIN 32 OR BELOW: 0 0.50 INCH OR MORE: 0
MIN 0 OR BELOW: 0 1.00 INCH OR MORE: 0
[HDD (BASE 65) ]
TOTAL THIS MO. 0 CLEAR (SCALE 0-3) 26
DPTR FM NORMAL 0 PTCLDY (SCALE 4-7) 0
TOTAL FM JUL 1 1046 CLOUDY (SCALE 8-10) 4
DPTR FM NORMAL -52
[CDD (BASE 65) ]
TOTAL THIS MO. 724
DPTR FM NORMAL 21 [PRESSURE DATA]
TOTAL FM JAN 1 1595 HIGHEST SLP M ON M
DPTR FM NORMAL 124 LOWEST SLP 29.48 ON 28
[REMARKS]
#FINAL-06-20#