000
CXUS53 KILX 010900
CF6BMI
PRELIMINARY LOCAL CLIMATOLOGICAL DATA (WS FORM: F-6)
STATION: BLOOMINGTON IL AIRPORT
MONTH: AUGUST
YEAR: 2022
LATITUDE: 40 28 N
LONGITUDE: 88 56 W
TEMPERATURE IN F: :PCPN: SNOW: WIND :SUNSHINE: SKY :PK WND
================================================================================
1 2 3 4 5 6A 6B 7 8 9 10 11 12 13 14 15 16 17 18
12Z AVG MX 2MIN
DY MAX MIN AVG DEP HDD CDD WTR SNW DPTH SPD SPD DIR MIN PSBL S-S WX SPD DR
================================================================================
1 87 67 77 M 0 12 0.46 M M 10.2 18 300 M M 3 13 40 300
2 79 66 73 M 0 8 0.08 M M 8.8 21 150 M M 2 24 290
3 90 71 81 M 0 16 0.24 M M 11.2 25 290 M M 2 3 36 290
4 85 69 77 M 0 12 0.23 M M 6.4 15 220 M M 6 1 21 220
5 86 71 79 M 0 14 0.00 M M 6.0 12 160 M M 6 12 M M
6 89 70 80 M 0 15 0.00 M M 9.0 14 170 M M 3 12 M M
7 86 74 80 M 0 15 T M M 9.3 14 190 M M 3 M M
8 86 66 76 M 0 11 0.01 M M 10.6 15 330 M M 7 1 M M
9 79 60 70 M 0 5 0.00 0.0 0 8.8 15 50 M M 5 M M
10 82 56 69 M 0 4 0.00 M M 6.1 14 20 M M 0 M M
11 83 57 70 M 0 5 0.00 M M 8.5 16 40 M M 1 17 40
12 78 53 66 M 0 1 0.00 M M 6.6 12 70 M M 0 M M
13 80 59 70 M 0 5 0.01 M M 10.4 18 200 M M 1 23 200
14 79 66 73 M 0 8 T M M 11.7 18 350 M M 8 1 24 350
15 80 60 70 M 0 5 0.00 M M 8.9 13 40 M M 6 17 360
16 83 59 71 M 0 6 0.00 M M 7.2 12 80 M M 2 M M
17 83 57 70 M 0 5 0.00 M M 7.3 13 30 M M 2 17 30
18 83 59 71 M 0 6 0.00 M M 5.0 12 220 M M 1 M M
19 84 61 73 M 0 8 0.04 M M 9.5 18 180 M M 3 22 180
20 82 64 73 M 0 8 1.38 M M 9.7 16 350 M M 7 13 23 350
21 80 64 72 M 0 7 0.00 M M 7.8 12 340 M M 7 1 M M
22 81 61 71 M 0 6 0.00 M M 5.4 9 360 M M 3 12 M M
23 80 61 71 M 0 6 0.00 M M 2.1 7 70 M M 4 8 M M
24 82 60 71 M 0 6 0.00 M M 3.5 7 150 M M 2 M M
25 85 61 73 M 0 8 0.32 M M 7.9 16 220 M M 5 21 220
26 80 62 71 M 0 6 0.00 M M 6.6 14 30 M M 3 128 M M
27 83 58 71 M 0 6 0.00 M M 6.5 10 150 M M 1 M M
28 88 68 78 M 0 13 0.05 M M 12.1 18 230 M M 3 25 200
29 87 68 78 M 0 13 0.14 M M 11.1 18 230 M M 5 3 25 240
30 81 64 73 M 0 8 T M M 10.8 18 310 M M 1 27 300
31 83 58 71 M 0 6 0.00 M M 7.0 12 300 M M 0 M M
================================================================================
SM 2574 1950 0 254 2.96 0.0 252.0 M 102
================================================================================
AV 83.0 62.9 8.1 FASTST M M 3 MAX(MPH)
MISC ----> 25 290 40 300
================================================================================
NOTES:
# LAST OF SEVERAL OCCURRENCES
COLUMN 17 PEAK WIND IN M.P.H.
PRELIMINARY LOCAL CLIMATOLOGICAL DATA (WS FORM: F-6) , PAGE 2
STATION: BLOOMINGTON IL AIRPORT
MONTH: AUGUST
YEAR: 2022
LATITUDE: 40 28 N
LONGITUDE: 88 56 W
[TEMPERATURE DATA] [PRECIPITATION DATA] SYMBOLS USED IN COLUMN 16
AVERAGE MONTHLY: 73.0 TOTAL FOR MONTH: 2.96 1 = FOG OR MIST
DPTR FM NORMAL: 0.0 DPTR FM NORMAL: M 2 = FOG REDUCING VISIBILITY
HIGHEST: 90 ON 3 GRTST 24HR 1.38 ON 20-20 TO 1/4 MILE OR LESS
LOWEST: 53 ON 12 3 = THUNDER
SNOW, ICE PELLETS, HAIL 4 = ICE PELLETS
TOTAL MONTH: 0.0 INCH 5 = HAIL
GRTST 24HR 0.0 6 = FREEZING RAIN OR DRIZZLE
GRTST DEPTH: 0 7 = DUSTSTORM OR SANDSTORM:
VSBY 1/2 MILE OR LESS
8 = SMOKE OR HAZE
[NO. OF DAYS WITH] [WEATHER - DAYS WITH] 9 = BLOWING SNOW
X = TORNADO
MAX 32 OR BELOW: 0 0.01 INCH OR MORE: 11
MAX 90 OR ABOVE: 1 0.10 INCH OR MORE: 6
MIN 32 OR BELOW: 0 0.50 INCH OR MORE: 1
MIN 0 OR BELOW: 0 1.00 INCH OR MORE: 1
[HDD (BASE 65) ]
TOTAL THIS MO. 0 CLEAR (SCALE 0-3) 18
DPTR FM NORMAL M PTCLDY (SCALE 4-7) 13
TOTAL FM JUL 1 0 CLOUDY (SCALE 8-10) 0
DPTR FM NORMAL M
[CDD (BASE 65) ]
TOTAL THIS MO. 254
DPTR FM NORMAL M [PRESSURE DATA]
TOTAL FM JAN 1 953 HIGHEST SLP M ON M
DPTR FM NORMAL M LOWEST SLP M ON M
[REMARKS]
#FINAL-08-22#