000
CXUS55 KOHX 011210
CF6BNA
PRELIMINARY LOCAL CLIMATOLOGICAL DATA (WS FORM: F-6)
STATION: NASHVILLE
MONTH: JANUARY
YEAR: 2024
LATITUDE: 36 7 N
LONGITUDE: 86 41 W
TEMPERATURE IN F: :PCPN: SNOW: WIND :SUNSHINE: SKY :PK WND
================================================================================
1 2 3 4 5 6A 6B 7 8 9 10 11 12 13 14 15 16 17 18
12Z AVG MX 2MIN
DY MAX MIN AVG DEP HDD CDD WTR SNW DPTH SPD SPD DIR MIN PSBL S-S WX SPD DR
================================================================================
1 40 34 37 -3 28 0 0.00 0.0 0 7.4 14 340 M M 10 30 300
2 47 30 39 -1 26 0 0.00 0.0 0 2.2 8 260 M M 7 14 290
3 41 25 33 -7 32 0 0.00 0.0 0 1.8 7 310 M M 7 11 320
4 45 31 38 -2 27 0 0.00 0.0 0 8.5 17 10 M M 6 33 350
5 51 24 38 -2 27 0 T 0.0 0 5.6 13 140 M M 8 17 150
6 46 40 43 3 22 0 0.50 0.0 0 5.0 13 240 M M 10 18 33 280
7 49 31 40 0 25 0 T 0.0 0 5.0 14 300 M M 7 8 22 230
8 54 27 41 1 24 0 0.45 0.0 0 9.6 35 160 M M 6 53 160
9 52 37 45 5 20 0 0.61 T 0 16.1 36 160 M M 10 52 160
10 47 36 42 3 23 0 0.00 0.0 0 9.7 20 190 M M 6 35 260
11 59 36 48 9 17 0 0.00 0.0 0 7.9 20 190 M M 0 28 180
12 57 32 45 6 20 0 1.10 0.0 0 16.6 28 170 M M 8 13 40 150
13 44 29 37 -2 28 0 0.00 0.0 0 8.8 23 250 M M 6 34 270
14 37 16 27 -12 38 0 0.17 1.3 1 8.4 17 350 M M 8 128 25 250
15 17 12 15 -24 50 0 0.55 6.3 5 8.9 13 350 M M 10 19 29 320
16 19 7 13 -26 52 0 0.00 0.0 6 7.0 14 340 M M 5 31 270
17 27 -1 13 -26 52 0 0.00 0.0 5 7.5 15 200 M M 0 1 21 200
18 34 15 25 -14 40 0 0.12 0.0 5 4.4 15 180 M M 7 18 20 180
19 34 13 24 -15 41 0 T T 3 10.6 22 340 M M 7 1 33 320
20 17 7 12 -27 53 0 0.00 0.0 2 7.8 14 10 M M 2 27 100
21 32 4 18 -21 47 0 0.00 0.0 2 3.4 15 70 M M 2 18 70
22 48 17 33 -6 32 0 0.00 0.0 2 7.1 22 190 M M 5 30 180
23 57 43 50 11 15 0 T 0.0 0 9.1 14 180 M M 10 20 160
24 61 53 57 17 8 0 0.69 0.0 0 9.9 20 170 M M 10 18 30 170
25 63 57 60 20 5 0 0.73 0.0 0 4.6 18 80 M M 10 12 24 240
26 65 49 57 17 8 0 0.00 0.0 0 4.4 12 360 M M 8 1 18 300
27 62 42 52 12 13 0 0.45 0.0 0 9.2 18 290 M M 10 13 33 250
28 43 38 41 1 24 0 0.02 0.0 0 12.3 18 330 M M 10 18 31 300
29 39 32 36 -4 29 0 T 0.0 0 5.0 13 340 M M 10 1 19 310
30 60 27 44 4 21 0 0.01 0.0 0 8.0 18 340 M M 5 1 28 330
31 49 32 41 1 24 0 0.00 0.0 0 5.5 16 360 M M 5 27 360
================================================================================
SM 1396 875 871 0 5.40 7.6 237.3 M 215
================================================================================
AV 45.0 28.2 7.7 FASTST M M 7 MAX(MPH)
MISC ----> 36 160 53 160
================================================================================
NOTES:
# LAST OF SEVERAL OCCURRENCES
COLUMN 17 PEAK WIND IN M.P.H.
PRELIMINARY LOCAL CLIMATOLOGICAL DATA (WS FORM: F-6) , PAGE 2
STATION: NASHVILLE
MONTH: JANUARY
YEAR: 2024
LATITUDE: 36 7 N
LONGITUDE: 86 41 W
[TEMPERATURE DATA] [PRECIPITATION DATA] SYMBOLS USED IN COLUMN 16
AVERAGE MONTHLY: 36.6 TOTAL FOR MONTH: 5.40 1 = FOG OR MIST
DPTR FM NORMAL: -3.0 DPTR FM NORMAL: 1.38 2 = FOG REDUCING VISIBILITY
HIGHEST: 65 ON 26 GRTST 24HR 2.41 ON 8- 9 TO 1/4 MILE OR LESS
LOWEST: -1 ON 17 3 = THUNDER
SNOW, ICE PELLETS, HAIL 4 = ICE PELLETS
TOTAL MONTH: 7.6 INCHES 5 = HAIL
GRTST 24HR 6.3 ON 15-15 6 = FREEZING RAIN OR DRIZZLE
GRTST DEPTH: 6 ON 16 7 = DUSTSTORM OR SANDSTORM:
VSBY 1/2 MILE OR LESS
8 = SMOKE OR HAZE
[NO. OF DAYS WITH] [WEATHER - DAYS WITH] 9 = BLOWING SNOW
X = TORNADO
MAX 32 OR BELOW: 5 0.01 INCH OR MORE: 12
MAX 90 OR ABOVE: 0 0.10 INCH OR MORE: 10
MIN 32 OR BELOW: 20 0.50 INCH OR MORE: 6
MIN 0 OR BELOW: 1 1.00 INCH OR MORE: 1
[HDD (BASE 65) ]
TOTAL THIS MO. 871 CLEAR (SCALE 0-3) 4
DPTR FM NORMAL 83 PTCLDY (SCALE 4-7) 17
TOTAL FM JUL 1 1935 CLOUDY (SCALE 8-10) 10
DPTR FM NORMAL -173
[CDD (BASE 65) ]
TOTAL THIS MO. 0
DPTR FM NORMAL 0 [PRESSURE DATA]
TOTAL FM JAN 1 0 HIGHEST SLP 30.74 ON 21
DPTR FM NORMAL 0 LOWEST SLP 29.22 ON 9
[REMARKS]
#FINAL-01-24#