000
CXUS54 KOHX 011528
CLMBNA
CLIMATE REPORT
NATIONAL WEATHER SERVICE NASHVILLE, TN
1028 AM CDT THU JUN 01 2023
...................................
...THE NASHVILLE CLIMATE SUMMARY FOR THE MONTH OF MAY 2023...
CLIMATE NORMAL PERIOD: 1991 TO 2020
CLIMATE RECORD PERIOD: 1871 TO 2023
WEATHER OBSERVED NORMAL DEPART LAST YEAR`S
VALUE DATE(S) VALUE FROM VALUE
NORMAL
..............................................................
TEMPERATURE (F)
RECORD
HIGH 96 05/31/1937
05/28/1911
LOW 34 05/04/1976
05/02/1963
05/01/1963
HIGHEST 90 05/15
LOWEST 42 05/04
AVG. MAXIMUM 80.5 80.4 0.1
AVG. MINIMUM 59.5 58.3 1.2
MEAN 70.0 69.3 0.7 72.1
DAYS MAX >= 90 1
DAYS MAX <= 32 0
DAYS MIN <= 32 0
DAYS MIN <= 0 0
PRECIPITATION (INCHES)
RECORD
MAXIMUM 16.43 2010
MINIMUM 0.83 1951
TOTALS 4.51 5.02 -0.51
DAYS >= .01 10
DAYS >= .10 5
DAYS >= .50 3
DAYS >= 1.00 1
GREATEST
24 HR. TOTAL 2.30 05/07 TO 05/08
SNOWFALL (INCHES)
TOTALS 0.0 0.0 0.0
SINCE 7/1 1.2 -3.5
DAYS >= TRACE 0
DAYS >= 1.0 0
DEGREE DAYS
HEATING TOTAL 30 42 -12
SINCE 7/1 2762 3363 -601
COOLING TOTAL 192 177 15
SINCE 1/1 244 241 3
..............................................................
WIND (MPH)
AVERAGE WIND SPEED 6.5
HIGHEST GUST SPEED/DIRECTION 57/030 DATE 05/07
SKY COVER
POSSIBLE SUNSHINE (PERCENT) MM
AVERAGE SKY COVER 0.56
NUMBER OF DAYS FAIR 6
NUMBER OF DAYS PC 19
NUMBER OF DAYS CLOUDY 6
AVERAGE RH (PERCENT) 65
WEATHER CONDITIONS. NUMBER OF DAYS WITH
THUNDERSTORM 5 MIXED PRECIP 0
HEAVY RAIN 5 RAIN 5
LIGHT RAIN 10 FREEZING RAIN 0
LT FREEZING RAIN 0 HAIL 0
HEAVY SNOW 0 SNOW 0
LIGHT SNOW 0 SLEET 0
FOG 9 FOG W/VIS <= 1/4 MILE 0
HAZE 3
- INDICATES NEGATIVE NUMBERS.
R INDICATES RECORD WAS SET OR TIED.
MM INDICATES DATA IS MISSING.
T INDICATES TRACE AMOUNT.
$$