000
CXUS56 KBOI 011721
CLMBNO
CLIMATE REPORT
NATIONAL WEATHER SERVICE BOISE ID
1121 AM MDT WED NOV 01 2023
...................................
...THE BURNS OR CLIMATE SUMMARY FOR THE MONTH OF OCTOBER 2023...
CLIMATE NORMAL PERIOD 1991 TO 2020
CLIMATE RECORD PERIOD 1938 TO 2023
WEATHER OBSERVED NORMAL DEPART
VALUE DATE(S) VALUE FROM
NORMAL
................................................
TEMPERATURE (F)
HIGHEST 83 10/08
LOWEST 4 10/29
AVG. MAXIMUM 65.0 63.1 1.9
AVG. MINIMUM 28.8 28.0 0.8
MEAN 46.9 45.6 1.3
DAYS MAX >= 90 0
DAYS MAX <= 32 0
DAYS MIN <= 32 17
DAYS MIN <= 0 0
PRECIPITATION (INCHES)
RECORD
MAXIMUM 2.51 1940
TOTALS 0.54 0.77 -0.23
DAYS >= .01 6
DAYS >= .10 2
DAYS >= .50 0
DAYS >= 1.00 0
GREATEST
24 HR. TOTAL 0.44 10/02 TO 10/03
DEGREE DAYS
HEATING TOTAL 556 603 -47
SINCE 7/1 835 926 -91
COOLING TOTAL 0 0 0
SINCE 1/1 352 302 50
................................................
WIND (MPH)
AVERAGE WIND SPEED 5.7
HIGHEST WIND SPEED/DIRECTION 35/200 DATE 10/09
HIGHEST GUST SPEED/DIRECTION 50/240 DATE 10/09
AVERAGE RH (PERCENT) 58
- INDICATES NEGATIVE NUMBERS.
R INDICATES RECORD WAS SET OR TIED.
MM INDICATES DATA IS MISSING.
T INDICATES TRACE AMOUNT.
$$