000
CXUS56 KBOI 011726
CLMBNO
CLIMATE REPORT
NATIONAL WEATHER SERVICE BOISE ID
1126 AM MDT SAT JUL 01 2023
...................................
...THE BURNS OR CLIMATE SUMMARY FOR THE MONTH OF JUNE 2023...
CLIMATE NORMAL PERIOD 1991 TO 2020
CLIMATE RECORD PERIOD 1938 TO 2023
WEATHER OBSERVED NORMAL DEPART
VALUE DATE(S) VALUE FROM
NORMAL
................................................
TEMPERATURE (F)
HIGHEST 91 06/30
LOWEST 25 06/21
AVG. MAXIMUM 75.9 76.7 -0.8
AVG. MINIMUM 45.0 42.6 2.4
MEAN 60.4 59.7 0.7
DAYS MAX >= 90 1
DAYS MAX <= 32 0
DAYS MIN <= 32 2
DAYS MIN <= 0 0
PRECIPITATION (INCHES)
RECORD
MAXIMUM 3.20 1947
TOTALS 1.25 0.73 0.52
DAYS >= .01 8
DAYS >= .10 4
DAYS >= .50 1
DAYS >= 1.00 0
GREATEST
24 HR. TOTAL 0.66 06/08 TO 06/09
DEGREE DAYS
HEATING TOTAL 141 190 -49
SINCE 7/1 8008 7214 794
COOLING TOTAL 19 30 -11
SINCE 1/1 29 34 -5
................................................
WIND (MPH)
AVERAGE WIND SPEED 6.2
HIGHEST WIND SPEED/DIRECTION 32/210 DATE 06/24
HIGHEST GUST SPEED/DIRECTION 46/220 DATE 06/24
AVERAGE RH (PERCENT) 56
- INDICATES NEGATIVE NUMBERS.
R INDICATES RECORD WAS SET OR TIED.
MM INDICATES DATA IS MISSING.
T INDICATES TRACE AMOUNT.
$$