388
CDUS41 KBOX 142142
CLIBOS


CLIMATE REPORT
NATIONAL WEATHER SERVICE BOSTON/NORTON MA
542 PM EDT SAT APR 14 2018


...................................

...THE BOSTON MA CLIMATE SUMMARY FOR APRIL 14 2018...
VALID TODAY AS OF 0500 PM LOCAL TIME.

CLIMATE NORMAL PERIOD 1981 TO 2010
CLIMATE RECORD PERIOD 1872 TO 2018


WEATHER ITEM   OBSERVED TIME   RECORD YEAR NORMAL DEPARTURE LAST
                VALUE   (LST)  VALUE       VALUE  FROM      YEAR
                                                  NORMAL
..................................................................
TEMPERATURE (F)
 TODAY
  MAXIMUM         52    851 AM  81    1945  55     -3       60
  MINIMUM         43    359 PM  26    1940  40      3       44
  AVERAGE         48                        48      0       52

PRECIPITATION (IN)
  TODAY            0.00          1.63 1895   0.13  -0.13     0.00
  MONTH TO DATE    1.06                      1.92  -0.86     3.62
  SINCE MAR 1      6.13                      6.24  -0.11     7.80
  SINCE JAN 1     14.82                     12.85   1.97    15.27

SNOWFALL (IN)
  TODAY            0.0           0.7  1916   0.0    0.0      0.0
  MONTH TO DATE    1.3                       1.4   -0.1      1.2
  SINCE MAR 1     24.6                       9.2   15.4     11.3
  SINCE JUL 1     59.9                      43.3   16.6     47.6
  SNOW DEPTH      MM

DEGREE DAYS
 HEATING
  TODAY           17                        17      0       13
  MONTH TO DATE  321                       276     45      229
  SINCE MAR 1   1174                      1105     69     1180
  SINCE JUL 1   4926                      5147   -221     4719

 COOLING
  TODAY            0                         0      0        0
  MONTH TO DATE    0                         0      0        3
  SINCE MAR 1      0                         0      0        3
  SINCE JAN 1      0                         0      0        3
..................................................................


WIND (MPH)
  HIGHEST WIND SPEED    22   HIGHEST WIND DIRECTION     E (70)
  HIGHEST GUST SPEED    26   HIGHEST GUST DIRECTION    NE (60)
  AVERAGE WIND SPEED    10.2


SKY COVER
  POSSIBLE SUNSHINE  MM
  AVERAGE SKY COVER 0.7


WEATHER CONDITIONS
 THE FOLLOWING WEATHER WAS RECORDED TODAY.
  NO SIGNIFICANT WEATHER WAS OBSERVED.


RELATIVE HUMIDITY (PERCENT)
 HIGHEST    92          1200 AM
 LOWEST     70           300 PM
 AVERAGE    81

..........................................................


THE BOSTON MA CLIMATE NORMALS FOR TOMORROW
                         NORMAL    RECORD    YEAR
 MAXIMUM TEMPERATURE (F)   55        82      1896
 MINIMUM TEMPERATURE (F)   41        28      1943


SUNRISE AND SUNSET
APRIL 14 2018.........SUNRISE   605 AM EDT   SUNSET   725 PM EDT
APRIL 15 2018.........SUNRISE   603 AM EDT   SUNSET   726 PM EDT


-  INDICATES NEGATIVE NUMBERS.
R  INDICATES RECORD WAS SET OR TIED.
MM INDICATES DATA IS MISSING.
T  INDICATES TRACE AMOUNT.




$$
