000
CXUS55 KRIW 011010
CF6BPI
PRELIMINARY LOCAL CLIMATOLOGICAL DATA (WS FORM: F-6)
STATION: BIG PINEY WY
MONTH: APRIL
YEAR: 2021
LATITUDE: 42 34 N
LONGITUDE: 110 6 W
TEMPERATURE IN F: :PCPN: SNOW: WIND :SUNSHINE: SKY :PK WND
================================================================================
1 2 3 4 5 6A 6B 7 8 9 10 11 12 13 14 15 16 17 18
12Z AVG MX 2MIN
DY MAX MIN AVG DEP HDD CDD WTR SNW DPTH SPD SPD DIR MIN PSBL S-S WX SPD DR
================================================================================
1 58 9 34 1 31 0 0.00 M M 4.5 15 190 M M 0 19 180
2 64 13 39 5 26 0 0.00 M M 5.7 18 270 M M 0 24 270
3 68 17 43 9 22 0 0.00 M M 5.7 22 280 M M 0 33 340
4 70 26 48 14 17 0 0.00 M M 7.9 26 260 M M 0 37 250
5 63 19 41 7 24 0 T M M 9.8 28 240 M M 2 41 260
6 44 27 36 1 29 0 0.22 M M 12.0 24 340 M M 7 12 32 350
7 53 25 39 4 26 0 0.00 M M 8.6 17 330 M M 2 28 330
8 53 19 36 1 29 0 0.00 M M 13.3 39 280 M M 2 56 280
9 50 15 33 -3 32 0 0.00 M M 11.5 20 340 M M 0 27 10
10 56 12 34 -2 31 0 0.00 M M 12.7 30 310 M M 0 42 260
11 47 17 32 -4 33 0 0.00 M M 12.3 25 330 M M 0 37 340
12 40 9 25 -11 40 0 0.00 M M 7.8 20 210 M M 3 26 210
13 41 14 28 -8 37 0 0.00 M M 9.0 23 170 M M 2 31 170
14 30 22 26 -11 39 0 0.02 M M 4.6 15 200 M M 10 18 18 200
15 37 22 30 -7 35 0 0.20 M M 5.4 16 150 M M 10 128 23 180
16 36 19 28 -9 37 0 T M M 4.4 13 170 M M 9 1 16 170
17 47 17 32 -6 33 0 0.00 M M 3.7 14 290 M M 2 22 300
18 56 21 39 1 26 0 0.00 M M 7.9 24 320 M M 1 34 350
19 52 15 34 -4 31 0 0.03 M M 11.3 29 330 M M 4 123 36 340
20 35 14 25 -13 40 0 T M M 7.4 16 160 M M 6 18 22 160
21 44 13 29 -9 36 0 0.00 M M 4.3 10 180 M M 0 16 180
22 55 15 35 -4 30 0 0.00 M M 8.0 24 310 M M 1 32 340
23 54 20 37 -2 28 0 0.00 M M 8.3 25 330 M M 3 8 33 320
24 58 16 37 -2 28 0 0.00 M M 11.1 29 280 M M 2 39 260
25 52 30 41 1 24 0 T M M 9.3 28 290 M M 10 39 300
26 47 33 40 0 25 0 0.14 M M 10.3 30 230 M M 8 1 36 240
27 49 30 40 0 25 0 T M M 6.8 24 20 M M 6 33 30
28 60 23 42 2 23 0 0.00 M M 10.8 23 340 M M 0 36 340
29 67 28 48 7 17 0 0.00 M M 10.3 25 360 M M 0 33 340
30 76 29 53 12 12 0 0.00 M M 6.6 20 290 M M 0 28 330
================================================================================
SM 1562 589 866 0 0.61 M 251.3 M 90
================================================================================
AV 52.1 19.6 8.4 FASTST M M 3 MAX(MPH)
MISC ----> 39 280 56 280
================================================================================
NOTES:
# LAST OF SEVERAL OCCURRENCES
COLUMN 17 PEAK WIND IN M.P.H.
PRELIMINARY LOCAL CLIMATOLOGICAL DATA (WS FORM: F-6) , PAGE 2
STATION: BIG PINEY WY
MONTH: APRIL
YEAR: 2021
LATITUDE: 42 34 N
LONGITUDE: 110 6 W
[TEMPERATURE DATA] [PRECIPITATION DATA] SYMBOLS USED IN COLUMN 16
AVERAGE MONTHLY: 35.9 TOTAL FOR MONTH: 0.61 1 = FOG OR MIST
DPTR FM NORMAL: -1.2 DPTR FM NORMAL: 0.08 2 = FOG REDUCING VISIBILITY
HIGHEST: 76 ON 30 GRTST 24HR 0.22 ON 5- 6 TO 1/4 MILE OR LESS
LOWEST: 9 ON 12, 1 3 = THUNDER
SNOW, ICE PELLETS, HAIL 4 = ICE PELLETS
TOTAL MONTH: M 5 = HAIL
GRTST 24HR M ON M 6 = FREEZING RAIN OR DRIZZLE
GRTST DEPTH: M ON M 7 = DUSTSTORM OR SANDSTORM:
VSBY 1/2 MILE OR LESS
8 = SMOKE OR HAZE
[NO. OF DAYS WITH] [WEATHER - DAYS WITH] 9 = BLOWING SNOW
X = TORNADO
MAX 32 OR BELOW: 1 0.01 INCH OR MORE: 5
MAX 90 OR ABOVE: 0 0.10 INCH OR MORE: 3
MIN 32 OR BELOW: 29 0.50 INCH OR MORE: 0
MIN 0 OR BELOW: 0 1.00 INCH OR MORE: 0
[HDD (BASE 65) ]
TOTAL THIS MO. 866 CLEAR (SCALE 0-3) 20
DPTR FM NORMAL 30 PTCLDY (SCALE 4-7) 6
TOTAL FM JUL 1 8993 CLOUDY (SCALE 8-10) 4
DPTR FM NORMAL -538
[CDD (BASE 65) ]
TOTAL THIS MO. 0
DPTR FM NORMAL 0 [PRESSURE DATA]
TOTAL FM JAN 1 0 HIGHEST SLP 30.44 ON 1
DPTR FM NORMAL 0 LOWEST SLP 29.49 ON 26
[REMARKS]
#FINAL-04-21#