000
CXUS53 KDLH 010920
CF6BRD
PRELIMINARY LOCAL CLIMATOLOGICAL DATA (WS FORM: F-6)
STATION: BRAINERD
MONTH: JANUARY
YEAR: 2021
LATITUDE: 46 24 N
LONGITUDE: 94 8 W
TEMPERATURE IN F: :PCPN: SNOW: WIND :SUNSHINE: SKY :PK WND
================================================================================
1 2 3 4 5 6A 6B 7 8 9 10 11 12 13 14 15 16 17 18
12Z AVG MX 2MIN
DY MAX MIN AVG DEP HDD CDD WTR SNW DPTH SPD SPD DIR MIN PSBL S-S WX SPD DR
================================================================================
1 23 13 18 6 47 0 M M M 4.8 18 170 M M 10 18 23 170
2 24 17 21 10 44 0 M M M 7.7 13 180 M M 6 1 19 200
3 28 11 20 9 45 0 M M M 8.2 15 170 M M 0 18 20 170
4 42 20 31 20 34 0 M M M 8.3 17 270 M M 4 18 24 270
5 37 7 22 11 43 0 M M M 1.2 7 80 M M 3 128 10 120
6 33 21 27 16 38 0 M M M 3.1 8 130 M M 1 18 12 150
7 24 19 22 11 43 0 M M M 3.9 8 180 M M 9 12 11 130
8 22 2 12 1 53 0 M M M 0.8 7 320 M M 6 128 9 320
9 29 8 19 8 46 0 M M M 4.8 13 340 M M 10 12 16 360
10 31 23 27 16 38 0 M M M 8.2 20 250 M M 8 18 28 260
11 34 20 27 16 38 0 M M M 5.9 16 250 M M 4 22 250
12 31 21 26 15 39 0 M M M 6.0 13 210 M M 5 1 14 220
13 42 11 27 16 38 0 M M M 2.2 9 170 M M 6 128 12 130
14 34 29 32 21 33 0 M M M 3.8 13 360 M M 8 126 16 360
15 34 26 30 19 35 0 M M M 12.7 21 340 M M 10 16 27 340
16 26 16 21 10 44 0 M M M 8.5 15 330 M M 10 1 18 320
17 22 9 16 5 49 0 M M M 4.0 12 310 M M 9 12 18 300
18 20 3 12 1 53 0 M M M 7.7 15 350 M M 9 8 18 350
19 9 -5 2 -9 63 0 M M M 7.6 18 340 M M 6 189 22 330
20 41 -1 20 9 45 0 M M M 15.3 30 290 M M 4 46 290
21 31 1 16 5 49 0 M M M 15.0 32 290 M M 2 44 290
22 17 -13 2 -9 63 0 M M M 6.2 17 260 M M 5 18 23 270
23 21 16 19 8 46 0 M M M 9.8 20 180 M M 10 18 28 170
24 19 -6 7 -4 58 0 M M M 5.1 12 340 M M 4 12 15 320
25 15 -2 7 -4 58 0 M M M 7.8 15 40 M M 7 8 18 30
26 12 1 7 -4 58 0 M M M 6.7 12 30 M M 10 15 30
27 7 -11 -2 -14 67 0 M M M 2.3 6 310 M M 9 8 360
28 21 6 14 2 51 0 M M M 4.6 14 170 M M 8 19 170
29 24 15 20 8 45 0 M M M 7.4 15 120 M M 10 8 26 130
30 33 22 28 16 37 0 M M M 6.1 14 120 M M 10 18 21 120
31 30 25 28 16 37 0 M M M 6.2 13 330 M M 10 18 15 340
================================================================================
SM 816 324 1437 0 M M 201.9 M 213
================================================================================
AV 26.3 10.5 6.5 FASTST M M 7 MAX(MPH)
MISC ----> 32 290 46 290
================================================================================
NOTES:
# LAST OF SEVERAL OCCURRENCES
COLUMN 17 PEAK WIND IN M.P.H.
PRELIMINARY LOCAL CLIMATOLOGICAL DATA (WS FORM: F-6) , PAGE 2
STATION: BRAINERD
MONTH: JANUARY
YEAR: 2021
LATITUDE: 46 24 N
LONGITUDE: 94 8 W
[TEMPERATURE DATA] [PRECIPITATION DATA] SYMBOLS USED IN COLUMN 16
AVERAGE MONTHLY: 18.4 TOTAL FOR MONTH: M 1 = FOG OR MIST
DPTR FM NORMAL: 7.2 DPTR FM NORMAL: M 2 = FOG REDUCING VISIBILITY
HIGHEST: 42 ON 13, 4 GRTST 24HR 0.15 ON 14-15 TO 1/4 MILE OR LESS
LOWEST: -13 ON 22 3 = THUNDER
SNOW, ICE PELLETS, HAIL 4 = ICE PELLETS
TOTAL MONTH: M 5 = HAIL
GRTST 24HR M ON M 6 = FREEZING RAIN OR DRIZZLE
GRTST DEPTH: M ON M 7 = DUSTSTORM OR SANDSTORM:
VSBY 1/2 MILE OR LESS
8 = SMOKE OR HAZE
[NO. OF DAYS WITH] [WEATHER - DAYS WITH] 9 = BLOWING SNOW
X = TORNADO
MAX 32 OR BELOW: 22 0.01 INCH OR MORE: 0
MAX 90 OR ABOVE: 0 0.10 INCH OR MORE: 0
MIN 32 OR BELOW: 31 0.50 INCH OR MORE: 0
MIN 0 OR BELOW: 6 1.00 INCH OR MORE: 0
[HDD (BASE 65) ]
TOTAL THIS MO. 1437 CLEAR (SCALE 0-3) 4
DPTR FM NORMAL -232 PTCLDY (SCALE 4-7) 13
TOTAL FM JUL 1 4802 CLOUDY (SCALE 8-10) 14
DPTR FM NORMAL -355
[CDD (BASE 65) ]
TOTAL THIS MO. 0
DPTR FM NORMAL 0 [PRESSURE DATA]
TOTAL FM JAN 1 0 HIGHEST SLP M ON M
DPTR FM NORMAL 0 LOWEST SLP 29.40 ON 14
[REMARKS]
#FINAL-01-21#