000
CXUS54 KBRO 220800
CF6BRO
PRELIMINARY LOCAL CLIMATOLOGICAL DATA (WS FORM: F-6)
STATION: BROWNSVILLE
MONTH: APRIL
YEAR: 2024
LATITUDE: 25 53 N
LONGITUDE: 97 26 W
TEMPERATURE IN F: :PCPN: SNOW: WIND :SUNSHINE: SKY :PK WND
================================================================================
1 2 3 4 5 6A 6B 7 8 9 10 11 12 13 14 15 16 17 18
12Z AVG MX 2MIN
DY MAX MIN AVG DEP HDD CDD WTR SNW DPTH SPD SPD DIR MIN PSBL S-S WX SPD DR
================================================================================
1 89 74 82 8 0 17 0.00 0.0 0 22.1 39 170 M M 7 18 62 170
2 89 67 78 4 0 13 0.00 0.0 0 12.9 25 160 M M 3 18 38 160
3 81 55 68 -7 0 3 0.00 0.0 0 9.6 22 340 M M 0 35 330
4 86 52 69 -6 0 4 0.00 0.0 0 8.1101 220 M M 0 101 220
5 82 57 70 -5 0 5 0.00 0.0 0 13.6 28 150 M M 0 38 140
6 82 70 76 1 0 11 0.00 0.0 0 17.3 31 160 M M 5 45 160
7 78 71 75 0 0 10 0.11 0.0 0 7.1 17 170 M M 10 18 23 170
8 84 71 78 2 0 13 0.00 0.0 0 M 24 140 M M 10 128 31 140
9 85 74 80 4 0 15 0.00 0.0 0 19.0 33 150 M M 8 18 46 160
10 91 69 80 4 0 15 0.00 0.0 0 16.6 31 290 M M 2 8 54 300
11 91 57 74 -2 0 9 0.00 0.0 0 7.7 15 70 M M 0 22 10
12 87 58 73 -3 0 8 0.00 0.0 0 9.9 22 140 M M 0 1 32 120
13 84 67 76 0 0 11 0.00 0.0 0 13.4 23 140 M M 3 34 120
14 89 73 81 5 0 16 0.00 0.0 0 16.9 26 150 M M 5 40 130
15 87 74 81 4 0 16 0.00 0.0 0 18.9 30 160 M M 7 43 170
16 92 77 85 8 0 20 0.00 0.0 0 16.5 28 170 M M 7 18 36 170
17 88 77 83 6 0 18 0.00 0.0 0 11.4 20 110 M M 8 3 24 150
18 91 76 84 7 0 19 0.00 0.0 0 13.7 23 160 M M 4 30 160
19 91 77 84 7 0 19 0.00 0.0 0 10.4 21 120 M M 5 18 27 100
20 92 77 85 7 0 20 0.01 0.0 0 12.7 28 150 M M 5 13 35 110
21 83 69 76 -2 0 11 0.09 0.0 0 11.5 23 20 M M 10 18 36 10
================================================================================
SM 1822 1442 0 273 0.21 0.0 269.3 M 99
================================================================================
AV 86.8 68.7 13.5 FASTST M M 5 MAX(MPH)
MISC ----> 101 220 101 220
================================================================================
NOTES:
# LAST OF SEVERAL OCCURRENCES
COLUMN 17 PEAK WIND IN M.P.H.
PRELIMINARY LOCAL CLIMATOLOGICAL DATA (WS FORM: F-6) , PAGE 2
STATION: BROWNSVILLE
MONTH: APRIL
YEAR: 2024
LATITUDE: 25 53 N
LONGITUDE: 97 26 W
[TEMPERATURE DATA] [PRECIPITATION DATA] SYMBOLS USED IN COLUMN 16
AVERAGE MONTHLY: 77.7 TOTAL FOR MONTH: 0.21 1 = FOG OR MIST
DPTR FM NORMAL: 1.7 DPTR FM NORMAL: -0.86 2 = FOG REDUCING VISIBILITY
HIGHEST: 92 ON 20,16 GRTST 24HR 0.11 ON 7- 7 TO 1/4 MILE OR LESS
LOWEST: 52 ON 4 3 = THUNDER
SNOW, ICE PELLETS, HAIL 4 = ICE PELLETS
TOTAL MONTH: 0.0 INCH 5 = HAIL
GRTST 24HR 0.0 6 = FREEZING RAIN OR DRIZZLE
GRTST DEPTH: 0 7 = DUSTSTORM OR SANDSTORM:
VSBY 1/2 MILE OR LESS
8 = SMOKE OR HAZE
[NO. OF DAYS WITH] [WEATHER - DAYS WITH] 9 = BLOWING SNOW
X = TORNADO
MAX 32 OR BELOW: 0 0.01 INCH OR MORE: 3
MAX 90 OR ABOVE: 6 0.10 INCH OR MORE: 1
MIN 32 OR BELOW: 0 0.50 INCH OR MORE: 0
MIN 0 OR BELOW: 0 1.00 INCH OR MORE: 0
[HDD (BASE 65) ]
TOTAL THIS MO. 0 CLEAR (SCALE 0-3) 7
DPTR FM NORMAL 0 PTCLDY (SCALE 4-7) 11
TOTAL FM JUL 1 308 CLOUDY (SCALE 8-10) 3
DPTR FM NORMAL -110
[CDD (BASE 65) ]
TOTAL THIS MO. 273
DPTR FM NORMAL 38 [PRESSURE DATA]
TOTAL FM JAN 1 760 HIGHEST SLP M ON M
DPTR FM NORMAL 105 LOWEST SLP 29.50 ON 9
[REMARKS]