000
CXUS54 KBRO 010800
CF6BRO
PRELIMINARY LOCAL CLIMATOLOGICAL DATA (WS FORM: F-6)
STATION: BROWNSVILLE
MONTH: AUGUST
YEAR: 2021
LATITUDE: 25 53 N
LONGITUDE: 97 26 W
TEMPERATURE IN F: :PCPN: SNOW: WIND :SUNSHINE: SKY :PK WND
================================================================================
1 2 3 4 5 6A 6B 7 8 9 10 11 12 13 14 15 16 17 18
12Z AVG MX 2MIN
DY MAX MIN AVG DEP HDD CDD WTR SNW DPTH SPD SPD DIR MIN PSBL S-S WX SPD DR
================================================================================
1 93 79 86 -1 0 21 0.00 0.0 0 10.6 23 150 M M 1 33 140
2 94 79 87 0 0 22 0.00 0.0 0 9.5 21 140 M M 1 26 150
3 94 79 87 0 0 22 T 0.0 0 8.2 20 140 M M 1 26 140
4 95 79 87 0 0 22 0.00 0.0 0 7.6 20 150 M M 1 25 150
5 97 80 89 2 0 24 0.29 0.0 0 6.7 21 170 M M 2 8 24 170
6 91 79 85 -3 0 20 T 0.0 0 8.1 22 190 M M 1 3 31 190
7 93 77 85 -3 0 20 0.00 0.0 0 12.1 22 150 M M 1 31 160
8 96 80 88 0 0 23 T 0.0 0 14.6 28 150 M M 3 36 150
9 96 80 88 0 0 23 0.00 0.0 0 12.9 25 160 M M 1 33 160
10 96 79 88 0 0 23 0.00 0.0 0 11.5 22 140 M M 1 30 140
11 97 78 88 0 0 23 0.00 0.0 0 9.2 20 120 M M 1 27 130
12 97 79 88 0 0 23 0.00 0.0 0 9.1 18 120 M M 2 26 130
13 97 79 88 0 0 23 0.00 0.0 0 8.5 20 140 M M 1 28 140
14 93 79 86 -1 0 21 0.00 0.0 0 5.0 14 150 M M 2 3 20 80
15 94 77 86 -1 0 21 0.00 0.0 0 5.5 17 90 M M 1 23 80
16 96 78 87 0 0 22 0.00 0.0 0 6.3 16 100 M M 2 23 100
17 97 79 88 1 0 23 0.00 0.0 0 10.2 20 140 M M 1 27 140
18 97 82 90 3 0 25 T 0.0 0 13.7 26 140 M M 2 34 150
19 97 81 89 2 0 24 0.00 0.0 0 12.0 21 150 M M 2 29 150
20 97 79 88 1 0 23 T 0.0 0 8.6 25 120 M M 3 33 110
21 97 79 88 1 0 23 0.02 0.0 0 8.2 25 100 M M 3 3 36 110
22 96 76 86 -1 0 21 0.00 0.0 0 7.1 18 110 M M 1 25 100
23 97 76 87 0 0 22 0.03 0.0 0 7.3 18 120 M M 2 26 110
24 97 77 87 0 0 22 0.00 0.0 0 7.1 18 120 M M 1 25 100
25 98 78 88 1 0 23 0.00 0.0 0 7.2 18 100 M M 2 3 28 80
26 96 78 87 1 0 22 0.00 0.0 0 5.5 16 100 M M 1 25 110
27 95 77 86 0 0 21 0.07 0.0 0 5.4 17 150 M M 2 3 22 150
28 96 77 87 1 0 22 0.09 0.0 0 5.9 16 120 M M 2 21 100
29 97 77 87 1 0 22 0.00 0.0 0 6.3 17 150 M M 0 22 160
30 98 74 86 0 0 21 0.00 0.0 0 7.4 20 120 M M 0 27 120
31 98 77 88 2 0 23 0.00 0.0 0 9.5 21 160 M M 1 28 160
================================================================================
SM 2972 2428 0 690 0.50 0.0 266.8 M 45
================================================================================
AV 95.9 78.3 8.6 FASTST M M 1 MAX(MPH)
MISC ----> 28 150 # 36 150
================================================================================
NOTES:
# LAST OF SEVERAL OCCURRENCES
COLUMN 17 PEAK WIND IN M.P.H.
PRELIMINARY LOCAL CLIMATOLOGICAL DATA (WS FORM: F-6) , PAGE 2
STATION: BROWNSVILLE
MONTH: AUGUST
YEAR: 2021
LATITUDE: 25 53 N
LONGITUDE: 97 26 W
[TEMPERATURE DATA] [PRECIPITATION DATA] SYMBOLS USED IN COLUMN 16
AVERAGE MONTHLY: 87.1 TOTAL FOR MONTH: 0.50 1 = FOG OR MIST
DPTR FM NORMAL: 0.1 DPTR FM NORMAL: -1.66 2 = FOG REDUCING VISIBILITY
HIGHEST: 98 ON 31,30 GRTST 24HR 0.29 ON 5- 5 TO 1/4 MILE OR LESS
LOWEST: 74 ON 30 3 = THUNDER
SNOW, ICE PELLETS, HAIL 4 = ICE PELLETS
TOTAL MONTH: 0.0 INCH 5 = HAIL
GRTST 24HR 0.0 6 = FREEZING RAIN OR DRIZZLE
GRTST DEPTH: 0 7 = DUSTSTORM OR SANDSTORM:
VSBY 1/2 MILE OR LESS
8 = SMOKE OR HAZE
[NO. OF DAYS WITH] [WEATHER - DAYS WITH] 9 = BLOWING SNOW
X = TORNADO
MAX 32 OR BELOW: 0 0.01 INCH OR MORE: 5
MAX 90 OR ABOVE: 31 0.10 INCH OR MORE: 1
MIN 32 OR BELOW: 0 0.50 INCH OR MORE: 0
MIN 0 OR BELOW: 0 1.00 INCH OR MORE: 0
[HDD (BASE 65) ]
TOTAL THIS MO. 0 CLEAR (SCALE 0-3) 31
DPTR FM NORMAL 0 PTCLDY (SCALE 4-7) 0
TOTAL FM JUL 1 0 CLOUDY (SCALE 8-10) 0
DPTR FM NORMAL 0
[CDD (BASE 65) ]
TOTAL THIS MO. 690
DPTR FM NORMAL 7 [PRESSURE DATA]
TOTAL FM JAN 1 3131 HIGHEST SLP M ON M
DPTR FM NORMAL -137 LOWEST SLP 29.70 ON 31
[REMARKS]
#FINAL-08-21#