000
CXUS54 KBRO 060529
CF6BRO
PRELIMINARY LOCAL CLIMATOLOGICAL DATA (WS FORM: F-6)
STATION: BROWNSVILLE
MONTH: JUNE
YEAR: 2021
LATITUDE: 25 53 N
LONGITUDE: 97 26 W
TEMPERATURE IN F: :PCPN: SNOW: WIND :SUNSHINE: SKY :PK WND
================================================================================
1 2 3 4 5 6A 6B 7 8 9 10 11 12 13 14 15 16 17 18
12Z AVG MX 2MIN
DY MAX MIN AVG DEP HDD CDD WTR SNW DPTH SPD SPD DIR MIN PSBL S-S WX SPD DR
================================================================================
1 81 74 78 -7 0 13 0.21 0.0 0 7.3 18 150 M M 3 13 23 130
2 88 74 81 -4 0 16 0.01 0.0 0 7.2 16 180 M M 2 3 20 160
3 90 72 81 -4 0 16 0.06 0.0 0 9.8 24 160 M M 3 3 28 160
4 85 70 78 -7 0 13 0.38 0.0 0 4.7 16 150 M M 5 13 19 150
5 89 70 80 -5 0 15 0.00 0.0 0 5.9 14 110 M M 2 17 140
6 92 75 84 -1 0 19 0.00 0.0 0 14.5 25 150 M M 2 31 150
7 92 81 87 2 0 22 0.00 0.0 0 19.6 31 170 M M 8 38 170
8 92 80 86 1 0 21 0.00 0.0 0 15.1 25 160 M M 8 31 160
9 93 80 87 1 0 22 0.00 0.0 0 13.1 22 160 M M 5 27 160
10 92 78 85 -1 0 20 0.00 0.0 0 11.9 23 160 M M 5 29 140
11 94 78 86 0 0 21 0.02 0.0 0 11.1 22 160 M M 2 25 160
12 92 77 85 -1 0 20 0.00 0.0 0 8.3 17 130 M M 2 22 150
13 93 75 84 -2 0 19 0.00 0.0 0 5.3 16 90 M M 2 20 90
14 95 75 85 -1 0 20 0.00 0.0 0 M M M M M 1 M M
15 95 77 86 0 0 21 0.00 0.0 0 7.9 15 60 M M 1 22 60
16 93 75 84 -2 0 19 0.00 0.0 0 7.2 17 90 M M 2 25 80
17 92 76 84 -2 0 19 0.11 0.0 0 7.8 18 50 M M 3 3 26 60
18 94 74 84 -2 0 19 0.00 0.0 0 7.4 16 60 M M 2 22 30
19 94 77 86 0 0 21 T 0.0 0 6.2 18 150 M M 1 23 130
20 92 80 86 0 0 21 0.01 0.0 0 15.2 28 160 M M 5 8 35 150
21 95 83 89 3 0 24 0.00 0.0 0 16.5 26 150 M M 7 37 170
22 91 76 84 -2 0 19 0.45 0.0 0 6.2 20 160 M M 5 13 25 170
23 91 76 84 -2 0 19 0.05 0.0 0 8.6 20 150 M M 3 13 26 120
24 93 81 87 1 0 22 0.00 0.0 0 12.0 22 150 M M 5 1 29 130
25 94 80 87 1 0 22 T 0.0 0 13.7 23 140 M M 3 31 160
26 93 79 86 0 0 21 0.00 0.0 0 13.2 25 160 M M 2 30 150
27 94 77 86 0 0 21 0.00 0.0 0 8.7 17 160 M M 2 25 130
28 88 76 82 -4 0 17 0.00 0.0 0 6.1 16 150 M M 2 38 21 140
29 90 76 83 -3 0 18 0.13 0.0 0 7.0 17 110 M M 4 1 23 100
30 91 75 83 -3 0 18 0.24 0.0 0 7.5 16 150 M M 3 1 24 120
================================================================================
SM 2748 2297 0 578 1.67 0.0 285.0 M 100
================================================================================
AV 91.6 76.6 9.8 FASTST M M 3 MAX(MPH)
MISC ----> 31 170 38 170
================================================================================
NOTES:
# LAST OF SEVERAL OCCURRENCES
COLUMN 17 PEAK WIND IN M.P.H.
PRELIMINARY LOCAL CLIMATOLOGICAL DATA (WS FORM: F-6) , PAGE 2
STATION: BROWNSVILLE
MONTH: JUNE
YEAR: 2021
LATITUDE: 25 53 N
LONGITUDE: 97 26 W
[TEMPERATURE DATA] [PRECIPITATION DATA] SYMBOLS USED IN COLUMN 16
AVERAGE MONTHLY: 84.1 TOTAL FOR MONTH: 1.67 1 = FOG OR MIST
DPTR FM NORMAL: -1.5 DPTR FM NORMAL: -1.19 2 = FOG REDUCING VISIBILITY
HIGHEST: 95 ON 21,15 GRTST 24HR 0.48 ON 22-23 TO 1/4 MILE OR LESS
LOWEST: 70 ON 5, 4 3 = THUNDER
SNOW, ICE PELLETS, HAIL 4 = ICE PELLETS
TOTAL MONTH: 0.0 INCH 5 = HAIL
GRTST 24HR 0.0 6 = FREEZING RAIN OR DRIZZLE
GRTST DEPTH: 0 7 = DUSTSTORM OR SANDSTORM:
VSBY 1/2 MILE OR LESS
8 = SMOKE OR HAZE
[NO. OF DAYS WITH] [WEATHER - DAYS WITH] 9 = BLOWING SNOW
X = TORNADO
MAX 32 OR BELOW: 0 0.01 INCH OR MORE: 11
MAX 90 OR ABOVE: 25 0.10 INCH OR MORE: 6
MIN 32 OR BELOW: 0 0.50 INCH OR MORE: 0
MIN 0 OR BELOW: 0 1.00 INCH OR MORE: 0
[HDD (BASE 65) ]
TOTAL THIS MO. 0 CLEAR (SCALE 0-3) 16
DPTR FM NORMAL 0 PTCLDY (SCALE 4-7) 13
TOTAL FM JUL 1 528 CLOUDY (SCALE 8-10) 1
DPTR FM NORMAL 105
[CDD (BASE 65) ]
TOTAL THIS MO. 578
DPTR FM NORMAL -40 [PRESSURE DATA]
TOTAL FM JAN 1 1828 HIGHEST SLP 30.06 ON 1
DPTR FM NORMAL -93 LOWEST SLP 29.69 ON 6
[REMARKS]
#FINAL-06-21#