000
CXAK56 PAFG 011200
CF6BRW
PRELIMINARY LOCAL CLIMATOLOGICAL DATA (WS FORM: F-6)
STATION: UTQIAGVIK (BARROW) AK
MONTH: MARCH
YEAR: 2024
LATITUDE: 71 17 N
LONGITUDE: 156 47 W
TEMPERATURE IN F: :PCPN: SNOW: WIND :SUNSHINE: SKY :PK WND
================================================================================
1 2 3 4 5 6A 6B 7 8 9 10 11 12 13 14 15 16 17 18
12Z AVG MX 2MIN
DY MAX MIN AVG DEP HDD CDD WTR SNW DPTH SPD SPD DIR MIN PSBL S-S WX SPD DR
================================================================================
1 -7 -28 -17 -5 82 0 0.00 M M 8.9 13 210 M M 5 18 15 210
2 -3 -18 -10 2 75 0 0.00 M M M M M M M M 8 M M
3 -3 -13 -8 4 73 0 0.00 M M 11.5 23 60 M M 5 8 26 60
4 -13 -19 -16 -4 81 0 0.00 M M 17.0 21 60 M M 5 8 24 60
5 -13 -20 -16 -4 81 0 0.00 M M 15.5 21 70 M M 1 8 25 70
6 -10 -22 -16 -4 81 0 0.00 M M 7.3 15 60 M M 0 8 18 60
7 -15 -25 -20 -8 85 0 0.00 M M 5.3 8 220 M M 1 1 9 60
8 -15 -23 -19 -7 84 0 0.00 M M 7.4 10 320 M M 1 14 340
9 -19 -30 -24 -12 89 0 0.00 M M 2.3 8 40 M M 1 18 10 40
10 -23 -35 -29 -17 94 0 0.00 M M 3.9 9 210 M M 0 1 10 210
11 -18 -33 -25 -13 90 0 0.00 M M 7.0 12 200 M M 0 13 210
12 -23 -34 -28 -16 93 0 0.00 M M 5.8 12 210 M M 1 8 12 210
13 -17 -32 -24 -12 89 0 T M M 3.7 9 240 M M 2 8 10 230
14 -18 -30 -24 -12 89 0 0.00 M M 3.2 8 220 M M 0 8 210
15 -13 -29 -21 -10 86 0 0.00 M M 4.7 9 30 M M 1 89 12 40
16 -12 -25 -18 -7 83 0 0.00 M M 10.8 17 40 M M 0 8 22 40
17 -11 -21 -16 -5 81 0 0.00 M M 18.3 25 70 M M 1 8 30 40
18 -6 -22 -14 -3 79 0 0.08 M M 17.4 28 70 M M 8 8 33 70
19 1 -26 -12 -1 77 0 0.00 M M 15.0 26 100 M M 3 89 31 100
20 14 0 7 17 58 0 0.03 M M 21.6 33 110 M M 7 89 41 100
21 23 4 14 24 51 0 0.00 M M 11.4 18 110 M M 3 22 100
22 30 17 24 34 41 0 0.01 M M M M M M M 7 M M
23 28 0 14 24 51 0 0.01 M M M M M M M 9 12 M M
24 3 0 2 11 63 0 0.01 M M M M M M M 9 18 M M
25 3 -2 1 10 64 0 T M M M M M M M 6 8 M M
26 0 -6 -3 5 68 0 0.00 M M 20.1 28 70 M M 1 8 32 60
27 9 -4 3 11 62 0 0.01 M M 21.7 30 110 M M 5 89 36 110
28 14 6 10 18 55 0 T M M 6.6 15 90 M M 10 18 18 90
29 14 9 12 19 53 0 0.00 M M 2.4 9 60 M M 10 1 11 60
30 17 9 13 20 52 0 0.01 M M 8.1 16 50 M M 10 18 20 50
31 15 4 10 16 55 0 0.03 M M 14.1 18 70 M M 10 18 23 50
================================================================================
SM -68 -448 2265 0 0.19 M 271.0 M 122
================================================================================
AV -2.2-14.5 10.4 FASTST M M 4 MAX(MPH)
MISC ----> 33 110 41 100
================================================================================
NOTES:
# LAST OF SEVERAL OCCURRENCES
COLUMN 17 PEAK WIND IN M.P.H.
PRELIMINARY LOCAL CLIMATOLOGICAL DATA (WS FORM: F-6) , PAGE 2
STATION: UTQIAGVIK (BARROW) AK
MONTH: MARCH
YEAR: 2024
LATITUDE: 71 17 N
LONGITUDE: 156 47 W
[TEMPERATURE DATA] [PRECIPITATION DATA] SYMBOLS USED IN COLUMN 16
AVERAGE MONTHLY: -8.3 TOTAL FOR MONTH: 0.19 1 = FOG OR MIST
DPTR FM NORMAL: 2.2 DPTR FM NORMAL: 0.01 2 = FOG REDUCING VISIBILITY
HIGHEST: 30 ON 22 GRTST 24HR 0.08 ON 18-18 TO 1/4 MILE OR LESS
LOWEST: -35 ON 10 3 = THUNDER
SNOW, ICE PELLETS, HAIL 4 = ICE PELLETS
TOTAL MONTH: M 5 = HAIL
GRTST 24HR M ON M 6 = FREEZING RAIN OR DRIZZLE
GRTST DEPTH: M ON M 7 = DUSTSTORM OR SANDSTORM:
VSBY 1/2 MILE OR LESS
8 = SMOKE OR HAZE
[NO. OF DAYS WITH] [WEATHER - DAYS WITH] 9 = BLOWING SNOW
X = TORNADO
MAX 32 OR BELOW: 31 0.01 INCH OR MORE: 8
MAX 90 OR ABOVE: 0 0.10 INCH OR MORE: 0
MIN 32 OR BELOW: 31 0.50 INCH OR MORE: 0
MIN 0 OR BELOW: 25 1.00 INCH OR MORE: 0
[HDD (BASE 65) ]
TOTAL THIS MO. 2265 CLEAR (SCALE 0-3) 16
DPTR FM NORMAL -75 PTCLDY (SCALE 4-7) 8
TOTAL FM JUL 1 13152 CLOUDY (SCALE 8-10) 7
DPTR FM NORMAL -1506
[CDD (BASE 65) ]
TOTAL THIS MO. 0
DPTR FM NORMAL 0 [PRESSURE DATA]
TOTAL FM JAN 1 0 HIGHEST SLP M ON M
DPTR FM NORMAL 0 LOWEST SLP 29.34 ON 31
[REMARKS]
#FINAL-03-24#