000
CXUS53 KGRR 010910
CF6BTL
PRELIMINARY LOCAL CLIMATOLOGICAL DATA (WS FORM: F-6)
STATION: BATTLE CREEK
MONTH: MARCH
YEAR: 2021
LATITUDE: 42 17 N
LONGITUDE: 85 14 W
TEMPERATURE IN F: :PCPN: SNOW: WIND :SUNSHINE: SKY :PK WND
================================================================================
1 2 3 4 5 6A 6B 7 8 9 10 11 12 13 14 15 16 17 18
12Z AVG MX 2MIN
DY MAX MIN AVG DEP HDD CDD WTR SNW DPTH SPD SPD DIR MIN PSBL S-S WX SPD DR
================================================================================
1 37 19 28 -2 37 0 T M M 14.8 26 300 M M 5 35 290
2 38 15 27 -3 38 0 0.00 M M 10.6 22 230 M M 0 29 220
3 54 30 42 11 23 0 0.00 M M 10.9 20 320 M M 0 26 320
4 36 22 29 -2 36 0 0.00 M M 8.6 18 10 M M 3 26 30
5 45 19 32 1 33 0 0.00 M M 9.4 18 300 M M 0 30 310
6 43 21 32 0 33 0 0.00 M M 10.1 21 280 M M 0 28 300
7 44 17 31 -1 34 0 0.00 M M 3.0 10 180 M M 0 13 180
8 64 34 49 17 16 0 0.00 M M 11.5 24 240 M M 0 31 230
9 67 31 49 16 16 0 0.00 M M 7.3 20 190 M M 0 8 25 210
10 70 49 60 27 5 0 0.00 M M 19.0 32 200 M M 4 45 200
11 63 41 52 18 13 0 0.04 M M 18.0 32 250 M M 5 47 230
12 52 31 42 8 23 0 0.00 M M 10.8 28 310 M M 0 38 320
13 55 20 38 4 27 0 0.00 M M 6.2 16 260 M M 0 24 270
14 50 34 42 7 23 0 0.00 M M 10.6 18 20 M M 0 27 30
15 38 25 32 -3 33 0 T M M 12.9 25 110 M M 4 37 130
16 42 30 36 0 29 0 0.00 M M 4.0 14 110 M M 10 18 19 120
17 62 26 44 8 21 0 T M M 6.8 21 40 M M 2 1 27 50
18 45 32 39 3 26 0 T M M 18.3 30 40 M M 4 46 40
19 50 26 38 1 27 0 0.00 M M 8.7 18 40 M M 0 28 50
20 58 22 40 3 25 0 0.00 M M 3.7 12 130 M M 0 14 130
21 65 28 47 9 18 0 0.00 M M 8.5 20 200 M M 0 27 200
22 68 40 54 16 11 0 0.00 M M 10.3 26 230 M M 2 36 240
23 72 44 58 20 7 0 T M M 7.6 23 170 M M 8 33 180
24 69 53 61 22 4 0 0.04 M M 16.2 30 230 M M 8 49 240
25 59 43 51 12 14 0 0.47 M M 9.1 25 40 M M 7 13 37 10
26 49 38 44 4 21 0 1.30 M M 10.8 29 30 M M 10 1 41 30
27 60 39 50 10 15 0 0.11 M M 8.4 21 180 M M 9 18 26 180
28 53 31 42 2 23 0 0.08 M M 16.1 30 300 M M 9 18 40 300
29 54 25 40 -1 25 0 0.00 M M 11.0 22 170 M M 1 31 180
30 69 45 57 16 8 0 0.08 M M 18.3 31 210 M M 3 1 42 200
31 45 28 37 -5 28 0 0.01 M M 12.9 24 280 M M 5 32 300
================================================================================
SM 1676 958 692 0 2.13 M 334.4 M 99
================================================================================
AV 54.1 30.9 10.8 FASTST M M 3 MAX(MPH)
MISC ----> # 32 200 49 240
================================================================================
NOTES:
# LAST OF SEVERAL OCCURRENCES
COLUMN 17 PEAK WIND IN M.P.H.
PRELIMINARY LOCAL CLIMATOLOGICAL DATA (WS FORM: F-6) , PAGE 2
STATION: BATTLE CREEK
MONTH: MARCH
YEAR: 2021
LATITUDE: 42 17 N
LONGITUDE: 85 14 W
[TEMPERATURE DATA] [PRECIPITATION DATA] SYMBOLS USED IN COLUMN 16
AVERAGE MONTHLY: 42.5 TOTAL FOR MONTH: 2.13 1 = FOG OR MIST
DPTR FM NORMAL: 6.9 DPTR FM NORMAL: 0.22 2 = FOG REDUCING VISIBILITY
HIGHEST: 72 ON 23 GRTST 24HR 1.80 ON 25-26 TO 1/4 MILE OR LESS
LOWEST: 15 ON 2 3 = THUNDER
SNOW, ICE PELLETS, HAIL 4 = ICE PELLETS
TOTAL MONTH: M 5 = HAIL
GRTST 24HR M ON M 6 = FREEZING RAIN OR DRIZZLE
GRTST DEPTH: M ON M 7 = DUSTSTORM OR SANDSTORM:
VSBY 1/2 MILE OR LESS
8 = SMOKE OR HAZE
[NO. OF DAYS WITH] [WEATHER - DAYS WITH] 9 = BLOWING SNOW
X = TORNADO
MAX 32 OR BELOW: 0 0.01 INCH OR MORE: 8
MAX 90 OR ABOVE: 0 0.10 INCH OR MORE: 3
MIN 32 OR BELOW: 20 0.50 INCH OR MORE: 1
MIN 0 OR BELOW: 0 1.00 INCH OR MORE: 1
[HDD (BASE 65) ]
TOTAL THIS MO. 692 CLEAR (SCALE 0-3) 17
DPTR FM NORMAL -218 PTCLDY (SCALE 4-7) 9
TOTAL FM JUL 1 5264 CLOUDY (SCALE 8-10) 5
DPTR FM NORMAL -611
[CDD (BASE 65) ]
TOTAL THIS MO. 0
DPTR FM NORMAL 0 [PRESSURE DATA]
TOTAL FM JAN 1 0 HIGHEST SLP 30.62 ON 20
DPTR FM NORMAL 0 LOWEST SLP 29.47 ON 26
[REMARKS]
#FINAL-03-21#