199
CXAK56 PAFG 011400
CF6BTT
PRELIMINARY LOCAL CLIMATOLOGICAL DATA (WS FORM: F-6)
STATION: BETTLES AK
MONTH: OCTOBER
YEAR: 2020
LATITUDE: 66 55 N
LONGITUDE: 151 31 W
TEMPERATURE IN F: :PCPN: SNOW: WIND :SUNSHINE: SKY :PK WND
================================================================================
1 2 3 4 5 6A 6B 7 8 9 10 11 12 13 14 15 16 17 18
12Z AVG MX 2MIN
DY MAX MIN AVG DEP HDD CDD WTR SNW DPTH SPD SPD DIR MIN PSBL S-S WX SPD DR
================================================================================
1 54 38 46 14 19 0 0.02 M M 6.7 14 10 M M 6 20 20
2 58 42 50 19 15 0 T M M 8.8 18 40 M M 8 26 40
3 56 35 46 16 19 0 0.01 M M 4.0 9 40 M M 8 1 12 30
4 46 41 44 15 21 0 0.21 M M 3.1 9 130 M M 10 1 12 130
5 44 34 39 11 26 0 T M M 1.6 6 230 M M 9 1 8 220
6 40 34 37 9 28 0 0.05 M M 2.0 7 360 M M 10 1 10 360
7 45 28 37 10 28 0 0.00 M M 2.8 9 40 M M 6 1 12 30
8 46 32 39 13 26 0 0.00 M M 8.4 16 40 M M 5 20 60
9 44 29 37 12 28 0 0.00 M M 8.4 20 50 M M 1 29 50
10 42 27 35 11 30 0 0.00 M M 6.7 14 40 M M 3 M M
11 34 19 27 4 38 0 0.00 M M 3.5 14 40 M M 5 19 80
12 30 12 21 -1 44 0 0.00 M M 7.1 13 50 M M 0 16 60
13 23 8 16 -6 49 0 0.00 M M 5.6 10 50 M M 2 14 50
14 20 4 12 -9 53 0 T M M 3.4 7 350 M M 6 1 9 350
15 15 -6 5 -15 60 0 0.01 M M 1.6 7 150 M M 2 1 9 190
16 20 0 10 -9 55 0 0.00 M M 5.8 10 10 M M 2 14 10
17 23 13 18 0 47 0 0.00 M M 5.5 10 30 M M 6 15 30
18 21 6 14 -3 51 0 0.00 M M 1.3 5 140 M M 8 M M
19 23 12 18 2 47 0 0.06 M 1 0.0 3 40 M M 9 1 5 160
20 21 8 15 0 50 0 T M 1 1.0 7 130 M M 9 12 9 150
21 21 16 19 5 46 0 T M 1 3.5 8 30 M M 10 1 11 20
22 21 6 14 0 51 0 0.00 M M 4.0 8 330 M M 3 1 11 350
23 25 10 18 5 47 0 0.00 M M 4.5 12 360 M M 4 16 20
24 29 15 22 10 43 0 0.13 1.7 3 3.2 8 20 M M 9 1 10 20
25 32 25 29 18 36 0 0.03 0.7 3 7.1 13 40 M M 10 1 22 40
26 31 12 22 12 43 0 0.00 M M 3.5 14 20 M M 7 1 22 50
27 20 -3 9 0 56 0 0.00 M 2 1.4 6 20 M M 8 1 7 20
28 10 5 8 0 57 0 0.01 M 3 1.1 7 330 M M 10 1 9 330
29 5 -12 -3 -11 68 0 T M M 1.4 7 330 M M 8 1 10 350
30 3 -9 -3 -10 68 0 0.05 M 3 2.5 8 30 M M 10 1 10 30
31 7 -15 -4 -10 69 0 0.09 M 3 3.1 8 350 M M 7 1 13 350
================================================================================
SM 909 466 1318 0 0.67 2.4 122.6 M 201
================================================================================
AV 29.3 15.0 4.0 FASTST M M 6 MAX(MPH)
MISC ----> 20 50 29 50
================================================================================
NOTES:
# LAST OF SEVERAL OCCURRENCES
COLUMN 17 PEAK WIND IN M.P.H.
PRELIMINARY LOCAL CLIMATOLOGICAL DATA (WS FORM: F-6) , PAGE 2
STATION: BETTLES AK
MONTH: OCTOBER
YEAR: 2020
LATITUDE: 66 55 N
LONGITUDE: 151 31 W
[TEMPERATURE DATA] [PRECIPITATION DATA] SYMBOLS USED IN COLUMN 16
AVERAGE MONTHLY: 22.2 TOTAL FOR MONTH: 0.67 1 = FOG OR MIST
DPTR FM NORMAL: 3.3 DPTR FM NORMAL: -0.37 2 = FOG REDUCING VISIBILITY
HIGHEST: 58 ON 2 GRTST 24HR 0.21 ON 3- 4 TO 1/4 MILE OR LESS
LOWEST: -15 ON 31 3 = THUNDER
SNOW, ICE PELLETS, HAIL 4 = ICE PELLETS
TOTAL MONTH: 2.4 INCHES 5 = HAIL
GRTST 24HR 1.7 ON 24-24 6 = FREEZING RAIN OR DRIZZLE
GRTST DEPTH: 3 ON 31,30 7 = DUSTSTORM OR SANDSTORM:
VSBY 1/2 MILE OR LESS
8 = SMOKE OR HAZE
[NO. OF DAYS WITH] [WEATHER - DAYS WITH] 9 = BLOWING SNOW
X = TORNADO
MAX 32 OR BELOW: 20 0.01 INCH OR MORE: 11
MAX 90 OR ABOVE: 0 0.10 INCH OR MORE: 2
MIN 32 OR BELOW: 25 0.50 INCH OR MORE: 0
MIN 0 OR BELOW: 6 1.00 INCH OR MORE: 0
[HDD (BASE 65) ]
TOTAL THIS MO. 1318 CLEAR (SCALE 0-3) 5
DPTR FM NORMAL -113 PTCLDY (SCALE 4-7) 13
TOTAL FM JUL 1 2410 CLOUDY (SCALE 8-10) 13
DPTR FM NORMAL -325
[CDD (BASE 65) ]
TOTAL THIS MO. 0
DPTR FM NORMAL 0 [PRESSURE DATA]
TOTAL FM JAN 1 6 HIGHEST SLP M ON M
DPTR FM NORMAL -30 LOWEST SLP 29.34 ON 3
[REMARKS]
#FINAL-10-20#