000
CXAK56 PAFG 010951
CF6BTT
PRELIMINARY LOCAL CLIMATOLOGICAL DATA (WS FORM: F-6)
STATION: BETTLES AK
MONTH: SEPTEMBER
YEAR: 2020
LATITUDE: 66 55 N
LONGITUDE: 151 31 W
TEMPERATURE IN F: :PCPN: SNOW: WIND :SUNSHINE: SKY :PK WND
================================================================================
1 2 3 4 5 6A 6B 7 8 9 10 11 12 13 14 15 16 17 18
12Z AVG MX 2MIN
DY MAX MIN AVG DEP HDD CDD WTR SNW DPTH SPD SPD DIR MIN PSBL S-S WX SPD DR
================================================================================
1 57 46 52 5 13 0 0.02 M M 1.9 7 280 M M 10 1 12 350
2 54 43 49 2 16 0 0.22 M M 2.8 10 210 M M 9 1 14 180
3 54 36 45 -2 20 0 T M M 1.3 7 320 M M 8 9 330
4 60 43 52 6 13 0 0.00 M M 3.0 9 280 M M 7 11 270
5 52 42 47 1 18 0 0.07 M M 4.1 9 240 M M 9 1 12 210
6 59 41 50 5 15 0 0.00 M M 4.1 14 50 M M 8 22 50
7 51 45 48 3 17 0 1.00 0.0 0 5.8 10 50 M M 10 1 20 60
8 51 46 49 5 16 0 0.05 0.0 0 5.3 14 220 M M 10 1 16 180
9 49 40 45 1 20 0 0.09 0.0 0 4.6 13 230 M M 10 1 19 230
10 49 36 43 -1 22 0 0.01 0.0 0 6.5 15 240 M M 8 1 20 240
11 55 33 44 1 21 0 0.00 M M 6.2 14 240 M M 6 19 310
12 46 26 36 -7 29 0 0.00 M M 2.3 8 210 M M 4 1 12 320
13 47 33 40 -2 25 0 T M M 1.4 7 30 M M 9 1 10 30
14 44 33 39 -3 26 0 0.05 M M 3.5 9 20 M M 9 12 20
15 47 42 45 4 20 0 0.34 M M 3.7 8 30 M M 10 1 12 40
16 54 39 47 6 18 0 0.06 M M 4.1 12 140 M M 8 1 18 140
17 53 36 45 5 20 0 0.43 M M 7.9 22 40 M M 7 1 31 40
18 52 40 46 6 19 0 0.23 M M 4.3 15 180 M M 9 1 25 180
19 46 41 44 5 21 0 0.24 M M 4.7 9 190 M M 10 1 15 200
20 47 35 41 2 24 0 T M M 2.5 8 250 M M 8 1 11 250
21 44 33 39 1 26 0 0.00 0.0 0 2.1 8 150 M M 9 1 10 160
22 45 28 37 -1 28 0 T M 0 1.1 7 140 M M 7 12 9 140
23 50 28 39 2 26 0 0.00 0.0 0 5.4 10 10 M M 5 16 20
24 44 35 40 4 25 0 T M 0 5.1 12 20 M M 9 15 20
25 43 34 39 3 26 0 0.01 M 0 4.9 8 10 M M 10 12 360
26 43 34 39 4 26 0 0.02 M M 4.6 8 360 M M 9 1 12 350
27 54 28 41 7 24 0 0.00 M M 4.5 13 50 M M 2 18 50
28 44 32 38 4 27 0 T M M 4.5 10 350 M M 8 14 350
29 48 31 40 7 25 0 0.00 M M 4.0 12 40 M M 10 15 40
30 52 37 45 13 20 0 0.00 M M 13.7 25 40 M M 7 38 50
================================================================================
SM 1494 1096 646 0 2.84 0.0 129.9 M 245
================================================================================
AV 49.8 36.5 4.3 FASTST M M 8 MAX(MPH)
MISC ----> # 25 40 # 38 50
================================================================================
NOTES:
# LAST OF SEVERAL OCCURRENCES
COLUMN 17 PEAK WIND IN M.P.H.
PRELIMINARY LOCAL CLIMATOLOGICAL DATA (WS FORM: F-6) , PAGE 2
STATION: BETTLES AK
MONTH: SEPTEMBER
YEAR: 2020
LATITUDE: 66 55 N
LONGITUDE: 151 31 W
[TEMPERATURE DATA] [PRECIPITATION DATA] SYMBOLS USED IN COLUMN 16
AVERAGE MONTHLY: 43.2 TOTAL FOR MONTH: 2.84 1 = FOG OR MIST
DPTR FM NORMAL: 2.6 DPTR FM NORMAL: 0.93 2 = FOG REDUCING VISIBILITY
HIGHEST: 60 ON 4 GRTST 24HR 1.00 ON 7- 7 TO 1/4 MILE OR LESS
LOWEST: 26 ON 12 3 = THUNDER
SNOW, ICE PELLETS, HAIL 4 = ICE PELLETS
TOTAL MONTH: 0.0 INCH 5 = HAIL
GRTST 24HR 0.0 6 = FREEZING RAIN OR DRIZZLE
GRTST DEPTH: 0 7 = DUSTSTORM OR SANDSTORM:
VSBY 1/2 MILE OR LESS
8 = SMOKE OR HAZE
[NO. OF DAYS WITH] [WEATHER - DAYS WITH] 9 = BLOWING SNOW
X = TORNADO
MAX 32 OR BELOW: 0 0.01 INCH OR MORE: 15
MAX 90 OR ABOVE: 0 0.10 INCH OR MORE: 6
MIN 32 OR BELOW: 6 0.50 INCH OR MORE: 1
MIN 0 OR BELOW: 0 1.00 INCH OR MORE: 1
[HDD (BASE 65) ]
TOTAL THIS MO. 646 CLEAR (SCALE 0-3) 1
DPTR FM NORMAL -86 PTCLDY (SCALE 4-7) 11
TOTAL FM JUL 1 1092 CLOUDY (SCALE 8-10) 18
DPTR FM NORMAL -212
[CDD (BASE 65) ]
TOTAL THIS MO. 0
DPTR FM NORMAL 0 [PRESSURE DATA]
TOTAL FM JAN 1 6 HIGHEST SLP M ON M
DPTR FM NORMAL -30 LOWEST SLP 29.40 ON 18
[REMARKS]
#FINAL-09-20#