000
CDUS41 KBTV 210530
CLIBTV


CLIMATE REPORT
NATIONAL WEATHER SERVICE BURLINGTON VT
129 AM EDT SAT APR 21 2018


...................................

...THE BURLINGTON VT CLIMATE SUMMARY FOR APRIL 20 2018...

CLIMATE NORMAL PERIOD 1981 TO 2010
CLIMATE RECORD PERIOD 1884 TO 2018


WEATHER ITEM   OBSERVED TIME   RECORD YEAR NORMAL DEPARTURE LAST
                VALUE   (LST)  VALUE       VALUE  FROM      YEAR
                                                  NORMAL
..................................................................
TEMPERATURE (F)
 YESTERDAY
  MAXIMUM         44    708 PM  86    1941  57    -13       48
  MINIMUM         33    820 AM  16    1897  37     -4       43
  AVERAGE         39                        47     -8       46

PRECIPITATION (IN)
  YESTERDAY        0.07          0.95 2011   0.09  -0.02     0.02
  MONTH TO DATE    2.74                      1.84   0.90     3.13
  SINCE MAR 1      5.37                      4.06   1.31     6.40
  SINCE JAN 1      9.31                      7.88   1.43    11.07

SNOWFALL (IN)
  YESTERDAY        0.8           4.6  1953   0.1    0.7      0.0
  MONTH TO DATE    4.2                       3.7    0.5      4.4
  SINCE MAR 1     34.3                      19.5   14.8     41.2
  SINCE JUL 1     88.7                      80.3    8.4    100.4
  SNOW DEPTH       1

DEGREE DAYS
 HEATING
  YESTERDAY       26                        18      8       19
  MONTH TO DATE  563                       451    112      353
  SINCE MAR 1   1602                      1505     97     1510
  SINCE JUL 1   6399                      6915   -516     5888

 COOLING
  YESTERDAY        0                         0      0        0
  MONTH TO DATE    0                         0      0        6
  SINCE MAR 1      0                         0      0        6
  SINCE JAN 1      0                         0      0        6
..................................................................


WIND (MPH)
  HIGHEST WIND SPEED    20   HIGHEST WIND DIRECTION    NW (300)
  HIGHEST GUST SPEED    25   HIGHEST GUST DIRECTION    NW (300)
  AVERAGE WIND SPEED     9.8


SKY COVER
  POSSIBLE SUNSHINE  MM
  AVERAGE SKY COVER 1.0


WEATHER CONDITIONS
 THE FOLLOWING WEATHER WAS RECORDED YESTERDAY.
  LIGHT SNOW
  FOG


RELATIVE HUMIDITY (PERCENT)
 HIGHEST    82           800 AM
 LOWEST     49           700 PM
 AVERAGE    66

..........................................................


THE BURLINGTON VT CLIMATE NORMALS FOR TODAY
                         NORMAL    RECORD    YEAR
 MAXIMUM TEMPERATURE (F)   58        83      1987
                                             1977
 MINIMUM TEMPERATURE (F)   37        18      1908


SUNRISE AND SUNSET
APRIL 21 2018.........SUNRISE   559 AM EDT   SUNSET   745 PM EDT
APRIL 22 2018.........SUNRISE   557 AM EDT   SUNSET   746 PM EDT


-  INDICATES NEGATIVE NUMBERS.
R  INDICATES RECORD WAS SET OR TIED.
MM INDICATES DATA IS MISSING.
T  INDICATES TRACE AMOUNT.




&&

LAKE CHAMPLAIN DATA:
LEVEL...............98.14 FEET
TEMPERATURE.........37 DEGREES

MOUNT MANSFIELD DATA:
HIGH................26 DEGREES
LOW.................19 DEGREES
PRECIPITATION.......0.64 INCHES
SNOW AT STAKE.......100 INCHES

$$
