445
CDUS41 KBTV 180531
CLIBTV


CLIMATE REPORT
NATIONAL WEATHER SERVICE BURLINGTON VT
130 AM EDT WED APR 18 2018


...................................

...THE BURLINGTON VT CLIMATE SUMMARY FOR APRIL 17 2018...

CLIMATE NORMAL PERIOD 1981 TO 2010
CLIMATE RECORD PERIOD 1884 TO 2018


WEATHER ITEM   OBSERVED TIME   RECORD YEAR NORMAL DEPARTURE LAST
                VALUE   (LST)  VALUE       VALUE  FROM      YEAR
                                                  NORMAL
..................................................................
TEMPERATURE (F)
 YESTERDAY
  MAXIMUM         45    140 PM  90    2002  56    -11       54
  MINIMUM         36   1159 PM  13    1971  36      0       41
  AVERAGE         41                        46     -5       48

PRECIPITATION (IN)
  YESTERDAY        0.11          1.07 1982   0.10   0.01      T
  MONTH TO DATE    2.64                      1.56   1.08     2.71
  SINCE MAR 1      5.27                      3.78   1.49     5.98
  SINCE JAN 1      9.21                      7.60   1.61    10.65

SNOWFALL (IN)
  YESTERDAY        T            11.3  1983   0.2   -0.2      0.0
  MONTH TO DATE    3.4                       3.4    0.0      4.4
  SINCE MAR 1     33.5                      19.2   14.3     41.2
  SINCE JUL 1     87.9                      80.0    7.9    100.4
  SNOW DEPTH       T

DEGREE DAYS
 HEATING
  YESTERDAY       24                        19      5       17
  MONTH TO DATE  489                       395     94      295
  SINCE MAR 1   1528                      1449     79     1452
  SINCE JUL 1   6325                      6859   -534     5830

 COOLING
  YESTERDAY        0                         0      0        0
  MONTH TO DATE    0                         0      0        6
  SINCE MAR 1      0                         0      0        6
  SINCE JAN 1      0                         0      0        6
..................................................................


WIND (MPH)
  HIGHEST WIND SPEED    16   HIGHEST WIND DIRECTION     W (280)
  HIGHEST GUST SPEED    23   HIGHEST GUST DIRECTION     W (290)
  AVERAGE WIND SPEED     6.1


SKY COVER
  POSSIBLE SUNSHINE  MM
  AVERAGE SKY COVER 0.9


WEATHER CONDITIONS
 THE FOLLOWING WEATHER WAS RECORDED YESTERDAY.
  LIGHT RAIN
  FOG


RELATIVE HUMIDITY (PERCENT)
 HIGHEST    92           400 AM
 LOWEST     53           400 PM
 AVERAGE    73

..........................................................


THE BURLINGTON VT CLIMATE NORMALS FOR TODAY
                         NORMAL    RECORD    YEAR
 MAXIMUM TEMPERATURE (F)   56        91      1976
 MINIMUM TEMPERATURE (F)   36        21      1948


SUNRISE AND SUNSET
APRIL 18 2018.........SUNRISE   604 AM EDT   SUNSET   741 PM EDT
APRIL 19 2018.........SUNRISE   602 AM EDT   SUNSET   742 PM EDT


-  INDICATES NEGATIVE NUMBERS.
R  INDICATES RECORD WAS SET OR TIED.
MM INDICATES DATA IS MISSING.
T  INDICATES TRACE AMOUNT.




&&

LAKE CHAMPLAIN DATA:
LEVEL...............97.90 FEET
TEMPERATURE.........37 DEGREES

MOUNT MANSFIELD DATA:
HIGH................34 DEGREES
LOW.................25 DEGREES
PRECIPITATION.......0.31 INCHES
SNOW AT STAKE.......90 INCHES

$$
