000
CDUS41 KBTV 180535
CLIBTV


CLIMATE REPORT
NATIONAL WEATHER SERVICE BURLINGTON VT
131 AM EDT FRI MAY 18 2018


...................................

...THE BURLINGTON VT CLIMATE SUMMARY FOR MAY 17 2018...

CLIMATE NORMAL PERIOD 1981 TO 2010
CLIMATE RECORD PERIOD 1884 TO 2018


WEATHER ITEM   OBSERVED TIME   RECORD YEAR NORMAL DEPARTURE LAST
                VALUE   (LST)  VALUE       VALUE  FROM      YEAR
                                                  NORMAL
..................................................................
TEMPERATURE (F)
 YESTERDAY
  MAXIMUM         69    353 PM  91    2017  68      1       91
  MINIMUM         52   1159 PM  29    1957  46      6       56
  AVERAGE         61                        57      4       74

PRECIPITATION (IN)
  YESTERDAY        0.00          1.62 1916   0.11  -0.11      T
  MONTH TO DATE    0.90                      1.76  -0.86     2.30
  SINCE MAR 1      8.37                      6.80   1.57     9.40
  SINCE JAN 1     12.31                     10.62   1.69    14.07

SNOWFALL (IN)
  YESTERDAY        0.0           0.0  2002   0.0    0.0      0.0
                                      2001
  MONTH TO DATE    0.0                       0.0    0.0      0.0
  SINCE MAR 1     34.3                      20.4   13.9     41.2
  SINCE JUL 1     88.7                      81.2    7.5    100.4
  SNOW DEPTH       0

DEGREE DAYS
 HEATING
  YESTERDAY        4                         9     -5        0
  MONTH TO DATE   85                       191   -106      206
  SINCE MAR 1   1834                      1855    -21     1833
  SINCE JUL 1   6631                      7265   -634     6211

 COOLING
  YESTERDAY        0                         0      0        9
  MONTH TO DATE   14                         0     14        9
  SINCE MAR 1     14                         2     12       24
  SINCE JAN 1     14                         2     12       24
..................................................................


WIND (MPH)
  HIGHEST WIND SPEED    18   HIGHEST WIND DIRECTION    NW (320)
  HIGHEST GUST SPEED    24   HIGHEST GUST DIRECTION     S (190)
  AVERAGE WIND SPEED    10.2


SKY COVER
  POSSIBLE SUNSHINE  MM
  AVERAGE SKY COVER 0.3


WEATHER CONDITIONS
 THE FOLLOWING WEATHER WAS RECORDED YESTERDAY.
  NO SIGNIFICANT WEATHER WAS OBSERVED.


RELATIVE HUMIDITY (PERCENT)
 HIGHEST    84           500 AM
 LOWEST     37           600 PM
 AVERAGE    61

..........................................................


THE BURLINGTON VT CLIMATE NORMALS FOR TODAY
                         NORMAL    RECORD    YEAR
 MAXIMUM TEMPERATURE (F)   68        93      2017
 MINIMUM TEMPERATURE (F)   46        29      1983


SUNRISE AND SUNSET
MAY 18 2018...........SUNRISE   522 AM EDT   SUNSET   817 PM EDT
MAY 19 2018...........SUNRISE   521 AM EDT   SUNSET   818 PM EDT


-  INDICATES NEGATIVE NUMBERS.
R  INDICATES RECORD WAS SET OR TIED.
MM INDICATES DATA IS MISSING.
T  INDICATES TRACE AMOUNT.




&&

LAKE CHAMPLAIN DATA:
LEVEL...............99.10 FEET
TEMPERATURE.........46 DEGREES

MOUNT MANSFIELD DATA:
HIGH................63 DEGREES
LOW.................49 DEGREES
PRECIPITATION.......0.00 INCHES
SNOW AT STAKE.......17 INCHES

$$
