086
CDUS41 KBTV 170532
CLIBTV


CLIMATE REPORT
NATIONAL WEATHER SERVICE BURLINGTON VT
132 AM EDT TUE APR 17 2018


...................................

...THE BURLINGTON VT CLIMATE SUMMARY FOR APRIL 16 2018...

CLIMATE NORMAL PERIOD 1981 TO 2010
CLIMATE RECORD PERIOD 1884 TO 2018


WEATHER ITEM   OBSERVED TIME   RECORD YEAR NORMAL DEPARTURE LAST
                VALUE   (LST)  VALUE       VALUE  FROM      YEAR
                                                  NORMAL
..................................................................
TEMPERATURE (F)
 YESTERDAY
  MAXIMUM         45    458 PM  86    2002  55    -10       82
  MINIMUM         31   1234 AM  18    1908  35     -4       53
  AVERAGE         38                        45     -7       68

PRECIPITATION (IN)
  YESTERDAY        0.51          1.04 1983   0.09   0.42     0.11
  MONTH TO DATE    2.53                      1.46   1.07     2.71
  SINCE MAR 1      5.16                      3.68   1.48     5.98
  SINCE JAN 1      9.10                      7.50   1.60    10.65

SNOWFALL (IN)
  YESTERDAY        T             4.3  1983   0.1   -0.1      0.0
  MONTH TO DATE    3.4                       3.2    0.2      4.4
  SINCE MAR 1     33.5                      19.0   14.5     41.2
  SINCE JUL 1     87.9                      79.8    8.1    100.4
  SNOW DEPTH       1

DEGREE DAYS
 HEATING
  YESTERDAY       27                        20      7        0
  MONTH TO DATE  465                       376     89      278
  SINCE MAR 1   1504                      1430     74     1435
  SINCE JUL 1   6301                      6840   -539     5813

 COOLING
  YESTERDAY        0                         0      0        3
  MONTH TO DATE    0                         0      0        6
  SINCE MAR 1      0                         0      0        6
  SINCE JAN 1      0                         0      0        6
..................................................................


WIND (MPH)
  HIGHEST WIND SPEED    22   HIGHEST WIND DIRECTION    SE (120)
  HIGHEST GUST SPEED    32   HIGHEST GUST DIRECTION    SE (130)
  AVERAGE WIND SPEED     7.9


SKY COVER
  POSSIBLE SUNSHINE  MM
  AVERAGE SKY COVER 1.0


WEATHER CONDITIONS
 THE FOLLOWING WEATHER WAS RECORDED YESTERDAY.
  RAIN
  LIGHT RAIN
  FREEZING RAIN
  LT FREEZING RAIN
  FOG
  HAZE


RELATIVE HUMIDITY (PERCENT)
 HIGHEST    85           100 AM
 LOWEST     65           300 PM
 AVERAGE    75

..........................................................


THE BURLINGTON VT CLIMATE NORMALS FOR TODAY
                         NORMAL    RECORD    YEAR
 MAXIMUM TEMPERATURE (F)   56        90      2002
 MINIMUM TEMPERATURE (F)   36        13      1971


SUNRISE AND SUNSET
APRIL 17 2018.........SUNRISE   605 AM EDT   SUNSET   740 PM EDT
APRIL 18 2018.........SUNRISE   604 AM EDT   SUNSET   741 PM EDT


-  INDICATES NEGATIVE NUMBERS.
R  INDICATES RECORD WAS SET OR TIED.
MM INDICATES DATA IS MISSING.
T  INDICATES TRACE AMOUNT.




&&

LAKE CHAMPLAIN DATA:
LEVEL...............97.80 FEET
TEMPERATURE.........36 DEGREES

MOUNT MANSFIELD DATA:
HIGH................31 DEGREES
LOW.................17 DEGREES
PRECIPITATION.......0.30 INCHES
SNOW AT STAKE.......88 INCHES

$$
