000
CDUS41 KBTV 200540
CLIBTV


CLIMATE REPORT
NATIONAL WEATHER SERVICE BURLINGTON VT
139 AM EDT SUN MAY 20 2018


...................................

...THE BURLINGTON VT CLIMATE SUMMARY FOR MAY 19 2018...

CLIMATE NORMAL PERIOD 1981 TO 2010
CLIMATE RECORD PERIOD 1884 TO 2018


WEATHER ITEM   OBSERVED TIME   RECORD YEAR NORMAL DEPARTURE LAST
                VALUE   (LST)  VALUE       VALUE  FROM      YEAR
                                                  NORMAL
..................................................................
TEMPERATURE (F)
 YESTERDAY
  MAXIMUM         65   1218 PM  91    1989  68     -3       74
  MINIMUM         44    239 AM  31    1987  46     -2       50
  AVERAGE         55                        57     -2       62

PRECIPITATION (IN)
  YESTERDAY        0.20          1.99 2006   0.12   0.08     0.01
  MONTH TO DATE    1.10                      2.00  -0.90     2.39
  SINCE MAR 1      8.57                      7.04   1.53     9.49
  SINCE JAN 1     12.51                     10.86   1.65    14.16

SNOWFALL (IN)
  YESTERDAY        0.0           T    1976   0.0    0.0      0.0
  MONTH TO DATE    0.0                       0.0    0.0      0.0
  SINCE MAR 1     34.3                      20.4   13.9     41.2
  SINCE JUL 1     88.7                      81.2    7.5    100.4
  SNOW DEPTH       0

DEGREE DAYS
 HEATING
  YESTERDAY       10                         8      2        3
  MONTH TO DATE  105                       208   -103      209
  SINCE MAR 1   1854                      1872    -18     1836
  SINCE JUL 1   6651                      7282   -631     6214

 COOLING
  YESTERDAY        0                         1     -1        0
  MONTH TO DATE   14                         2     12       26
  SINCE MAR 1     14                         4     10       41
  SINCE JAN 1     14                         4     10       41
..................................................................


WIND (MPH)
  HIGHEST WIND SPEED    26   HIGHEST WIND DIRECTION     S (180)
  HIGHEST GUST SPEED    38   HIGHEST GUST DIRECTION     S (180)
  AVERAGE WIND SPEED    11.0


SKY COVER
  POSSIBLE SUNSHINE  MM
  AVERAGE SKY COVER 0.7


WEATHER CONDITIONS
 THE FOLLOWING WEATHER WAS RECORDED YESTERDAY.
  LIGHT RAIN
  FOG


RELATIVE HUMIDITY (PERCENT)
 HIGHEST    89           400 PM
 LOWEST     30           900 AM
 AVERAGE    60

..........................................................


THE BURLINGTON VT CLIMATE NORMALS FOR TODAY
                         NORMAL    RECORD    YEAR
 MAXIMUM TEMPERATURE (F)   69        91      1975
 MINIMUM TEMPERATURE (F)   47        30      2002


SUNRISE AND SUNSET
MAY 20 2018...........SUNRISE   520 AM EDT   SUNSET   819 PM EDT
MAY 21 2018...........SUNRISE   519 AM EDT   SUNSET   820 PM EDT


-  INDICATES NEGATIVE NUMBERS.
R  INDICATES RECORD WAS SET OR TIED.
MM INDICATES DATA IS MISSING.
T  INDICATES TRACE AMOUNT.




&&

LAKE CHAMPLAIN DATA:
LEVEL...............98.92 FEET
TEMPERATURE.........46 DEGREES

MOUNT MANSFIELD DATA:
HIGH................59 DEGREES
LOW.................39 DEGREES
PRECIPITATION.......MISSING
SNOW AT STAKE.......12 INCHES

$$
