000
CDUS41 KBTV 020534
CLIBTV


CLIMATE REPORT
NATIONAL WEATHER SERVICE BURLINGTON VT
133 AM EDT MON APR 2 2018


...................................

...THE BURLINGTON VT CLIMATE SUMMARY FOR APRIL 1 2018...

CLIMATE NORMAL PERIOD 1981 TO 2010
CLIMATE RECORD PERIOD 1884 TO 2018


WEATHER ITEM   OBSERVED TIME   RECORD YEAR NORMAL DEPARTURE LAST
                VALUE   (LST)  VALUE       VALUE  FROM      YEAR
                                                  NORMAL
..................................................................
TEMPERATURE (F)
 YESTERDAY
  MAXIMUM         48   1205 AM  75    1986  47      1       40
  MINIMUM         29   1055 PM   5    1923  29      0       32
  AVERAGE         39                        38      1       36

PRECIPITATION (IN)
  YESTERDAY        T             0.98 1973   0.08  -0.08     0.38
  MONTH TO DATE    T                         0.08  -0.08     0.38
  SINCE MAR 1      2.63                      2.30   0.33     3.65
  SINCE JAN 1      6.57                      6.12   0.45     8.32

SNOWFALL (IN)
  YESTERDAY        0.0           7.0  1922   0.2   -0.2      4.4
  MONTH TO DATE    0.0                       0.2   -0.2      4.4
  SINCE MAR 1     30.1                      16.0   14.1     41.2
  SINCE JUL 1     84.5                      76.8    7.7    100.4
  SNOW DEPTH       0

DEGREE DAYS
 HEATING
  YESTERDAY       26                        27     -1       29
  MONTH TO DATE   26                        27     -1       29
  SINCE MAR 1   1065                      1081    -16     1186
  SINCE JUL 1   5862                      6491   -629     5564

 COOLING
  YESTERDAY        0                         0      0        0
  MONTH TO DATE    0                         0      0        0
  SINCE MAR 1      0                         0      0        0
  SINCE JAN 1      0                         0      0        0
..................................................................


WIND (MPH)
  HIGHEST WIND SPEED    24   HIGHEST WIND DIRECTION    NW (320)
  HIGHEST GUST SPEED    33   HIGHEST GUST DIRECTION     S (180)
  AVERAGE WIND SPEED    12.3


SKY COVER
  POSSIBLE SUNSHINE  MM
  AVERAGE SKY COVER 0.7


WEATHER CONDITIONS
 THE FOLLOWING WEATHER WAS RECORDED YESTERDAY.
  LIGHT RAIN


RELATIVE HUMIDITY (PERCENT)
 HIGHEST    62           600 AM
 LOWEST     32           600 PM
 AVERAGE    47

..........................................................


THE BURLINGTON VT CLIMATE NORMALS FOR TODAY
                         NORMAL    RECORD    YEAR
 MAXIMUM TEMPERATURE (F)   48        79      2010
 MINIMUM TEMPERATURE (F)   29        10      1911


SUNRISE AND SUNSET
APRIL  2 2018.........SUNRISE   632 AM EDT   SUNSET   721 PM EDT
APRIL  3 2018.........SUNRISE   630 AM EDT   SUNSET   722 PM EDT


-  INDICATES NEGATIVE NUMBERS.
R  INDICATES RECORD WAS SET OR TIED.
MM INDICATES DATA IS MISSING.
T  INDICATES TRACE AMOUNT.




&&

LAKE CHAMPLAIN DATA:
LEVEL...............96.43 FEET
TEMPERATURE.........36 DEGREES

MOUNT MANSFIELD DATA:
HIGH................33 DEGREES
LOW.................19 DEGREES
PRECIPITATION.......0.05 INCHES
SNOW AT STAKE.......80 INCHES

$$
