529
CDUS41 KBTV 090534
CLIBTV


CLIMATE REPORT
NATIONAL WEATHER SERVICE BURLINGTON VT
133 AM EDT WED MAY 9 2018


...................................

...THE BURLINGTON VT CLIMATE SUMMARY FOR MAY 8 2018...

CLIMATE NORMAL PERIOD 1981 TO 2010
CLIMATE RECORD PERIOD 1884 TO 2018


WEATHER ITEM   OBSERVED TIME   RECORD YEAR NORMAL DEPARTURE LAST
                VALUE   (LST)  VALUE       VALUE  FROM      YEAR
                                                  NORMAL
..................................................................
TEMPERATURE (F)
 YESTERDAY
  MAXIMUM         77        MM  89    1936  65     12       47
  MINIMUM         38        MM  25    1962  43     -5       37
  AVERAGE         58                        54      4       42

PRECIPITATION (IN)
  YESTERDAY        0.00          1.23 2012   0.10  -0.10     0.05
  MONTH TO DATE    0.29                      0.81  -0.52     1.67
  SINCE MAR 1      7.76                      5.85   1.91     8.77
  SINCE JAN 1     11.70                      9.67   2.03    13.44

SNOWFALL (IN)
  YESTERDAY        0.0           1.2  1967   0.0    0.0      0.0
  MONTH TO DATE    0.0                       0.2   -0.2      0.0
  SINCE MAR 1     34.3                      20.6   13.7     41.2
  SINCE JUL 1     88.7                      81.4    7.3    100.4
  SNOW DEPTH       0

DEGREE DAYS
 HEATING
  YESTERDAY        7                        11     -4       23
  MONTH TO DATE   31                       101    -70      111
  SINCE MAR 1   1780                      1765     15     1738
  SINCE JUL 1   6577                      7175   -598     6116

 COOLING
  YESTERDAY        0                         0      0        0
  MONTH TO DATE   14                         0     14        0
  SINCE MAR 1     14                         2     12       15
  SINCE JAN 1     14                         2     12       15
..................................................................


WIND (MPH)
  HIGHEST WIND SPEED    10   HIGHEST WIND DIRECTION     S (170)
  HIGHEST GUST SPEED    MM   HIGHEST GUST DIRECTION    MM
  AVERAGE WIND SPEED     3.6


SKY COVER
  POSSIBLE SUNSHINE  MM
  AVERAGE SKY COVER 0.0


WEATHER CONDITIONS
 THE FOLLOWING WEATHER WAS RECORDED YESTERDAY.
  NO SIGNIFICANT WEATHER WAS OBSERVED.


RELATIVE HUMIDITY (PERCENT)
 HIGHEST    76           300 AM
 LOWEST     18           400 PM
 AVERAGE    47

..........................................................


THE BURLINGTON VT CLIMATE NORMALS FOR TODAY
                         NORMAL    RECORD    YEAR
 MAXIMUM TEMPERATURE (F)   65        92      1979
 MINIMUM TEMPERATURE (F)   43        28      1985
                                             1950


SUNRISE AND SUNSET
MAY  9 2018...........SUNRISE   532 AM EDT   SUNSET   806 PM EDT
MAY 10 2018...........SUNRISE   531 AM EDT   SUNSET   808 PM EDT


-  INDICATES NEGATIVE NUMBERS.
R  INDICATES RECORD WAS SET OR TIED.
MM INDICATES DATA IS MISSING.
T  INDICATES TRACE AMOUNT.

&&

LAKE CHAMPLAIN DATA:
LEVEL...............99.94 FEET
TEMPERATURE.........40 DEGREES

MOUNT MANSFIELD DATA:
HIGH................61 DEGREES
LOW.................40 DEGREES
PRECIPITATION.......0.00 INCHES
SNOW AT STAKE.......37 INCHES

$$
