000
CDUS41 KBTV 292024
CLIBTV

CLIMATE REPORT
NATIONAL WEATHER SERVICE BURLINGTON VT
423 PM EDT SUN APR 29 2018

...................................

...THE BURLINGTON VT CLIMATE SUMMARY FOR APRIL 29 2018...
VALID TODAY AS OF 0400 PM LOCAL TIME.

CLIMATE NORMAL PERIOD 1981 TO 2010
CLIMATE RECORD PERIOD 1884 TO 2018


WEATHER ITEM   OBSERVED TIME   RECORD YEAR NORMAL DEPARTURE LAST
                VALUE   (LST)  VALUE       VALUE  FROM      YEAR
                                                  NORMAL
..................................................................
TEMPERATURE (F)
 TODAY
  MAXIMUM         50    106 AM  85    1986  61    -11       73
  MINIMUM         39    245 PM  24    1934  40     -1       43
                                      1909
  AVERAGE         45                        51     -6       58

PRECIPITATION (IN)
  TODAY            0.43          0.76 1956   0.11   0.32     0.00
  MONTH TO DATE    4.35                      2.72   1.63     3.81
  SINCE MAR 1      6.98                      4.94   2.04     7.08
  SINCE JAN 1     10.92                      8.76   2.16    11.75

SNOWFALL (IN)
  TODAY            0.0           0.7  1966   0.0    0.0      0.0
  MONTH TO DATE    4.2                       4.5   -0.3      4.4
  SINCE MAR 1     34.3                      20.3   14.0     41.2
  SINCE JUL 1     88.7                      81.1    7.6    100.4
  SNOW DEPTH       0

DEGREE DAYS
 HEATING
  TODAY           20                        15      5        7
  MONTH TO DATE  688                       597     91      447
  SINCE MAR 1   1727                      1651     76     1604
  SINCE JUL 1   6524                      7061   -537     5982

 COOLING
  TODAY            0                         0      0        0
  MONTH TO DATE    0                         0      0       15
  SINCE MAR 1      0                         0      0       15
  SINCE JAN 1      0                         0      0       15
..................................................................


WIND (MPH)
  HIGHEST WIND SPEED    15   HIGHEST WIND DIRECTION     N (360)
  HIGHEST GUST SPEED    19   HIGHEST GUST DIRECTION     N (350)
  AVERAGE WIND SPEED    10.0


SKY COVER
  POSSIBLE SUNSHINE  MM
  AVERAGE SKY COVER 0.9


WEATHER CONDITIONS
 THE FOLLOWING WEATHER WAS RECORDED TODAY.
  RAIN
  LIGHT RAIN
  FOG


RELATIVE HUMIDITY (PERCENT)
 HIGHEST    93           100 AM
 LOWEST     83          1200 PM
 AVERAGE    88

..........................................................


THE BURLINGTON VT CLIMATE NORMALS FOR TOMORROW
                         NORMAL    RECORD    YEAR
 MAXIMUM TEMPERATURE (F)   62        84      2004
 MINIMUM TEMPERATURE (F)   40        27      2012
                                             1978
                                             1967


SUNRISE AND SUNSET
APRIL 29 2018.........SUNRISE   546 AM EDT   SUNSET   754 PM EDT
APRIL 30 2018.........SUNRISE   545 AM EDT   SUNSET   756 PM EDT


-  INDICATES NEGATIVE NUMBERS.
R  INDICATES RECORD WAS SET OR TIED.
MM INDICATES DATA IS MISSING.
T  INDICATES TRACE AMOUNT.


$$
