725
CDUS41 KBTV 190526
CLIBTV


CLIMATE REPORT
NATIONAL WEATHER SERVICE BURLINGTON VT
125 AM EDT THU APR 19 2018


...................................

...THE BURLINGTON VT CLIMATE SUMMARY FOR APRIL 18 2018...

CLIMATE NORMAL PERIOD 1981 TO 2010
CLIMATE RECORD PERIOD 1884 TO 2018


WEATHER ITEM   OBSERVED TIME   RECORD YEAR NORMAL DEPARTURE LAST
                VALUE   (LST)  VALUE       VALUE  FROM      YEAR
                                                  NORMAL
..................................................................
TEMPERATURE (F)
 YESTERDAY
  MAXIMUM         49   1249 PM  91    1976  56     -7       52
  MINIMUM         34    644 AM  21    1948  36     -2       37
  AVERAGE         42                        46     -4       45

PRECIPITATION (IN)
  YESTERDAY        0.01          0.76 1985   0.10  -0.09     0.00
  MONTH TO DATE    2.65                      1.66   0.99     2.71
  SINCE MAR 1      5.28                      3.88   1.40     5.98
  SINCE JAN 1      9.22                      7.70   1.52    10.65

SNOWFALL (IN)
  YESTERDAY        T             8.5  1997   0.1   -0.1      0.0
  MONTH TO DATE    3.4                       3.5   -0.1      4.4
  SINCE MAR 1     33.5                      19.3   14.2     41.2
  SINCE JUL 1     87.9                      80.1    7.8    100.4
  SNOW DEPTH       0

DEGREE DAYS
 HEATING
  YESTERDAY       23                        19      4       20
  MONTH TO DATE  512                       414     98      315
  SINCE MAR 1   1551                      1468     83     1472
  SINCE JUL 1   6348                      6878   -530     5850

 COOLING
  YESTERDAY        0                         0      0        0
  MONTH TO DATE    0                         0      0        6
  SINCE MAR 1      0                         0      0        6
  SINCE JAN 1      0                         0      0        6
..................................................................


WIND (MPH)
  HIGHEST WIND SPEED    18   HIGHEST WIND DIRECTION     W (280)
  HIGHEST GUST SPEED    24   HIGHEST GUST DIRECTION    NW (300)
  AVERAGE WIND SPEED     7.8


SKY COVER
  POSSIBLE SUNSHINE  MM
  AVERAGE SKY COVER 1.0


WEATHER CONDITIONS
 THE FOLLOWING WEATHER WAS RECORDED YESTERDAY.
  LIGHT SNOW
  FOG


RELATIVE HUMIDITY (PERCENT)
 HIGHEST    82           800 AM
 LOWEST     49           400 PM
 AVERAGE    66

..........................................................


THE BURLINGTON VT CLIMATE NORMALS FOR TODAY
                         NORMAL    RECORD    YEAR
 MAXIMUM TEMPERATURE (F)   57        91      1976
 MINIMUM TEMPERATURE (F)   36        22      1918


SUNRISE AND SUNSET
APRIL 19 2018.........SUNRISE   602 AM EDT   SUNSET   742 PM EDT
APRIL 20 2018.........SUNRISE   600 AM EDT   SUNSET   743 PM EDT


-  INDICATES NEGATIVE NUMBERS.
R  INDICATES RECORD WAS SET OR TIED.
MM INDICATES DATA IS MISSING.
T  INDICATES TRACE AMOUNT.




&&

LAKE CHAMPLAIN DATA:
LEVEL...............98.04 FEET
TEMPERATURE.........37 DEGREES

MOUNT MANSFIELD DATA:
HIGH................29 DEGREES
LOW.................20 DEGREES
PRECIPITATION.......0.02 INCHES
SNOW AT STAKE.......90 INCHES

$$
