000
CDUS41 KBTV 150527
CLIBTV


CLIMATE REPORT
NATIONAL WEATHER SERVICE BURLINGTON VT
126 AM EDT SUN APR 15 2018


...................................

...THE BURLINGTON VT CLIMATE SUMMARY FOR APRIL 14 2018...

CLIMATE NORMAL PERIOD 1981 TO 2010
CLIMATE RECORD PERIOD 1884 TO 2018


WEATHER ITEM   OBSERVED TIME   RECORD YEAR NORMAL DEPARTURE LAST
                VALUE   (LST)  VALUE       VALUE  FROM      YEAR
                                                  NORMAL
..................................................................
TEMPERATURE (F)
 YESTERDAY
  MAXIMUM         44   1229 AM  84    1968  54    -10       61
  MINIMUM         24   1159 PM  17    1973  34    -10       30
                                      1923
  AVERAGE         34                        44    -10       46

PRECIPITATION (IN)
  YESTERDAY        0.38          0.64 1979   0.09   0.29     0.00
  MONTH TO DATE    1.70                      1.27   0.43     2.16
  SINCE MAR 1      4.33                      3.49   0.84     5.43
  SINCE JAN 1      8.27                      7.31   0.96    10.10

SNOWFALL (IN)
  YESTERDAY        0.7           4.6  1943   0.1    0.6      0.0
  MONTH TO DATE    2.8                       2.9   -0.1      4.4
  SINCE MAR 1     32.9                      18.7   14.2     41.2
  SINCE JUL 1     87.3                      79.5    7.8    100.4
  SNOW DEPTH       0

DEGREE DAYS
 HEATING
  YESTERDAY       31                        21     10       19
  MONTH TO DATE  402                       336     66      263
  SINCE MAR 1   1441                      1390     51     1420
  SINCE JUL 1   6238                      6800   -562     5798

 COOLING
  YESTERDAY        0                         0      0        0
  MONTH TO DATE    0                         0      0        3
  SINCE MAR 1      0                         0      0        3
  SINCE JAN 1      0                         0      0        3
..................................................................


WIND (MPH)
  HIGHEST WIND SPEED    21   HIGHEST WIND DIRECTION     N (340)
  HIGHEST GUST SPEED    26   HIGHEST GUST DIRECTION     N (360)
  AVERAGE WIND SPEED    11.9


SKY COVER
  POSSIBLE SUNSHINE  MM
  AVERAGE SKY COVER 1.0


WEATHER CONDITIONS
 THE FOLLOWING WEATHER WAS RECORDED YESTERDAY.
  LIGHT RAIN
  FREEZING RAIN
  LT FREEZING RAIN
  SNOW
  LIGHT SNOW
  FOG
  HAZE


RELATIVE HUMIDITY (PERCENT)
 HIGHEST    96           100 AM
 LOWEST     43           900 AM
 AVERAGE    70

..........................................................


THE BURLINGTON VT CLIMATE NORMALS FOR TODAY
                         NORMAL    RECORD    YEAR
 MAXIMUM TEMPERATURE (F)   55        82      2003
 MINIMUM TEMPERATURE (F)   35        18      1926


SUNRISE AND SUNSET
APRIL 15 2018.........SUNRISE   609 AM EDT   SUNSET   737 PM EDT
APRIL 16 2018.........SUNRISE   607 AM EDT   SUNSET   738 PM EDT


-  INDICATES NEGATIVE NUMBERS.
R  INDICATES RECORD WAS SET OR TIED.
MM INDICATES DATA IS MISSING.
T  INDICATES TRACE AMOUNT.

&&

LAKE CHAMPLAIN DATA:
LEVEL...............97.42 FEET
TEMPERATURE.........37 DEGREES

MOUNT MANSFIELD DATA:
HIGH................37 DEGREES
LOW.................MISSING
PRECIPITATION.......MISSING
SNOW AT STAKE.......83 INCHES

$$
