000
CXUS51 KBTV 010953
CLMBTV
CLIMATE REPORT
NATIONAL WEATHER SERVICE BURLINGTON VT
453 AM EST THU FEB 01 2024
...................................
...THE BURLINGTON VT CLIMATE SUMMARY FOR THE MONTH OF JANUARY 2024...
CLIMATE NORMAL PERIOD: 1991 TO 2020
CLIMATE RECORD PERIOD: 1884 TO 2024
WEATHER OBSERVED NORMAL DEPART LAST YEAR`S
VALUE DATE(S) VALUE FROM VALUE DATE(S)
NORMAL
................................................................
TEMPERATURE (F)
RECORD
HIGH 66 01/15/1995
LOW -30 01/15/1957
HIGHEST 47 01/10 25 22 51 01/01
LOWEST 3 01/22 8 -5 7 01/31
AVG. MAXIMUM 32.3 28.9 3.4 34.8
AVG. MINIMUM 21.6 12.9 8.7 23.6
MEAN 27.0 20.9 6.1 29.2
DAYS MAX >= 90 0 0.0 0.0 0
DAYS MAX <= 32 14 19.4 -5.4 11
DAYS MIN <= 32 29 28.7 0.3 27
DAYS MIN <= 0 0 7.3 -7.3 0
PRECIPITATION (INCHES)
RECORD
MAXIMUM 5.15 1998
MINIMUM 0.42 1989
TOTALS 3.08 2.13 0.95 3.40
DAILY AVG. 0.10 0.07 0.03 0.11
DAYS >= .01 15 14.7 0.3 21
DAYS >= .10 9 5.6 3.4 10
DAYS >= .50 1 1.1 -0.1 2
DAYS >= 1.00 0 0.3 -0.3 0
GREATEST
24 HR. TOTAL 0.82 01/09 TO 01/10 0.89 01/04 TO 01/05
STORM TOTAL 0.53 0.66
(MM/DD(HH)) MM
SNOWFALL (INCHES)
RECORDS
TOTAL 48.4 2010
TOTALS 19.9 21.1 -1.2 19.9
SINCE 7/1 27.8 46.6 -18.8 MM
SNOWDEPTH AVG. 2 4
DAYS >= 1.0 6 6.1 -0.1 8
GREATEST
SNOW DEPTH 7 01/07 11 01/26
01/08
01/27
01/31
24 HR TOTAL MM MM
DEGREE DAYS
HEATING TOTAL 1171 1367 -196 1100
SINCE 7/1 3316 3896 -580 MM
COOLING TOTAL 0 0 0 0
SINCE 1/1 0 0 0 MM
................................................................
WIND (MPH)
AVERAGE WIND SPEED 7.5
HIGHEST WIND SPEED/DIRECTION 46/150 DATE 01/10
HIGHEST GUST SPEED/DIRECTION 69/150 DATE 01/10
SKY COVER
POSSIBLE SUNSHINE (PERCENT) MM
AVERAGE SKY COVER 0.88
NUMBER OF DAYS FAIR 0
NUMBER OF DAYS PC 7
NUMBER OF DAYS CLOUDY 24
AVERAGE RH (PERCENT) 74
WEATHER CONDITIONS. NUMBER OF DAYS WITH
THUNDERSTORM 0 MIXED PRECIP 0
HEAVY RAIN 2 RAIN 5
LIGHT RAIN 6 FREEZING RAIN 0
LT FREEZING RAIN 1 HAIL 0
HEAVY SNOW 2 SNOW 5
LIGHT SNOW 24 SLEET 2
FOG 22 FOG W/VIS <= 1/4 MILE 4
HAZE 6
- INDICATES NEGATIVE NUMBERS.
R INDICATES RECORD WAS SET OR TIED.
MM INDICATES DATA IS MISSING.
T INDICATES TRACE AMOUNT.
$$