444
CXUS51 KBUF 012206
CLMBUF


CLIMATE REPORT
NATIONAL WEATHER SERVICE BUFFALO NY
541 PM EDT TUE MAY 1 2018

...................................

...THE BUFFALO NY CLIMATE SUMMARY FOR THE MONTH OF APRIL 2018...

CLIMATE NORMAL PERIOD 1981 TO 2010
CLIMATE RECORD PERIOD 1871 TO 2018

WEATHER         OBSERVED          NORMAL  DEPART  LAST YEAR`S
                 VALUE   DATE(S)  VALUE   FROM    VALUE  DATE(S)
                                          NORMAL
................................................................
TEMPERATURE (F)
RECORD
 HIGH              94   04/28/1990
 LOW                5   04/01/1923
HIGHEST            74   04/23                         85  04/27
LOWEST             23   04/07                         31  04/08
AVG. MAXIMUM     46.9              55.0    -8.1     60.3
AVG. MINIMUM     31.4              36.8    -5.4     40.8
MEAN             39.2              45.9    -6.7     50.5
DAYS MAX >= 90      0               0.0     0.0        0
DAYS MAX <= 32      1               0.5     0.5        0
DAYS MIN <= 32     20               8.5    11.5        2
DAYS MIN <= 0       0               0.0     0.0        0

PRECIPITATION (INCHES)
RECORD
 MAXIMUM         6.38   2017
 MINIMUM         0.59   1915
TOTALS           3.99              3.01    0.98     6.38
DAYS >= .01        18                                 13
DAYS >= .10        10                                  8
DAYS >= .50         3                                  3
DAYS >= 1.00        1                                  3
GREATEST
 24 HR. TOTAL    1.33   04/16

SNOWFALL (INCHES)
RECORDS
 TOTAL           15.7   1885
TOTALS            6.9               2.7     4.2      2.3
SINCE 7/1       112.3              94.4    17.9
SNOWDEPTH AVG.      0                MM      MM        0
DAYS >= 1.0         2               0.8     1.2        1
GREATEST
 SNOW DEPTH         1   04/19                          1  04/08
                        04/18                             04/07
                        04/17
 24 HR TOTAL      2.0   04/06 TO 04/06

DEGREE_DAYS
HEATING TOTAL     768               576     192      432
 SINCE 7/1       6312              6281      31     5308
COOLING TOTAL       0                 3      -3        6
 SINCE 1/1          0                 3      -3        6
.................................................................

WIND (MPH)
AVERAGE WIND SPEED              11.4
HIGHEST WIND SPEED/DIRECTION    47/230    DATE  04/04
HIGHEST GUST SPEED/DIRECTION    63/210    DATE  04/04

SKY COVER
POSSIBLE SUNSHINE (PERCENT)   MM
NUMBER OF DAYS FAIR            4
NUMBER OF DAYS PC             10
NUMBER OF DAYS CLOUDY         16

AVERAGE RH (PERCENT)     72

WEATHER CONDITIONS. NUMBER OF DAYS WITH
THUNDERSTORM              3     MIXED PRECIP               0
HEAVY RAIN                2     RAIN                       7
LIGHT RAIN               15     FREEZING RAIN              1
LT FREEZING RAIN          2     HAIL                       1
HEAVY SNOW                3     SNOW                       8
LIGHT SNOW               13     SLEET                      2
FOG                      19     FOG W/VIS <= 1/4 MILE      2
HAZE                      7

-  INDICATES NEGATIVE NUMBERS.
R  INDICATES RECORD WAS SET OR TIED.
MM INDICATES DATA IS MISSING.
T  INDICATES TRACE AMOUNT.

$$
