000
CXUS53 KLMK 010810
CF6BWG
PRELIMINARY LOCAL CLIMATOLOGICAL DATA (WS FORM: F-6)
STATION: BOWLING GREEN KY
MONTH: JANUARY
YEAR: 2022
LATITUDE: 36 58 N
LONGITUDE: 86 26 W
TEMPERATURE IN F: :PCPN: SNOW: WIND :SUNSHINE: SKY :PK WND
================================================================================
1 2 3 4 5 6A 6B 7 8 9 10 11 12 13 14 15 16 17 18
12Z AVG MX 2MIN
DY MAX MIN AVG DEP HDD CDD WTR SNW DPTH SPD SPD DIR MIN PSBL S-S WX SPD DR
================================================================================
1 75 58 67 29 0 2 2.59 0.0 0 5.2 25 200 M M 10 138 36 190
2 58 33 46 8 19 0 0.10 T 0 7.3 16 10 M M 10 1 26 340
3 38 27 33 -5 32 0 0.00 0.0 0 4.6 14 10 M M 2 26 330
4 48 22 35 -3 30 0 0.00 0.0 0 10.1 26 190 M M 0 1 36 190
5 54 33 44 7 21 0 0.00 0.0 0 10.9 20 210 M M 0 29 200
6 33 12 23 -14 42 0 0.33 6.3 0 5.8 13 290 M M 7 12 20 340
7 21 1 11 -26 54 0 0.00 0.0 6 3.1 10 280 M M 0 14 270
8 51 11 31 -6 34 0 0.05 0.0 4 5.9 18 170 M M 5 26 190
9 51 29 40 3 25 0 1.62 0.0 0 7.6 18 190 M M 8 3 29 320
10 40 23 32 -5 33 0 0.00 0.0 0 4.1 14 250 M M 0 20 220
11 41 22 32 -5 33 0 0.00 0.0 0 4.0 9 190 M M 0 13 190
12 56 30 43 6 22 0 0.00 0.0 0 8.7 21 220 M M 0 26 230
13 53 38 46 9 19 0 0.00 0.0 0 5.9 14 280 M M 1 20 260
14 52 28 40 3 25 0 0.00 0.0 0 3.3 13 50 M M 1 18 15 60
15 45 35 40 3 25 0 0.00 0.0 0 12.1 18 60 M M 8 18 26 40
16 37 31 34 -3 31 0 0.17 0.2 0 7.7 15 50 M M 8 16 22 50
17 34 23 29 -8 36 0 0.01 0.5 T 6.9 18 280 M M 8 18 27 280
18 48 20 34 -3 31 0 0.00 0.0 T 5.8 15 170 M M 0 18 20 160
19 49 29 39 2 26 0 0.63 2.4 2 7.3 15 200 M M 9 1 23 320
20 29 22 26 -11 39 0 0.01 0.2 3 6.8 12 20 M M 9 1 20 340
21 30 15 23 -14 42 0 0.00 0.0 1 6.1 16 50 M M 1 22 40
22 31 10 21 -16 44 0 0.00 0.0 1 3.0 13 200 M M 0 1 17 210
23 47 22 35 -2 30 0 0.00 0.0 T 6.7 18 240 M M 3 26 220
24 57 25 41 4 24 0 0.00 0.0 0 6.7 17 220 M M 5 24 220
25 42 22 32 -5 33 0 0.00 0.0 0 6.4 12 320 M M 5 20 340
26 32 16 24 -13 41 0 0.00 0.0 0 2.4 9 40 M M 0 14 360
27 44 17 31 -7 34 0 0.00 0.0 0 3.1 9 230 M M 7 15 320
28 41 20 31 -7 34 0 0.01 0.7 T 8.7 17 300 M M 10 1 27 310
29 32 10 21 -17 44 0 0.00 0.0 T 4.6 13 200 M M 0 20 310
30 52 27 40 2 25 0 0.00 0.0 0 7.3 15 290 M M 0 22 300
31 50 23 37 -1 28 0 0.00 0.0 0 1.5 7 170 M M 1 11 200
================================================================================
SM 1371 734 956 2 5.52 10.3 189.6 M 118
================================================================================
AV 44.2 23.7 6.1 FASTST M M 4 MAX(MPH)
MISC ----> 26 190 # 36 190
================================================================================
NOTES:
# LAST OF SEVERAL OCCURRENCES
COLUMN 17 PEAK WIND IN M.P.H.
PRELIMINARY LOCAL CLIMATOLOGICAL DATA (WS FORM: F-6) , PAGE 2
STATION: BOWLING GREEN KY
MONTH: JANUARY
YEAR: 2022
LATITUDE: 36 58 N
LONGITUDE: 86 26 W
[TEMPERATURE DATA] [PRECIPITATION DATA] SYMBOLS USED IN COLUMN 16
AVERAGE MONTHLY: 34.0 TOTAL FOR MONTH: 5.52 1 = FOG OR MIST
DPTR FM NORMAL: -3.2 DPTR FM NORMAL: 1.88 2 = FOG REDUCING VISIBILITY
HIGHEST: 75 ON 1 GRTST 24HR 2.59 ON 1- 1 TO 1/4 MILE OR LESS
LOWEST: 1 ON 7 3 = THUNDER
SNOW, ICE PELLETS, HAIL 4 = ICE PELLETS
TOTAL MONTH: 10.3 INCHES 5 = HAIL
GRTST 24HR 6.3 ON 6- 6 6 = FREEZING RAIN OR DRIZZLE
GRTST DEPTH: 6 ON 7 7 = DUSTSTORM OR SANDSTORM:
VSBY 1/2 MILE OR LESS
8 = SMOKE OR HAZE
[NO. OF DAYS WITH] [WEATHER - DAYS WITH] 9 = BLOWING SNOW
X = TORNADO
MAX 32 OR BELOW: 6 0.01 INCH OR MORE: 10
MAX 90 OR ABOVE: 0 0.10 INCH OR MORE: 6
MIN 32 OR BELOW: 26 0.50 INCH OR MORE: 3
MIN 0 OR BELOW: 0 1.00 INCH OR MORE: 2
[HDD (BASE 65) ]
TOTAL THIS MO. 956 CLEAR (SCALE 0-3) 16
DPTR FM NORMAL 96 PTCLDY (SCALE 4-7) 7
TOTAL FM JUL 1 2100 CLOUDY (SCALE 8-10) 8
DPTR FM NORMAL -248
[CDD (BASE 65) ]
TOTAL THIS MO. 2
DPTR FM NORMAL 2 [PRESSURE DATA]
TOTAL FM JAN 1 2 HIGHEST SLP M ON M
DPTR FM NORMAL 2 LOWEST SLP 29.51 ON 1
[REMARKS]
#FINAL-01-22#