000
CXUS53 KLMK 010810
CF6BWG
PRELIMINARY LOCAL CLIMATOLOGICAL DATA (WS FORM: F-6)
STATION: BOWLING GREEN KY
MONTH: DECEMBER
YEAR: 2021
LATITUDE: 36 58 N
LONGITUDE: 86 26 W
TEMPERATURE IN F: :PCPN: SNOW: WIND :SUNSHINE: SKY :PK WND
================================================================================
1 2 3 4 5 6A 6B 7 8 9 10 11 12 13 14 15 16 17 18
12Z AVG MX 2MIN
DY MAX MIN AVG DEP HDD CDD WTR SNW DPTH SPD SPD DIR MIN PSBL S-S WX SPD DR
================================================================================
1 64 37 51 7 14 0 0.03 0.0 0 5.3 20 210 M M 5 25 240
2 72 44 58 15 7 0 0.00 0.0 0 7.6 18 220 M M 2 1 25 220
3 75 37 56 13 9 0 0.00 0.0 0 4.1 15 230 M M 0 21 230
4 63 48 56 13 9 0 0.00 0.0 0 5.5 16 50 M M 5 18 22 50
5 72 43 58 15 7 0 0.18 0.0 0 11.0 23 190 M M 6 13 33 190
6 67 31 49 7 16 0 1.32 0.0 0 8.3 29 190 M M 5 13 38 190
7 43 26 35 -7 30 0 0.00 0.0 0 3.8 12 70 M M 1 17 90
8 51 29 40 -2 25 0 0.00 0.0 0 2.4 10 280 M M 3 15 280
9 63 28 46 4 19 0 0.00 0.0 0 9.8 28 200 M M 4 36 200
10 72 58 65 23 0 0 0.15 0.0 0 11.8 25 190 M M 10 18 36 190
11 73 30 52 11 13 0 0.51 0.0 0 21.9 44 230 M M 8 3 63 220
12 50 26 38 -3 27 0 0.00 0.0 0 M 8 160 M M M 11 180
13 58 26 42 1 23 0 0.00 0.0 0 M 14 210 M M M 20 190
14 65 31 48 7 17 0 0.00 0.0 0 2.6 10 120 M M M 13 140
15 68 47 58 18 7 0 0.00 0.0 0 13.8 23 180 M M M 35 180
16 66 52 59 19 6 0 0.18 0.0 0 10.6 24 210 M M M 37 190
17 62 47 55 15 10 0 0.26 0.0 0 5.4 14 190 M M 7 18 20 190
18 67 41 54 14 11 0 0.08 0.0 0 7.4 16 300 M M 8 1 27 290
19 45 31 38 -2 27 0 0.00 0.0 0 7.0 16 40 M M 7 22 40
20 48 24 36 -4 29 0 0.00 0.0 0 1.7 13 220 M M 1 18 16 220
21 50 29 40 0 25 0 0.00 0.0 0 2.5 12 200 M M 3 1 19 190
22 45 27 36 -3 29 0 0.00 0.0 0 3.2 10 330 M M 0 18 300
23 60 23 42 3 23 0 0.00 0.0 0 8.3 20 200 M M 1 28 190
24 65 53 59 20 6 0 0.00 0.0 0 14.9 25 190 M M 7 34 190
25 76 57 67 28 0 2 0.00 0.0 0 11.4 24 230 M M 7 34 220
26 58 48 53 14 12 0 0.00 0.0 0 4.3 9 140 M M 8 128 15 60
27 71 57 64 26 1 0 0.07 0.0 0 10.4 20 180 M M 8 1 30 220
28 72 50 61 23 4 0 0.50 0.0 0 10.0 25 180 M M 10 1 38 200
29 66 48 57 19 8 0 0.11 0.0 0 2.2 9 70 M M 5 12 14 280
30 58 44 51 13 14 0 0.00 0.0 0 4.4 9 210 M M 8 12 11 190
31 69 43 56 18 9 0 0.26 0.0 0 7.0 17 210 M M 7 1 24 230
================================================================================
SM 1934 1215 437 2 3.65 0.0 218.6 M 136
================================================================================
AV 62.4 39.2 7.5 FASTST M M 5 MAX(MPH)
MISC ----> 44 230 63 220
================================================================================
NOTES:
# LAST OF SEVERAL OCCURRENCES
COLUMN 17 PEAK WIND IN M.P.H.
PRELIMINARY LOCAL CLIMATOLOGICAL DATA (WS FORM: F-6) , PAGE 2
STATION: BOWLING GREEN KY
MONTH: DECEMBER
YEAR: 2021
LATITUDE: 36 58 N
LONGITUDE: 86 26 W
[TEMPERATURE DATA] [PRECIPITATION DATA] SYMBOLS USED IN COLUMN 16
AVERAGE MONTHLY: 50.8 TOTAL FOR MONTH: 3.65 1 = FOG OR MIST
DPTR FM NORMAL: 10.3 DPTR FM NORMAL: -0.70 2 = FOG REDUCING VISIBILITY
HIGHEST: 76 ON 25 GRTST 24HR 1.50 ON 5- 6 TO 1/4 MILE OR LESS
LOWEST: 23 ON 23 3 = THUNDER
SNOW, ICE PELLETS, HAIL 4 = ICE PELLETS
TOTAL MONTH: 0.0 INCH 5 = HAIL
GRTST 24HR 0.0 6 = FREEZING RAIN OR DRIZZLE
GRTST DEPTH: 0 7 = DUSTSTORM OR SANDSTORM:
VSBY 1/2 MILE OR LESS
8 = SMOKE OR HAZE
[NO. OF DAYS WITH] [WEATHER - DAYS WITH] 9 = BLOWING SNOW
X = TORNADO
MAX 32 OR BELOW: 0 0.01 INCH OR MORE: 12
MAX 90 OR ABOVE: 0 0.10 INCH OR MORE: 9
MIN 32 OR BELOW: 13 0.50 INCH OR MORE: 3
MIN 0 OR BELOW: 0 1.00 INCH OR MORE: 1
[HDD (BASE 65) ]
TOTAL THIS MO. 437 CLEAR (SCALE 0-3) 7
DPTR FM NORMAL -323 PTCLDY (SCALE 4-7) 16
TOTAL FM JUL 1 1144 CLOUDY (SCALE 8-10) 8
DPTR FM NORMAL -343
[CDD (BASE 65) ]
TOTAL THIS MO. 2
DPTR FM NORMAL 2 [PRESSURE DATA]
TOTAL FM JAN 1 1707 HIGHEST SLP M ON M
DPTR FM NORMAL 31 LOWEST SLP 29.61 ON 28
[REMARKS]
#FINAL-12-21#