000
CXUS51 KLWX 011213
CF6BWI
PRELIMINARY LOCAL CLIMATOLOGICAL DATA (WS FORM: F-6)
STATION: BALTIMORE MD
MONTH: FEBRUARY
YEAR: 2021
LATITUDE: 39 10 N
LONGITUDE: 76 40 W
TEMPERATURE IN F: :PCPN: SNOW: WIND :SUNSHINE: SKY :PK WND
================================================================================
1 2 3 4 5 6A 6B 7 8 9 10 11 12 13 14 15 16 17 18
12Z AVG MX 2MIN
DY MAX MIN AVG DEP HDD CDD WTR SNW DPTH SPD SPD DIR MIN PSBL S-S WX SPD DR
================================================================================
1 33 29 31 -3 34 0 0.32 0.1 3 9.0 17 40 M M 10 146 27 50
2 36 30 33 -1 32 0 0.02 0.2 3 12.8 23 310 M M 10 1 34 300
3 41 30 36 2 29 0 T T 2 13.7 22 290 M M 8 32 300
4 46 27 37 3 28 0 0.00 0.0 1 7.7 17 280 M M 4 24 280
5 55 35 45 11 20 0 0.10 T T 8.8 23 310 M M 7 4 33 310
6 49 28 39 5 26 0 0.00 0.0 0 5.7 24 250 M M 7 33 240
7 44 27 36 2 29 0 0.42 0.3 0 6.3 20 290 M M 7 1 28 290
8 38 22 30 -4 35 0 0.00 0.0 0 4.2 12 140 M M 3 22 360
9 51 26 39 4 26 0 0.00 0.0 0 4.9 14 300 M M 9 21 360
10 42 27 35 0 30 0 0.23 0.6 0 3.9 13 110 M M 8 14 20 30
11 34 31 33 -2 32 0 0.26 2.1 3 6.4 12 40 M M 10 148 18 20
12 31 26 29 -6 36 0 T T 3 6.3 13 50 M M 10 19 30
13 31 27 29 -6 36 0 0.34 0.2 3 7.8 14 40 M M 10 1468 22 30
14 38 28 33 -3 32 0 T 0.0 2 4.7 8 350 M M 10 168 19 360
15 39 34 37 1 28 0 0.47 0.0 1 7.1 14 70 M M 10 18 19 40
16 48 28 38 2 27 0 0.39 0.0 0 10.4 25 300 M M 9 18 37 280
17 37 24 31 -5 34 0 0.00 0.0 0 7.5 22 300 M M 5 29 300
18 31 27 29 -7 36 0 0.52 0.8 T 7.0 17 80 M M 10 1468 22 90
19 38 29 34 -2 31 0 0.06 0.2 1 7.2 17 300 M M 9 16 28 330
20 33 23 28 -9 37 0 T T 1 14.0 26 290 M M 5 38 270
21 40 19 30 -7 35 0 0.00 0.0 1 5.8 12 300 M M 3 18 320
22 37 31 34 -3 31 0 0.44 0.5 0 5.2 12 250 M M 8 146 18 170
23 56 32 44 7 21 0 0.00 0.0 T 11.2 35 280 M M 5 47 260
24 63 29 46 8 19 0 0.00 0.0 0 5.7 16 180 M M 3 27 200
25 56 32 44 6 21 0 0.00 0.0 0 9.2 23 300 M M 2 33 290
26 49 32 41 3 24 0 0.12 0.0 0 5.8 15 80 M M 9 1 25 20
27 54 36 45 7 20 0 0.25 0.0 0 4.9 15 270 M M 8 1 21 230
28 46 41 44 5 21 0 0.91 0.0 0 4.8 18 80 M M 10 12 25 90
================================================================================
SM 1196 810 810 0 4.85 5.0 208.0 M 209
================================================================================
AV 42.7 28.9 7.4 FASTST M M 7 MAX(MPH)
MISC ----> 35 280 47 260
================================================================================
NOTES:
# LAST OF SEVERAL OCCURRENCES
COLUMN 17 PEAK WIND IN M.P.H.
PRELIMINARY LOCAL CLIMATOLOGICAL DATA (WS FORM: F-6) , PAGE 2
STATION: BALTIMORE MD
MONTH: FEBRUARY
YEAR: 2021
LATITUDE: 39 10 N
LONGITUDE: 76 40 W
[TEMPERATURE DATA] [PRECIPITATION DATA] SYMBOLS USED IN COLUMN 16
AVERAGE MONTHLY: 35.8 TOTAL FOR MONTH: 4.85 1 = FOG OR MIST
DPTR FM NORMAL: 0.0 DPTR FM NORMAL: 1.95 2 = FOG REDUCING VISIBILITY
HIGHEST: 63 ON 24 GRTST 24HR 0.91 ON 28-28 TO 1/4 MILE OR LESS
LOWEST: 19 ON 21 3 = THUNDER
SNOW, ICE PELLETS, HAIL 4 = ICE PELLETS
TOTAL MONTH: 8.8 INCHES 5 = HAIL
GRTST 24HR 2.1 ON 11-11 6 = FREEZING RAIN OR DRIZZLE
GRTST DEPTH: 3 ON 13,12 7 = DUSTSTORM OR SANDSTORM:
VSBY 1/2 MILE OR LESS
8 = SMOKE OR HAZE
[NO. OF DAYS WITH] [WEATHER - DAYS WITH] 9 = BLOWING SNOW
X = TORNADO
MAX 32 OR BELOW: 3 0.01 INCH OR MORE: 15
MAX 90 OR ABOVE: 0 0.10 INCH OR MORE: 13
MIN 32 OR BELOW: 24 0.50 INCH OR MORE: 2
MIN 0 OR BELOW: 0 1.00 INCH OR MORE: 0
[HDD (BASE 65) ]
TOTAL THIS MO. 810 CLEAR (SCALE 0-3) 3
DPTR FM NORMAL -9 PTCLDY (SCALE 4-7) 10
TOTAL FM JUL 1 3051 CLOUDY (SCALE 8-10) 15
DPTR FM NORMAL -544
[CDD (BASE 65) ]
TOTAL THIS MO. 0
DPTR FM NORMAL 0 [PRESSURE DATA]
TOTAL FM JAN 1 0 HIGHEST SLP 30.63 ON 21
DPTR FM NORMAL 0 LOWEST SLP 29.50 ON 2
[REMARKS]
#FINAL-02-21#