000
CXUS56 KTFX 011210
CF6BZN
PRELIMINARY LOCAL CLIMATOLOGICAL DATA (WS FORM: F-6)
STATION: BOZEMAN/GALLATIN FIELD MT
MONTH: NOVEMBER
YEAR: 2021
LATITUDE: 45 46 N
LONGITUDE: 111 9 W
TEMPERATURE IN F: :PCPN: SNOW: WIND :SUNSHINE: SKY :PK WND
================================================================================
1 2 3 4 5 6A 6B 7 8 9 10 11 12 13 14 15 16 17 18
12Z AVG MX 2MIN
DY MAX MIN AVG DEP HDD CDD WTR SNW DPTH SPD SPD DIR MIN PSBL S-S WX SPD DR
================================================================================
1 41 22 32 -4 33 0 0.00 0.0 0 1.9 7 330 M M 5 9 10
2 46 20 33 -3 32 0 0.00 0.0 0 1.3 7 150 M M 5 8 140
3 55 24 40 5 25 0 0.00 0.0 0 4.4 10 100 M M 3 11 100
4 60 26 43 8 22 0 T 0.0 0 4.7 40 280 M M 2 56 280
5 61 33 47 13 18 0 0.00 0.0 0 6.2 18 250 M M 3 25 250
6 57 37 47 13 18 0 0.08 0.0 0 7.9 25 200 M M 7 38 200
7 46 20 33 -1 32 0 0.01 0.0 0 5.4 17 340 M M 5 1 21 340
8 44 16 30 -3 35 0 0.00 0.0 0 3.4 10 170 M M 0 12 170
9 47 17 32 -1 33 0 T 0.0 0 3.4 15 240 M M 5 20 250
10 44 24 34 2 31 0 T T 0 8.2 25 260 M M 5 35 250
11 31 15 23 -9 42 0 0.07 1.3 0 2.7 9 140 M M 7 12 10 170
12 57 21 39 8 26 0 0.00 0.0 T 3.6 22 220 M M 9 128 31 230
13 57 38 48 17 17 0 0.00 0.0 0 9.9 30 270 M M 7 42 280
14 65 39 52 22 13 0 0.00 0.0 0 12.2 29 230 M M 6 38 230
15 67 53 60 30 5 0 0.00 0.0 0 13.6 30 220 M M 0 43 200
16 56 24 40 10 25 0 T 0.0 0 19.3 41 290 M M 6 55 290
17 35 12 24 -5 41 0 0.00 0.0 0 4.1 14 160 M M 1 15 150
18 40 11 26 -3 39 0 0.00 0.0 0 2.5 10 200 M M 3 12 200
19 52 31 42 14 23 0 0.01 0.0 0 5.8 21 250 M M 9 31 240
20 45 20 33 5 32 0 0.02 T 0 4.7 16 280 M M 5 20 270
21 47 17 32 4 33 0 0.00 0.0 0 3.9 10 130 M M 2 11 150
22 54 20 37 10 28 0 0.00 0.0 0 1.8 8 130 M M 0 9 150
23 45 15 30 3 35 0 0.02 0.1 0 5.4 25 270 M M 5 18 35 270
24 40 18 29 3 36 0 T T T 5.2 15 300 M M 5 1 20 300
25 43 21 32 6 33 0 0.00 0.0 T 4.2 14 160 M M 7 19 260
26 54 31 43 17 22 0 0.00 0.0 0 8.6 26 220 M M 5 39 220
27 50 35 43 18 22 0 0.00 0.0 0 4.6 16 30 M M 5 19 30
28 65 39 52 27 13 0 0.00 0.0 0 13.2 30 240 M M 3 42 240
29 54 28 41 17 24 0 0.01 0.0 0 5.9 28 350 M M 4 37 10
30 54 27 41 17 24 0 0.00 0.0 0 6.1 14 240 M M 5 20 250
================================================================================
SM 1512 754 812 0 0.22 1.4 184.1 M 134
================================================================================
AV 50.4 25.1 6.1 FASTST M M 4 MAX(MPH)
MISC ----> 41 290 56 280
================================================================================
NOTES:
# LAST OF SEVERAL OCCURRENCES
COLUMN 17 PEAK WIND IN M.P.H.
PRELIMINARY LOCAL CLIMATOLOGICAL DATA (WS FORM: F-6) , PAGE 2
STATION: BOZEMAN/GALLATIN FIELD MT
MONTH: NOVEMBER
YEAR: 2021
LATITUDE: 45 46 N
LONGITUDE: 111 9 W
[TEMPERATURE DATA] [PRECIPITATION DATA] SYMBOLS USED IN COLUMN 16
AVERAGE MONTHLY: 37.8 TOTAL FOR MONTH: 0.22 1 = FOG OR MIST
DPTR FM NORMAL: 7.8 DPTR FM NORMAL: -0.52 2 = FOG REDUCING VISIBILITY
HIGHEST: 67 ON 15 GRTST 24HR 0.09 ON 6- 7 TO 1/4 MILE OR LESS
LOWEST: 11 ON 18 3 = THUNDER
SNOW, ICE PELLETS, HAIL 4 = ICE PELLETS
TOTAL MONTH: 1.4 INCHES 5 = HAIL
GRTST 24HR 1.3 ON 11-11 6 = FREEZING RAIN OR DRIZZLE
GRTST DEPTH: T 7 = DUSTSTORM OR SANDSTORM:
VSBY 1/2 MILE OR LESS
8 = SMOKE OR HAZE
[NO. OF DAYS WITH] [WEATHER - DAYS WITH] 9 = BLOWING SNOW
X = TORNADO
MAX 32 OR BELOW: 1 0.01 INCH OR MORE: 7
MAX 90 OR ABOVE: 0 0.10 INCH OR MORE: 0
MIN 32 OR BELOW: 23 0.50 INCH OR MORE: 0
MIN 0 OR BELOW: 0 1.00 INCH OR MORE: 0
[HDD (BASE 65) ]
TOTAL THIS MO. 812 CLEAR (SCALE 0-3) 8
DPTR FM NORMAL -240 PTCLDY (SCALE 4-7) 20
TOTAL FM JUL 1 1686 CLOUDY (SCALE 8-10) 2
DPTR FM NORMAL -415
[CDD (BASE 65) ]
TOTAL THIS MO. 0
DPTR FM NORMAL 0 [PRESSURE DATA]
TOTAL FM JAN 1 452 HIGHEST SLP 30.59 ON 21
DPTR FM NORMAL 219 LOWEST SLP 29.43 ON 16
[REMARKS]
#FINAL-11-21#