000
CXUS51 KCLE 011717
CF6CAK
PRELIMINARY LOCAL CLIMATOLOGICAL DATA (WS FORM: F-6)
STATION: AKRON CANTON OH
MONTH: MARCH
YEAR: 2022
LATITUDE: 40 55 N
LONGITUDE: 81 26 W
TEMPERATURE IN F: :PCPN: SNOW: WIND :SUNSHINE: SKY :PK WND
================================================================================
1 2 3 4 5 6A 6B 7 8 9 10 11 12 13 14 15 16 17 18
12Z AVG MX 2MIN
DY MAX MIN AVG DEP HDD CDD WTR SNW DPTH SPD SPD DIR MIN PSBL S-S WX SPD DR
================================================================================
1 51 35 43 9 22 0 0.15 0.0 0 11.0 25 300 M M 9 31 300
2 53 25 39 5 26 0 0.05 0.0 0 6.6 25 340 M M 5 18 31 350
3 39 20 30 -4 35 0 0.15 0.6 T 9.3 23 10 M M 7 1 29 350
4 42 17 30 -5 35 0 0.00 0.0 0 4.6 10 140 M M 5 13 140
5 73 32 53 18 12 0 0.00 0.0 0 11.7 22 210 M M 8 28 210
6 74 47 61 26 4 0 0.14 0.0 0 17.3 32 230 M M 7 8 42 230
7 61 34 48 12 17 0 1.96 T 0 13.7 36 290 M M 10 18 49 290
8 41 31 36 0 29 0 T T 0 7.6 20 300 M M 9 24 330
9 45 33 39 3 26 0 0.01 0.1 0 5.5 16 290 M M 7 8 20 280
10 48 28 38 1 27 0 0.00 0.0 0 5.1 14 360 M M 5 8 17 360
11 52 27 40 3 25 0 0.19 2.5 0 9.9 21 220 M M 9 1 27 210
12 27 16 22 -15 43 0 0.06 0.9 2 17.6 29 280 M M 9 89 38 270
13 38 10 24 -14 41 0 0.01 0.1 2 14.5 24 240 M M 6 9 33 220
14 60 30 45 7 20 0 0.00 0.0 T 11.5 26 210 M M 4 32 180
15 60 41 51 13 14 0 T 0.0 0 8.1 20 220 M M 7 23 220
16 69 39 54 15 11 0 0.00 0.0 0 6.5 16 180 M M 3 20 160
17 71 50 61 22 4 0 0.00 0.0 0 5.3 13 220 M M 6 19 220
18 72 48 60 20 5 0 0.25 0.0 0 7.8 18 130 M M 6 1 23 130
19 61 41 51 11 14 0 0.45 0.0 0 15.0 30 230 M M 9 13 39 230
20 54 38 46 6 19 0 0.06 0.0 0 11.2 22 300 M M 7 1 34 290
21 66 37 52 11 13 0 0.00 0.0 0 5.8 14 280 M M 3 19 330
22 54 43 49 8 16 0 0.04 0.0 0 11.5 18 90 M M 9 30 50
23 63 46 55 14 10 0 0.94 0.0 0 12.7 25 280 M M 9 138 32 280
24 55 42 49 7 16 0 0.03 0.0 0 12.7 22 280 M M 7 30 260
25 44 37 41 -1 24 0 0.07 0.0 0 11.9 28 270 M M 9 18 38 270
26 38 30 34 -8 31 0 0.17 0.3 0 15.0 24 280 M M 10 128 31 290
27 30 24 27 -16 38 0 0.09 1.3 1 14.2 25 300 M M 9 18 33 290
28 26 16 21 -22 44 0 0.05 0.9 1 11.2 26 330 M M 7 189 35 340
29 43 17 30 -14 35 0 0.00 0.0 T 4.5 12 100 M M 4 14 110
30 75 34 55 11 10 0 0.08 T 0 14.6 26 180 M M 9 4 36 190
31 69 39 54 10 11 0 0.21 0.0 0 19.3 36 220 M M 10 18 47 250
================================================================================
SM 1654 1007 677 0 5.16 6.7 333.2 M 224
================================================================================
AV 53.4 32.5 10.7 FASTST M M 7 MAX(MPH)
MISC ----> # 36 290 49 290
================================================================================
NOTES:
# LAST OF SEVERAL OCCURRENCES
COLUMN 17 PEAK WIND IN M.P.H.
PRELIMINARY LOCAL CLIMATOLOGICAL DATA (WS FORM: F-6) , PAGE 2
STATION: AKRON CANTON OH
MONTH: MARCH
YEAR: 2022
LATITUDE: 40 55 N
LONGITUDE: 81 26 W
[TEMPERATURE DATA] [PRECIPITATION DATA] SYMBOLS USED IN COLUMN 16
AVERAGE MONTHLY: 42.9 TOTAL FOR MONTH: 5.16 1 = FOG OR MIST
DPTR FM NORMAL: 4.0 DPTR FM NORMAL: 1.93 2 = FOG REDUCING VISIBILITY
HIGHEST: 75 ON 30 GRTST 24HR 1.96 ON 7- 7 TO 1/4 MILE OR LESS
LOWEST: 10 ON 13 3 = THUNDER
SNOW, ICE PELLETS, HAIL 4 = ICE PELLETS
TOTAL MONTH: 6.7 INCHES 5 = HAIL
GRTST 24HR 2.5 ON 11-11 6 = FREEZING RAIN OR DRIZZLE
GRTST DEPTH: 2 ON 13,12 7 = DUSTSTORM OR SANDSTORM:
VSBY 1/2 MILE OR LESS
8 = SMOKE OR HAZE
[NO. OF DAYS WITH] [WEATHER - DAYS WITH] 9 = BLOWING SNOW
X = TORNADO
MAX 32 OR BELOW: 3 0.01 INCH OR MORE: 21
MAX 90 OR ABOVE: 0 0.10 INCH OR MORE: 10
MIN 32 OR BELOW: 14 0.50 INCH OR MORE: 2
MIN 0 OR BELOW: 0 1.00 INCH OR MORE: 1
[HDD (BASE 65) ]
TOTAL THIS MO. 677 CLEAR (SCALE 0-3) 2
DPTR FM NORMAL -133 PTCLDY (SCALE 4-7) 16
TOTAL FM JUL 1 4562 CLOUDY (SCALE 8-10) 13
DPTR FM NORMAL -498
[CDD (BASE 65) ]
TOTAL THIS MO. 0
DPTR FM NORMAL -1 [PRESSURE DATA]
TOTAL FM JAN 1 0 HIGHEST SLP 30.54 ON 4
DPTR FM NORMAL -1 LOWEST SLP 29.32 ON 31
[REMARKS]
#FINAL-03-22#