000
CXUS51 KCLE 021543
CLSCAK
CLIMATE REPORT
NATIONAL WEATHER SERVICE CLEVELAND, OH
1043 AM EST WED MAR 02 2022
...................................
...THE AKRON CANTON OH CLIMATE SUMMARY FOR THE SEASON, FROM
12/1/2021 TO 2/28/2022...
CLIMATE NORMAL PERIOD 1991 TO 2020
CLIMATE RECORD PERIOD 1887 TO 2022
WEATHER OBSERVED NORMAL DEPART
VALUE DATE(S) VALUE FROM
NORMAL
................................................
TEMPERATURE (F)
RECORD
HIGH 76 12/03/1982
LOW -25 01/19/1994
HIGHEST 64 12/11
LOWEST 01/22
AVG. MAXIMUM 39.8 38.0 1.8
AVG. MINIMUM 23.4 22.8 0.6
MEAN 31.6 30.4 1.2
DAYS MAX >= 90 0 0.0
DAYS MAX <= 32 30 34.0
DAYS MIN <= 32 71 74.7
DAYS MIN <= 0 2 3.3
PRECIPITATION (INCHES)
RECORD
MAXIMUM 15.09 1950
MINIMUM 2.96 1906
TOTALS 11.24 8.25 2.99
DAYS >= .01 54 48.3
DAYS >= .10 21 21.4
DAYS >= .50 10 4.4
DAYS >= 1.00 1 0.7
SNOWFALL (INCHES)
RECORDS
TOTAL 65.9 1978
TOTALS 38.2 34.3
DAYS >= TRACE 48
DAYS >= 1.0 6 11.8
DEGREE DAYS
HEATING TOTAL 2980 3115 -135
COOLING TOTAL 0 0 0
................................................
WIND (MPH)
HIGHEST GUST SPEED/DIRECTION 54/260 DATE 12/11
SKY COVER
POSSIBLE SUNSHINE (PERCENT) MM
NUMBER OF DAYS FAIR 11
NUMBER OF DAYS PC 24
NUMBER OF DAYS CLOUDY 55
WEATHER CONDITIONS. NUMBER OF DAYS WITH
THUNDERSTORM 2 MIXED PRECIP 0
HEAVY RAIN 3 RAIN 10
LIGHT RAIN 31 FREEZING RAIN 3
LT FREEZING RAIN 6 HAIL 0
HEAVY SNOW 3 SNOW 8
LIGHT SNOW 48 SLEET 2
FOG 49 FOG W/VIS <= 1/4 MILE 6
HAZE 39
- INDICATES NEGATIVE NUMBERS.
R INDICATES RECORD WAS SET OR TIED.
MM INDICATES DATA IS MISSING.
T INDICATES TRACE AMOUNT.
$$