000
CXUS55 KABQ 011110
CF6CAO
PRELIMINARY LOCAL CLIMATOLOGICAL DATA (WS FORM: F-6)
STATION: CLAYTON NM
MONTH: NOVEMBER
YEAR: 2023
LATITUDE: 36 27 N
LONGITUDE: 103 9 W
TEMPERATURE IN F: :PCPN: SNOW: WIND :SUNSHINE: SKY :PK WND
================================================================================
1 2 3 4 5 6A 6B 7 8 9 10 11 12 13 14 15 16 17 18
12Z AVG MX 2MIN
DY MAX MIN AVG DEP HDD CDD WTR SNW DPTH SPD SPD DIR MIN PSBL S-S WX SPD DR
================================================================================
1 63 32 48 -1 17 0 0.00 0.0 0 13.4 24 210 M M 0 33 220
2 70 45 58 9 7 0 0.00 0.0 0 9.3 15 320 M M 0 20 250
3 78 43 61 13 4 0 0.00 0.0 0 9.4 17 10 M M 0 24 70
4 73 43 58 10 7 0 0.00 0.0 0 10.1 21 10 M M 0 26 360
5 80 40 60 12 5 0 0.00 0.0 0 14.8 24 200 M M 0 8 35 220
6 77 52 65 18 0 0 0.00 0.0 0 11.2 20 180 M M 0 8 26 260
7 82 50 66 19 0 1 0.00 0.0 0 14.2 30 250 M M 0 43 240
8 68 44 56 10 9 0 0.00 0.0 0 15.3 24 30 M M 2 34 40
9 50 38 44 -2 21 0 T 0.0 0 7.7 18 30 M M 10 24 30
10 54 34 44 -2 21 0 0.00 0.0 0 13.3 26 190 M M 5 34 180
11 62 34 48 3 17 0 0.00 0.0 0 10.0 22 210 M M 2 29 220
12 68 33 51 6 14 0 0.00 0.0 0 7.2 15 70 M M 0 18 60
13 62 31 47 2 18 0 0.00 0.0 0 10.0 20 190 M M 0 26 180
14 67 35 51 7 14 0 0.00 0.0 0 10.8 21 230 M M 0 29 230
15 69 43 56 12 9 0 0.00 0.0 0 8.7 15 250 M M 0 22 250
16 77 40 59 15 6 0 0.00 0.0 0 12.3 20 20 M M 0 29 250
17 62 37 50 7 15 0 0.00 0.0 0 9.1 17 190 M M 0 24 180
18 66 38 52 9 13 0 0.00 0.0 0 14.1 26 190 M M 1 33 200
19 63 38 51 9 14 0 T 0.0 0 9.2 21 340 M M 3 29 330
20 52 38 45 3 20 0 T 0.0 0 23.1 39 340 M M 6 51 360
21 52 32 42 0 23 0 0.00 0.0 0 15.1 29 360 M M 1 40 340
22 66 31 49 8 16 0 0.00 0.0 0 11.2 18 200 M M 0 25 200
23 51 26 39 -2 26 0 0.00 0.0 0 17.2 30 10 M M 0 39 20
24 26 19 23 -17 42 0 0.01 T 0 11.6 23 30 M M 10 1 28 20
25 30 18 24 -16 41 0 0.02 0.5 M 13.0 21 10 M M 7 1 28 330
26 44 20 32 -8 33 0 0.00 0.0 0 11.3 24 10 M M 0 33 10
27 47 21 34 -5 31 0 0.00 0.0 0 10.2 21 360 M M 0 27 350
28 61 23 42 3 23 0 0.00 0.0 0 9.0 20 260 M M 0 26 260
29 59 32 46 7 19 0 0.00 0.0 0 10.7 22 200 M M 0 27 200
30 42 20 31 -7 34 0 0.00 0.0 0 13.9 32 10 M M 4 40 10
================================================================================
SM 1821 1030 519 1 0.03 0.5 356.4 M 51
================================================================================
AV 60.7 34.3 11.9 FASTST M M 2 MAX(MPH)
MISC ----> 39 340 51 360
================================================================================
NOTES:
# LAST OF SEVERAL OCCURRENCES
COLUMN 17 PEAK WIND IN M.P.H.
PRELIMINARY LOCAL CLIMATOLOGICAL DATA (WS FORM: F-6) , PAGE 2
STATION: CLAYTON NM
MONTH: NOVEMBER
YEAR: 2023
LATITUDE: 36 27 N
LONGITUDE: 103 9 W
[TEMPERATURE DATA] [PRECIPITATION DATA] SYMBOLS USED IN COLUMN 16
AVERAGE MONTHLY: 47.5 TOTAL FOR MONTH: 0.03 1 = FOG OR MIST
DPTR FM NORMAL: 3.8 DPTR FM NORMAL: -0.42 2 = FOG REDUCING VISIBILITY
HIGHEST: 82 ON 7 GRTST 24HR 0.03 ON 24-25 TO 1/4 MILE OR LESS
LOWEST: 18 ON 25 3 = THUNDER
SNOW, ICE PELLETS, HAIL 4 = ICE PELLETS
TOTAL MONTH: 0.5 INCH 5 = HAIL
GRTST 24HR 0.5 ON 25-25 6 = FREEZING RAIN OR DRIZZLE
GRTST DEPTH: 0 7 = DUSTSTORM OR SANDSTORM:
VSBY 1/2 MILE OR LESS
8 = SMOKE OR HAZE
[NO. OF DAYS WITH] [WEATHER - DAYS WITH] 9 = BLOWING SNOW
X = TORNADO
MAX 32 OR BELOW: 2 0.01 INCH OR MORE: 2
MAX 90 OR ABOVE: 0 0.10 INCH OR MORE: 0
MIN 32 OR BELOW: 12 0.50 INCH OR MORE: 0
MIN 0 OR BELOW: 0 1.00 INCH OR MORE: 0
[HDD (BASE 65) ]
TOTAL THIS MO. 519 CLEAR (SCALE 0-3) 24
DPTR FM NORMAL -121 PTCLDY (SCALE 4-7) 4
TOTAL FM JUL 1 815 CLOUDY (SCALE 8-10) 2
DPTR FM NORMAL -231
[CDD (BASE 65) ]
TOTAL THIS MO. 1
DPTR FM NORMAL 1 [PRESSURE DATA]
TOTAL FM JAN 1 1091 HIGHEST SLP 30.50 ON 21
DPTR FM NORMAL 124 LOWEST SLP 29.56 ON 19
[REMARKS]
#FINAL-11-23#