000
CXUS55 KABQ 020230
CLMCAO
CLIMATE REPORT
NATIONAL WEATHER SERVICE ALBUQUERQUE NM
830 PM MDT THU JUN 01 2023
...................................
...THE CLAYTON NM CLIMATE SUMMARY FOR THE MONTH OF MAY 2023...
CLIMATE NORMAL PERIOD 1991 TO 2020
CLIMATE RECORD PERIOD 1896 TO 2023
WEATHER OBSERVED NORMAL DEPART LAST YEAR`S
VALUE DATE(S) VALUE FROM VALUE DATE(S)
NORMAL
................................................................
TEMPERATURE (F)
RECORD
HIGH 99 05/27/1896
LOW 20 05/07/1917
HIGHEST 87 05/09 MM MM 95 05/07
05/28
LOWEST 42 05/01 MM MM 28 05/03
AVG. MAXIMUM 75.7 76.4 -0.7 79.8
AVG. MINIMUM 50.3 46.6 3.7 47.8
MEAN 63.0 61.5 1.5 63.8
DAYS MAX >= 90 0 2.5 -2.5 8
DAYS MAX <= 32 0 0.0 0.0 0
DAYS MIN <= 32 0 0.6 -0.6 1
DAYS MIN <= 0 0 0.0 0.0 0
PRECIPITATION (INCHES)
TOTALS 2.74 1.85 0.89 1.18
DAILY AVG. 0.09 0.06 0.03 0.04
DAYS >= .01 15 6.7 8.3 3
DAYS >= .10 8 3.7 4.3 2
DAYS >= .50 3 0.8 2.2 1
DAYS >= 1.00 0 0.3 -0.3 0
GREATEST
24 HR. TOTAL 0.78 05/24 TO 05/25 1.09
05/25 TO 05/26
SNOWFALL (INCHES)
TOTALS 0.0 0.5 -0.5 0.0
SINCE 7/1 7.8 22.3 -14.5 MM
DAYS >= 1.0 0 0.2 -0.2 0
GREATEST
SNOW DEPTH 0 0 MM
24 HR TOTAL MM MM
DEGREE DAYS
HEATING TOTAL 78 161 -83 143
SINCE 7/1 4855 4831 24 MM
COOLING TOTAL 23 53 -30 115
SINCE 1/1 26 59 -33 MM
................................................................
WIND (MPH)
AVERAGE WIND SPEED 12.9
HIGHEST WIND SPEED/DIRECTION 46/170 DATE 05/10
HIGHEST GUST SPEED/DIRECTION 71/180 DATE 05/10
SKY COVER
AVERAGE SKY COVER 0.31
AVERAGE RH (PERCENT) 59
WEATHER CONDITIONS. NUMBER OF DAYS WITH
THUNDERSTORM 12 MIXED PRECIP 0
HEAVY RAIN 3 RAIN 10
LIGHT RAIN 17 FREEZING RAIN 0
LT FREEZING RAIN 0 HAIL 0
HEAVY SNOW 0 SNOW 0
LIGHT SNOW 0 SLEET 0
FOG 12 FOG W/VIS <= 1/4 MILE 2
HAZE 3
- INDICATES NEGATIVE NUMBERS.
R INDICATES RECORD WAS SET OR TIED.
MM INDICATES DATA IS MISSING.
T INDICATES TRACE AMOUNT.
$$