000
CXUS55 KABQ 021621
CLMCAO
CLIMATE REPORT
NATIONAL WEATHER SERVICE ALBUQUERQUE NM
1021 AM MDT TUE MAY 02 2023
...................................
...THE CLAYTON NM CLIMATE SUMMARY FOR THE MONTH OF APRIL 2023...
CLIMATE NORMAL PERIOD 1991 TO 2020
CLIMATE RECORD PERIOD 1896 TO 2023
WEATHER OBSERVED NORMAL DEPART LAST YEAR`S
VALUE DATE(S) VALUE FROM VALUE DATE(S)
NORMAL
................................................................
TEMPERATURE (F)
RECORD
HIGH 92 04/24/2012
LOW 7 04/04/1920
HIGHEST 86 04/12 MM MM 88 04/22
LOWEST 18 04/05 MM MM 20 04/14
AVG. MAXIMUM 66.8 67.3 -0.5 71.0
AVG. MINIMUM 35.5 36.8 -1.3 36.3
MEAN 51.2 52.0 -0.8 53.7
DAYS MAX >= 90 0 0.2 -0.2 0
DAYS MAX <= 32 0 0.2 -0.2 0
DAYS MIN <= 32 10 7.1 2.9 10
DAYS MIN <= 0 0 0.0 0.0 0
PRECIPITATION (INCHES)
TOTALS 0.73 1.12 -0.39 T
DAILY AVG. 0.02 0.04 -0.02 T
DAYS >= .01 4 5.5 -1.5 0
DAYS >= .10 2 2.9 -0.9 0
DAYS >= .50 0 0.7 -0.7 0
DAYS >= 1.00 0 0.2 -0.2 0
GREATEST
24 HR. TOTAL 0.64 04/25 TO 04/26 T
SNOWFALL (INCHES)
TOTALS T 1.3 -1.3 0.0
SINCE 7/1 7.8 21.8 -14.0 MM
DAYS >= 1.0 0 0.4 -0.4 0
GREATEST
SNOW DEPTH 0 0 MM
24 HR TOTAL MM 0.0
DEGREE DAYS
HEATING TOTAL 411 394 17 339
SINCE 7/1 4777 4669 108 MM
COOLING TOTAL 3 5 -2 5
SINCE 1/1 3 6 -3 MM
................................................................
WIND (MPH)
AVERAGE WIND SPEED 13.8
HIGHEST WIND SPEED/DIRECTION 43/020 DATE 04/27
HIGHEST GUST SPEED/DIRECTION 58/360 DATE 04/28
SKY COVER
AVERAGE SKY COVER 0.18
AVERAGE RH (PERCENT) 40
WEATHER CONDITIONS. NUMBER OF DAYS WITH
THUNDERSTORM 4 MIXED PRECIP 0
HEAVY RAIN 2 RAIN 2
LIGHT RAIN 6 FREEZING RAIN 0
LT FREEZING RAIN 0 HAIL 0
HEAVY SNOW 0 SNOW 0
LIGHT SNOW 1 SLEET 0
FOG 3 FOG W/VIS <= 1/4 MILE 2
HAZE 0
- INDICATES NEGATIVE NUMBERS.
R INDICATES RECORD WAS SET OR TIED.
MM INDICATES DATA IS MISSING.
T INDICATES TRACE AMOUNT.
$$