000
CXUS51 KCAR 010700
CF6CAR
PRELIMINARY LOCAL CLIMATOLOGICAL DATA (WS FORM: F-6)
STATION: CARIBOU ME
MONTH: MARCH
YEAR: 2023
LATITUDE: 46 52 N
LONGITUDE: 68 1 W
TEMPERATURE IN F: :PCPN: SNOW: WIND :SUNSHINE: SKY :PK WND
================================================================================
1 2 3 4 5 6A 6B 7 8 9 10 11 12 13 14 15 16 17 18
12Z AVG MX 2MIN
DY MAX MIN AVG DEP HDD CDD WTR SNW DPTH SPD SPD DIR MIN PSBL S-S WX SPD DR
================================================================================
1 30 16 23 4 42 0 0.10 1.7 23 4.6 12 170 M M 8 1 15 160
2 27 16 22 2 43 0 0.34 5.6 22 6.3 14 140 M M 9 12 21 140
3 25 2 14 -6 51 0 0.01 0.2 27 8.8 22 330 M M 3 18 33 340
4 30 -4 13 -7 52 0 0.00 0.0 25 4.8 12 330 M M 0 17 330
5 40 10 25 4 40 0 0.00 0.0 24 12.4 31 310 M M 1 48 300
6 31 26 29 8 36 0 0.02 0.3 22 17.5 29 310 M M 10 46 320
7 39 25 32 10 33 0 0.03 0.6 21 8.1 15 330 M M 9 18 24 320
8 44 31 38 16 27 0 0.01 T 20 10.3 17 350 M M 7 1 27 30
9 42 30 36 14 29 0 0.01 0.2 18 8.5 15 70 M M 6 22 320
10 34 20 27 4 38 0 0.00 0.0 17 9.4 17 330 M M 6 24 330
11 39 17 28 5 37 0 0.00 0.0 17 5.0 12 360 M M 0 14 10
12 44 15 30 7 35 0 0.00 0.0 17 2.2 8 50 M M 0 12 50
13 41 22 32 8 33 0 0.00 0.0 16 5.0 13 150 M M 1 17 140
14 41 29 35 11 30 0 T 0.1 16 10.4 23 70 M M 5 34 50
15 36 28 32 8 33 0 0.03 0.5 16 13.5 28 20 M M 10 1 42 50
16 40 27 34 9 31 0 0.00 0.0 15 11.2 20 360 M M 8 28 330
17 43 20 32 7 33 0 0.25 2.1 15 6.0 20 170 M M 4 1 30 200
18 42 30 36 10 29 0 0.07 1.0 17 7.3 14 240 M M 9 16 20 180
19 30 20 25 -1 40 0 0.00 0.0 15 13.6 26 240 M M 4 42 250
20 36 13 25 -1 40 0 T T 14 8.3 21 250 M M 4 32 250
21 40 16 28 1 37 0 0.10 2.6 13 4.2 16 320 M M 7 12 24 330
22 33 11 22 -5 43 0 0.00 0.0 16 6.3 12 330 M M 0 16 320
23 29 20 25 -3 40 0 0.60 5.2 15 6.1 16 140 M M 10 12 29 160
24 35 25 30 2 35 0 T T 20 10.1 17 330 M M 9 25 320
25 34 14 24 -4 41 0 0.02 0.2 18 4.6 15 150 M M 2 1 22 150
26 32 27 30 1 35 0 0.60 8.0 20 4.9 13 100 M M 10 12 21 100
27 38 28 33 4 32 0 0.01 T 25 1.4 7 10 M M 10 1 9 310
28 37 30 34 4 31 0 T T 20 5.4 10 330 M M 10 1 14 330
29 40 25 33 3 32 0 T T 19 4.6 12 150 M M 5 17 170
30 32 20 26 -4 39 0 0.06 1.3 18 11.4 21 320 M M 8 18 34 290
31 39 20 30 -1 35 0 0.00 0.0 18 8.3 22 300 M M 5 36 350
================================================================================
SM 1123 629 1132 0 2.26 29.6 240.5 M 180
================================================================================
AV 36.2 20.3 7.8 FASTST M M 6 MAX(MPH)
MISC ----> 31 310 48 300
================================================================================
NOTES:
# LAST OF SEVERAL OCCURRENCES
COLUMN 17 PEAK WIND IN M.P.H.
PRELIMINARY LOCAL CLIMATOLOGICAL DATA (WS FORM: F-6) , PAGE 2
STATION: CARIBOU ME
MONTH: MARCH
YEAR: 2023
LATITUDE: 46 52 N
LONGITUDE: 68 1 W
[TEMPERATURE DATA] [PRECIPITATION DATA] SYMBOLS USED IN COLUMN 16
AVERAGE MONTHLY: 28.3 TOTAL FOR MONTH: 2.26 1 = FOG OR MIST
DPTR FM NORMAL: 3.3 DPTR FM NORMAL: -0.51 2 = FOG REDUCING VISIBILITY
HIGHEST: 44 ON 12, 8 GRTST 24HR 0.62 ON 25-26 TO 1/4 MILE OR LESS
LOWEST: -4 ON 4 3 = THUNDER
SNOW, ICE PELLETS, HAIL 4 = ICE PELLETS
TOTAL MONTH: 30.8 INCHES 5 = HAIL
GRTST 24HR 8.0 ON 26-26 6 = FREEZING RAIN OR DRIZZLE
GRTST DEPTH: 27 ON 3 7 = DUSTSTORM OR SANDSTORM:
VSBY 1/2 MILE OR LESS
8 = SMOKE OR HAZE
[NO. OF DAYS WITH] [WEATHER - DAYS WITH] 9 = BLOWING SNOW
X = TORNADO
MAX 32 OR BELOW: 9 0.01 INCH OR MORE: 16
MAX 90 OR ABOVE: 0 0.10 INCH OR MORE: 6
MIN 32 OR BELOW: 31 0.50 INCH OR MORE: 2
MIN 0 OR BELOW: 1 1.00 INCH OR MORE: 0
[HDD (BASE 65) ]
TOTAL THIS MO. 1132 CLEAR (SCALE 0-3) 8
DPTR FM NORMAL -110 PTCLDY (SCALE 4-7) 12
TOTAL FM JUL 1 6910 CLOUDY (SCALE 8-10) 11
DPTR FM NORMAL -793
[CDD (BASE 65) ]
TOTAL THIS MO. 0
DPTR FM NORMAL 0 [PRESSURE DATA]
TOTAL FM JAN 1 0 HIGHEST SLP 30.46 ON 22
DPTR FM NORMAL 0 LOWEST SLP 29.50 ON 19
[REMARKS]
#FINAL-03-23#