000
CDUS41 KCAR 202026
CLICAR


CLIMATE REPORT
NATIONAL WEATHER SERVICE CARIBOU, ME
426 PM EDT SUN MAY 20 2018


...................................

...THE CARIBOU ME CLIMATE SUMMARY FOR MAY 20 2018...
VALID TODAY AS OF 0400 PM LOCAL TIME.

CLIMATE NORMAL PERIOD 1981 TO 2010
CLIMATE RECORD PERIOD 1939 TO 2018


WEATHER ITEM   OBSERVED TIME   RECORD YEAR NORMAL DEPARTURE LAST
                VALUE   (LST)  VALUE       VALUE  FROM      YEAR
                                                  NORMAL
..................................................................
TEMPERATURE (F)
 TODAY
  MAXIMUM         65    225 PM  86    2003  64      1       58
                                      1951
  MINIMUM         44    133 AM  28    1944  42      2       38
  AVERAGE         55                        53      2       48

PRECIPITATION (IN)
  TODAY            0.09          1.27 1975   0.12  -0.03     0.00
  MONTH TO DATE    1.47                      2.06  -0.59     3.73
  SINCE MAR 1      8.79                      7.23   1.56    10.31
  SINCE JAN 1     16.29                     12.15   4.14    15.93

SNOWFALL (IN)
  TODAY            0.0           0.0  2002   0.0    0.0      0.0
                                      2001
  MONTH TO DATE    0.0                       0.4   -0.4       T
  SINCE MAR 1     34.9                      26.1    8.8     33.0
  SINCE JUL 1    137.2                     108.6   28.6    129.6
  SNOW DEPTH       0

DEGREE DAYS
 HEATING
  TODAY           10                        12     -2       17
  MONTH TO DATE  270                       308    -38      275
  SINCE MAR 1   2256                      2353    -97     2362
  SINCE JUL 1   8459                      9074   -615     8343

 COOLING
  TODAY            0                         0      0        0
  MONTH TO DATE    0                         0      0        6
  SINCE MAR 1      0                         0      0        6
  SINCE JAN 1      0                         0      0        6
..................................................................


WIND (MPH)
  HIGHEST WIND SPEED    22   HIGHEST WIND DIRECTION    NW (320)
  HIGHEST GUST SPEED    31   HIGHEST GUST DIRECTION    NW (320)
  AVERAGE WIND SPEED     9.5


SKY COVER
  POSSIBLE SUNSHINE  MM
  AVERAGE SKY COVER 0.9


WEATHER CONDITIONS
 THE FOLLOWING WEATHER WAS RECORDED TODAY.
  RAIN
  LIGHT RAIN
  FOG


RELATIVE HUMIDITY (PERCENT)
 HIGHEST    93           400 AM
 LOWEST     39           300 PM
 AVERAGE    66

..........................................................


THE CARIBOU ME CLIMATE NORMALS FOR TOMORROW
                         NORMAL    RECORD    YEAR
 MAXIMUM TEMPERATURE (F)   65        92      1992
 MINIMUM TEMPERATURE (F)   42        31      1974


SUNRISE AND SUNSET
MAY 20 2018...........SUNRISE   452 AM EDT   SUNSET   806 PM EDT
MAY 21 2018...........SUNRISE   450 AM EDT   SUNSET   808 PM EDT


-  INDICATES NEGATIVE NUMBERS.
R  INDICATES RECORD WAS SET OR TIED.
MM INDICATES DATA IS MISSING.
T  INDICATES TRACE AMOUNT.




$$
