000
CDUS41 KCAR 230547
CLICAR


CLIMATE REPORT
NATIONAL WEATHER SERVICE CARIBOU, ME
146 AM EDT WED MAY 23 2018


...................................

...THE CARIBOU ME CLIMATE SUMMARY FOR MAY 22 2018...

CLIMATE NORMAL PERIOD 1981 TO 2010
CLIMATE RECORD PERIOD 1939 TO 2018


WEATHER ITEM   OBSERVED TIME   RECORD YEAR NORMAL DEPARTURE LAST
                VALUE   (LST)  VALUE       VALUE  FROM      YEAR
                                                  NORMAL
..................................................................
TEMPERATURE (F)
 YESTERDAY
  MAXIMUM         76    231 PM  96    1977  65     11       63
  MINIMUM         34    403 AM  31    2007  42     -8       39
  AVERAGE         55                        54      1       51

PRECIPITATION (IN)
  YESTERDAY        T             1.29 1990   0.11  -0.11      T
  MONTH TO DATE    1.47                      2.29  -0.82     3.73
  SINCE MAR 1      8.79                      7.46   1.33    10.31
  SINCE JAN 1     16.29                     12.38   3.91    15.93

SNOWFALL (IN)
  YESTERDAY        0.0           0.6  1990   0.0    0.0      0.0
  MONTH TO DATE    0.0                       0.5   -0.5       T
  SINCE MAR 1     34.9                      26.2    8.7     33.0
  SINCE JUL 1    137.2                     108.7   28.5    129.6
  SNOW DEPTH       0

DEGREE DAYS
 HEATING
  YESTERDAY       10                        12     -2       14
  MONTH TO DATE  291                       332    -41      299
  SINCE MAR 1   2277                      2377   -100     2386
  SINCE JUL 1   8480                      9098   -618     8367

 COOLING
  YESTERDAY        0                         0      0        0
  MONTH TO DATE    0                         0      0        6
  SINCE MAR 1      0                         0      0        6
  SINCE JAN 1      0                         0      0        6
..................................................................


WIND (MPH)
  HIGHEST WIND SPEED    22   HIGHEST WIND DIRECTION    SW (240)
  HIGHEST GUST SPEED    34   HIGHEST GUST DIRECTION    SW (220)
  AVERAGE WIND SPEED     7.7


SKY COVER
  POSSIBLE SUNSHINE  MM
  AVERAGE SKY COVER 0.2


WEATHER CONDITIONS
 THE FOLLOWING WEATHER WAS RECORDED YESTERDAY.
  NO SIGNIFICANT WEATHER WAS OBSERVED.


RELATIVE HUMIDITY (PERCENT)
 HIGHEST    82           400 AM
 LOWEST     25          1200 PM
 AVERAGE    54

..........................................................


THE CARIBOU ME CLIMATE NORMALS FOR TODAY
                         NORMAL    RECORD    YEAR
 MAXIMUM TEMPERATURE (F)   65        95      1977
 MINIMUM TEMPERATURE (F)   43        29      1982


SUNRISE AND SUNSET
MAY 23 2018...........SUNRISE   449 AM EDT   SUNSET   810 PM EDT
MAY 24 2018...........SUNRISE   448 AM EDT   SUNSET   811 PM EDT
-----------------------------------------------------------------------------------------

THE CARIBOU ME 4 INCH UNDER SOD SOIL TEMPERATURE FOR MAY 22 2018

MAXIMUM  MISSING
MINIMUM  50 F

-  INDICATES NEGATIVE NUMBERS.
R  INDICATES RECORD WAS SET OR TIED.
MM INDICATES DATA IS MISSING.
T  INDICATES TRACE AMOUNT.

$$
