000
CDUS41 KCAR 152026
CLICAR


CLIMATE REPORT
NATIONAL WEATHER SERVICE CARIBOU, ME
426 PM EDT SUN APR 15 2018


...................................

...THE CARIBOU ME CLIMATE SUMMARY FOR APRIL 15 2018...
VALID TODAY AS OF 0400 PM LOCAL TIME.

CLIMATE NORMAL PERIOD 1981 TO 2010
CLIMATE RECORD PERIOD 1939 TO 2018


WEATHER ITEM   OBSERVED TIME   RECORD YEAR NORMAL DEPARTURE LAST
                VALUE   (LST)  VALUE       VALUE  FROM      YEAR
                                                  NORMAL
..................................................................
TEMPERATURE (F)
 TODAY
  MAXIMUM         32    259 PM  65    2012  47    -15       61
                                      1994
                                      1987
  MINIMUM         12R   540 AM  13    1981  30    -18       34
  AVERAGE         22                        38    -16       48

PRECIPITATION (IN)
  TODAY            0.00          0.69 1974   0.10  -0.10     0.00
  MONTH TO DATE    1.32                      1.33  -0.01     1.60
  SINCE MAR 1      4.02                      3.84   0.18     4.32
  SINCE JAN 1     11.52                      8.76   2.76     9.94

SNOWFALL (IN)
  TODAY            0.0           1.7  1948   0.3   -0.3      0.0
  MONTH TO DATE    8.7                       5.1    3.6      1.4
  SINCE MAR 1     34.8                      23.4   11.4     25.0
  SINCE JUL 1    137.1                     105.9   31.2    121.6
  SNOW DEPTH      15

DEGREE DAYS
 HEATING
  TODAY           43                        27     16       17
  MONTH TO DATE  546                       454     92      374
  SINCE MAR 1   1663                      1708    -45     1757
  SINCE JUL 1   7866                      8429   -563     7738

 COOLING
  TODAY            0                         0      0        0
  MONTH TO DATE    0                         0      0        0
  SINCE MAR 1      0                         0      0        0
  SINCE JAN 1      0                         0      0        0
..................................................................


WIND (MPH)
  HIGHEST WIND SPEED    14   HIGHEST WIND DIRECTION     N (360)
  HIGHEST GUST SPEED    17   HIGHEST GUST DIRECTION     N (360)
  AVERAGE WIND SPEED     9.0


SKY COVER
  POSSIBLE SUNSHINE  MM
  AVERAGE SKY COVER 0.0


WEATHER CONDITIONS
 THE FOLLOWING WEATHER WAS RECORDED TODAY.
  NO SIGNIFICANT WEATHER WAS OBSERVED.


RELATIVE HUMIDITY (PERCENT)
 HIGHEST    58           400 AM
 LOWEST     30           300 PM
 AVERAGE    44

..........................................................


THE CARIBOU ME CLIMATE NORMALS FOR TOMORROW
                         NORMAL    RECORD    YEAR
 MAXIMUM TEMPERATURE (F)   48        76      2012
 MINIMUM TEMPERATURE (F)   30        11      2003
                                             1981


SUNRISE AND SUNSET
APRIL 15 2018.........SUNRISE   545 AM EDT   SUNSET   720 PM EDT
APRIL 16 2018.........SUNRISE   543 AM EDT   SUNSET   722 PM EDT


-  INDICATES NEGATIVE NUMBERS.
R  INDICATES RECORD WAS SET OR TIED.
MM INDICATES DATA IS MISSING.
T  INDICATES TRACE AMOUNT.




$$
