000
CDUS41 KCAR 132027
CLICAR


CLIMATE REPORT
NATIONAL WEATHER SERVICE CARIBOU, ME
426 PM EDT FRI APR 13 2018


...................................

...THE CARIBOU ME CLIMATE SUMMARY FOR APRIL 13 2018...
VALID TODAY AS OF 0400 PM LOCAL TIME.

CLIMATE NORMAL PERIOD 1981 TO 2010
CLIMATE RECORD PERIOD 1939 TO 2018


WEATHER ITEM   OBSERVED TIME   RECORD YEAR NORMAL DEPARTURE LAST
                VALUE   (LST)  VALUE       VALUE  FROM      YEAR
                                                  NORMAL
..................................................................
TEMPERATURE (F)
 TODAY
  MAXIMUM         47    229 PM  78    1945  46      1       43
  MINIMUM         33    344 AM  10    1992  29      4       37
  AVERAGE         40                        38      2       40

PRECIPITATION (IN)
  TODAY            0.12          1.93 1940   0.09   0.03      T
  MONTH TO DATE    1.32                      1.14   0.18     1.60
  SINCE MAR 1      4.02                      3.65   0.37     4.32
  SINCE JAN 1     11.52                      8.57   2.95     9.94

SNOWFALL (IN)
  TODAY            0.8          10.3  2007   0.3    0.5      0.0
  MONTH TO DATE    8.7                       4.5    4.2      1.4
  SINCE MAR 1     34.8                      22.8   12.0     25.0
  SINCE JUL 1    137.1                     105.3   31.8    121.6
  SNOW DEPTH      17

DEGREE DAYS
 HEATING
  TODAY           25                        28     -3       25
  MONTH TO DATE  466                       400     66      334
  SINCE MAR 1   1583                      1654    -71     1717
  SINCE JUL 1   7786                      8375   -589     7698

 COOLING
  TODAY            0                         0      0        0
  MONTH TO DATE    0                         0      0        0
  SINCE MAR 1      0                         0      0        0
  SINCE JAN 1      0                         0      0        0
..................................................................


WIND (MPH)
  HIGHEST WIND SPEED    16   HIGHEST WIND DIRECTION    NW (330)
  HIGHEST GUST SPEED    21   HIGHEST GUST DIRECTION    NW (330)
  AVERAGE WIND SPEED     7.1


SKY COVER
  POSSIBLE SUNSHINE  MM
  AVERAGE SKY COVER 0.9


WEATHER CONDITIONS
 THE FOLLOWING WEATHER WAS RECORDED TODAY.
  LIGHT SNOW
  FOG


RELATIVE HUMIDITY (PERCENT)
 HIGHEST    89           100 AM
 LOWEST     49           200 PM
 AVERAGE    69

..........................................................


THE CARIBOU ME CLIMATE NORMALS FOR TOMORROW
                         NORMAL    RECORD    YEAR
 MAXIMUM TEMPERATURE (F)   47        67      1968
 MINIMUM TEMPERATURE (F)   29         8      1985


SUNRISE AND SUNSET
APRIL 13 2018.........SUNRISE   548 AM EDT   SUNSET   718 PM EDT
APRIL 14 2018.........SUNRISE   546 AM EDT   SUNSET   719 PM EDT


-  INDICATES NEGATIVE NUMBERS.
R  INDICATES RECORD WAS SET OR TIED.
MM INDICATES DATA IS MISSING.
T  INDICATES TRACE AMOUNT.




$$
