000
CDUS41 KCAR 102028
CLICAR


CLIMATE REPORT
NATIONAL WEATHER SERVICE CARIBOU, ME
427 PM EDT TUE APR 10 2018


...................................

...THE CARIBOU ME CLIMATE SUMMARY FOR APRIL 10 2018...
VALID TODAY AS OF 0400 PM LOCAL TIME.

CLIMATE NORMAL PERIOD 1981 TO 2010
CLIMATE RECORD PERIOD 1939 TO 2018


WEATHER ITEM   OBSERVED TIME   RECORD YEAR NORMAL DEPARTURE LAST
                VALUE   (LST)  VALUE       VALUE  FROM      YEAR
                                                  NORMAL
..................................................................
TEMPERATURE (F)
 TODAY
  MAXIMUM         39    239 PM  74    1945  45     -6       65
  MINIMUM          9    505 AM   4    1977  27    -18       38
  AVERAGE         24                        36    -12       52

PRECIPITATION (IN)
  TODAY            0.00          0.77 1979   0.09  -0.09      T
  MONTH TO DATE    1.18                      0.86   0.32     1.01
  SINCE MAR 1      3.88                      3.37   0.51     3.73
  SINCE JAN 1     11.38                      8.29   3.09     9.35

SNOWFALL (IN)
  TODAY            0.0           7.6  1973   0.3   -0.3      0.0
  MONTH TO DATE    7.8                       3.6    4.2      1.4
  SINCE MAR 1     33.9                      21.9   12.0     25.0
  SINCE JUL 1    136.2                     104.4   31.8    121.6
  SNOW DEPTH      19

DEGREE DAYS
 HEATING
  TODAY           41                        29     12       13
  MONTH TO DATE  378                       315     63      266
  SINCE MAR 1   1495                      1569    -74     1649
  SINCE JUL 1   7698                      8290   -592     7630

 COOLING
  TODAY            0                         0      0        0
  MONTH TO DATE    0                         0      0        0
  SINCE MAR 1      0                         0      0        0
  SINCE JAN 1      0                         0      0        0
..................................................................


WIND (MPH)
  HIGHEST WIND SPEED    12   HIGHEST WIND DIRECTION     W (270)
  HIGHEST GUST SPEED    16   HIGHEST GUST DIRECTION     W (260)
  AVERAGE WIND SPEED     3.6


SKY COVER
  POSSIBLE SUNSHINE  MM
  AVERAGE SKY COVER 0.2


WEATHER CONDITIONS
 THE FOLLOWING WEATHER WAS RECORDED TODAY.
  NO SIGNIFICANT WEATHER WAS OBSERVED.


RELATIVE HUMIDITY (PERCENT)
 HIGHEST    73           400 AM
 LOWEST     29           200 PM
 AVERAGE    51

..........................................................


THE CARIBOU ME CLIMATE NORMALS FOR TOMORROW
                         NORMAL    RECORD    YEAR
 MAXIMUM TEMPERATURE (F)   45        78      1945
 MINIMUM TEMPERATURE (F)   28         8      1977


SUNRISE AND SUNSET
APRIL 10 2018.........SUNRISE   554 AM EDT   SUNSET   714 PM EDT
APRIL 11 2018.........SUNRISE   552 AM EDT   SUNSET   715 PM EDT


-  INDICATES NEGATIVE NUMBERS.
R  INDICATES RECORD WAS SET OR TIED.
MM INDICATES DATA IS MISSING.
T  INDICATES TRACE AMOUNT.




$$
