000
CDUS41 KCAR 100546
CLICAR


CLIMATE REPORT
NATIONAL WEATHER SERVICE CARIBOU, ME
146 AM EDT TUE APR 10 2018


...................................

...THE CARIBOU ME CLIMATE SUMMARY FOR APRIL 9 2018...

CLIMATE NORMAL PERIOD 1981 TO 2010
CLIMATE RECORD PERIOD 1939 TO 2018


WEATHER ITEM   OBSERVED TIME   RECORD YEAR NORMAL DEPARTURE LAST
                VALUE   (LST)  VALUE       VALUE  FROM      YEAR
                                                  NORMAL
..................................................................
TEMPERATURE (F)
 YESTERDAY
  MAXIMUM         29    340 PM  71    1981  44    -15       51
  MINIMUM         13    543 AM  11    1974  27    -14       35
                                      1943
  AVERAGE         21                        35    -14       43

PRECIPITATION (IN)
  YESTERDAY        0.00          0.83 2010   0.09  -0.09     0.00
  MONTH TO DATE    1.18                      0.77   0.41     1.01
  SINCE MAR 1      3.88                      3.28   0.60     3.73
  SINCE JAN 1     11.38                      8.20   3.18     9.35

SNOWFALL (IN)
  YESTERDAY        0.0           5.0  1974   0.3   -0.3      0.0
  MONTH TO DATE    7.8                       3.3    4.5      1.4
  SINCE MAR 1     33.9                      21.6   12.3     25.0
  SINCE JUL 1    136.2                     104.1   32.1    121.6
  SNOW DEPTH      19

DEGREE DAYS
 HEATING
  YESTERDAY       44                        30     14       22
  MONTH TO DATE  337                       286     51      253
  SINCE MAR 1   1454                      1540    -86     1636
  SINCE JUL 1   7657                      8261   -604     7617

 COOLING
  YESTERDAY        0                         0      0        0
  MONTH TO DATE    0                         0      0        0
  SINCE MAR 1      0                         0      0        0
  SINCE JAN 1      0                         0      0        0
..................................................................


WIND (MPH)
  HIGHEST WIND SPEED    25   HIGHEST WIND DIRECTION    NW (310)
  HIGHEST GUST SPEED    33   HIGHEST GUST DIRECTION    NW (310)
  AVERAGE WIND SPEED    11.4


SKY COVER
  POSSIBLE SUNSHINE  MM
  AVERAGE SKY COVER 0.1


WEATHER CONDITIONS
 THE FOLLOWING WEATHER WAS RECORDED YESTERDAY.
  NO SIGNIFICANT WEATHER WAS OBSERVED.


RELATIVE HUMIDITY (PERCENT)
 HIGHEST    64           500 AM
 LOWEST     31           200 PM
 AVERAGE    48

..........................................................


THE CARIBOU ME CLIMATE NORMALS FOR TODAY
                         NORMAL    RECORD    YEAR
 MAXIMUM TEMPERATURE (F)   45        74      1945
 MINIMUM TEMPERATURE (F)   27         4      1977


SUNRISE AND SUNSET
APRIL 10 2018.........SUNRISE   554 AM EDT   SUNSET   714 PM EDT
APRIL 11 2018.........SUNRISE   552 AM EDT   SUNSET   715 PM EDT


-  INDICATES NEGATIVE NUMBERS.
R  INDICATES RECORD WAS SET OR TIED.
MM INDICATES DATA IS MISSING.
T  INDICATES TRACE AMOUNT.




$$
